{"id":9318,"date":"2024-03-01T17:40:39","date_gmt":"2024-03-01T16:40:39","guid":{"rendered":"https:\/\/www.comll.cat\/es\/?post_type=tribe_events&#038;p=9318"},"modified":"2024-03-11T11:34:19","modified_gmt":"2024-03-11T10:34:19","slug":"presentacio-del-llibre-ensenyam-la-llengua","status":"publish","type":"tribe_events","link":"https:\/\/www.comll.cat\/es\/agenda\/presentacio-del-llibre-ensenyam-la-llengua\/","title":{"rendered":"Presentaci\u00f3n del libro \"Ensenya'm la llengua\""},"content":{"rendered":"<p>Continuando con la celebraci\u00f3n del 125 aniversario del Colegio, presentamos el libro <strong>\"Ensenya'm la llengua\" <\/strong>del<strong> Dr. Antoni Beltran<\/strong>, compa\u00f1ero de atenci\u00f3n primaria en Sant Feliu de Gu\u00edxols (Girona).<\/p>\n<p>El <u>viernes 8 de marzo a las 18:30 horas<\/u> de la tarde, nos presentar\u00e1, en el sal\u00f3n de actos del colegio, su libro, que recoge vocabulario popular catal\u00e1n\u00a0relacionado con la salud y\u00a0las enfermedades, escrito con la intenci\u00f3n de recuperar palabras, dichos y expresiones populares que poco a poco van desapareciendo de las consultas.<\/p>\n<p>En el transcurso de este acto realizaremos tambi\u00e9n\u00a0un reconocimiento a los participantes en el programa de <strong>\"Parelles ling\u00fc\u00edstiques\" <\/strong>para el\u00a0aprendizaje del catal\u00e1n, promovido\u00a0desde el COMLL hace unos meses. Daremos la oportunidad a sus participantes de que nos expliquen c\u00f3mo est\u00e1n viviendo esta experiencia, pionera entre los colegios de m\u00e9dicos de Catalunya.<\/p>\n<p>&nbsp;<\/p>\n<p>&nbsp;<\/p>\n","protected":false},"excerpt":{"rendered":"<p>Continuando con la celebraci\u00f3n del 125 aniversario del Colegio, presentamos el libro \"Ensenya'm la llengua\" del Dr. Antoni Beltran, compa\u00f1ero...<\/p>\n","protected":false},"author":4,"featured_media":9319,"template":"","meta":{"_acf_changed":false,"inline_featured_image":false,"_tribe_events_status":"","_tribe_events_status_reason":"","_tribe_events_is_hybrid":"","_tribe_events_is_virtual":"","_tribe_events_virtual_video_source":"","_tribe_events_virtual_embed_video":"","_tribe_events_virtual_linked_button_text":"","_tribe_events_virtual_linked_button":"","_tribe_events_virtual_show_embed_at":"","_tribe_events_virtual_show_embed_to":[],"_tribe_events_virtual_show_on_event":"","_tribe_events_virtual_show_on_views":"","_tribe_events_virtual_url":"","footnotes":""},"tags":[],"tribe_events_cat":[152],"class_list":["post-9318","tribe_events","type-tribe_events","status-publish","has-post-thumbnail","hentry","tribe_events_cat-destacado","cat_destacado"],"acf":[],"yoast_head":"<!-- This site is optimized with the Yoast SEO plugin v27.5 - https:\/\/yoast.com\/product\/yoast-seo-wordpress\/ -->\n<title>Presentaci\u00f3n del libro &quot;Ensenya&#039;m la llengua&quot; - Col\u00b7legi Oficial de Metges de Lleida<\/title>\n<meta name=\"robots\" content=\"index, follow, max-snippet:-1, max-image-preview:large, max-video-preview:-1\" \/>\n<link rel=\"canonical\" href=\"https:\/\/www.comll.cat\/es\/agenda\/presentacio-del-llibre-ensenyam-la-llengua\/\" \/>\n<meta property=\"og:locale\" content=\"es_ES\" \/>\n<meta property=\"og:type\" content=\"article\" \/>\n<meta property=\"og:title\" content=\"Presentaci\u00f3n del libro &quot;Ensenya&#039;m la llengua&quot; - Col\u00b7legi Oficial de Metges de Lleida\" \/>\n<meta property=\"og:description\" content=\"Continuando con la celebraci\u00f3n del 125 aniversario del Colegio, presentamos el libro &quot;Ensenya&#039;m la llengua&quot; del Dr. Antoni Beltran, compa\u00f1ero...\" \/>\n<meta property=\"og:url\" content=\"https:\/\/www.comll.cat\/es\/agenda\/presentacio-del-llibre-ensenyam-la-llengua\/\" \/>\n<meta property=\"og:site_name\" content=\"Col\u00b7legi Oficial de Metges de Lleida\" \/>\n<meta property=\"article:modified_time\" content=\"2024-03-11T10:34:19+00:00\" \/>\n<meta property=\"og:image\" content=\"https:\/\/www.comll.cat\/es\/wp-content\/uploads\/sites\/3\/llengua.png\" \/>\n\t<meta property=\"og:image:width\" content=\"1120\" \/>\n\t<meta property=\"og:image:height\" content=\"630\" \/>\n\t<meta property=\"og:image:type\" content=\"image\/png\" \/>\n<meta name=\"twitter:card\" content=\"summary_large_image\" \/>\n<script type=\"application\/ld+json\" class=\"yoast-schema-graph\">{\"@context\":\"https:\\\/\\\/schema.org\",\"@graph\":[{\"@type\":\"WebPage\",\"@id\":\"https:\\\/\\\/www.comll.cat\\\/es\\\/agenda\\\/presentacio-del-llibre-ensenyam-la-llengua\\\/\",\"url\":\"https:\\\/\\\/www.comll.cat\\\/es\\\/agenda\\\/presentacio-del-llibre-ensenyam-la-llengua\\\/\",\"name\":\"Presentaci\u00f3n del libro \\\"Ensenya'm la llengua\\\" - Col\u00b7legi Oficial de Metges de Lleida\",\"isPartOf\":{\"@id\":\"https:\\\/\\\/www.comll.cat\\\/es\\\/#website\"},\"primaryImageOfPage\":{\"@id\":\"https:\\\/\\\/www.comll.cat\\\/es\\\/agenda\\\/presentacio-del-llibre-ensenyam-la-llengua\\\/#primaryimage\"},\"image\":{\"@id\":\"https:\\\/\\\/www.comll.cat\\\/es\\\/agenda\\\/presentacio-del-llibre-ensenyam-la-llengua\\\/#primaryimage\"},\"thumbnailUrl\":\"https:\\\/\\\/www.comll.cat\\\/es\\\/wp-content\\\/uploads\\\/sites\\\/3\\\/llengua.png\",\"datePublished\":\"2024-03-01T16:40:39+00:00\",\"dateModified\":\"2024-03-11T10:34:19+00:00\",\"breadcrumb\":{\"@id\":\"https:\\\/\\\/www.comll.cat\\\/es\\\/agenda\\\/presentacio-del-llibre-ensenyam-la-llengua\\\/#breadcrumb\"},\"inLanguage\":\"es\",\"potentialAction\":[{\"@type\":\"ReadAction\",\"target\":[\"https:\\\/\\\/www.comll.cat\\\/es\\\/agenda\\\/presentacio-del-llibre-ensenyam-la-llengua\\\/\"]}]},{\"@type\":\"ImageObject\",\"inLanguage\":\"es\",\"@id\":\"https:\\\/\\\/www.comll.cat\\\/es\\\/agenda\\\/presentacio-del-llibre-ensenyam-la-llengua\\\/#primaryimage\",\"url\":\"https:\\\/\\\/www.comll.cat\\\/es\\\/wp-content\\\/uploads\\\/sites\\\/3\\\/llengua.png\",\"contentUrl\":\"https:\\\/\\\/www.comll.cat\\\/es\\\/wp-content\\\/uploads\\\/sites\\\/3\\\/llengua.png\",\"width\":1120,\"height\":630},{\"@type\":\"BreadcrumbList\",\"@id\":\"https:\\\/\\\/www.comll.cat\\\/es\\\/agenda\\\/presentacio-del-llibre-ensenyam-la-llengua\\\/#breadcrumb\",\"itemListElement\":[{\"@type\":\"ListItem\",\"position\":1,\"name\":\"Portada\",\"item\":\"https:\\\/\\\/www.comll.cat\\\/es\\\/\"},{\"@type\":\"ListItem\",\"position\":2,\"name\":\"Eventos\",\"item\":\"https:\\\/\\\/www.comll.cat\\\/es\\\/agenda-c\\\/\"},{\"@type\":\"ListItem\",\"position\":3,\"name\":\"Presentaci\u00f3n del libro \\\"Ensenya'm la llengua\\\"\"}]},{\"@type\":\"WebSite\",\"@id\":\"https:\\\/\\\/www.comll.cat\\\/es\\\/#website\",\"url\":\"https:\\\/\\\/www.comll.cat\\\/es\\\/\",\"name\":\"Col\u00b7legi Oficial de Metges de Lleida\",\"description\":\"COMLL\",\"potentialAction\":[{\"@type\":\"SearchAction\",\"target\":{\"@type\":\"EntryPoint\",\"urlTemplate\":\"https:\\\/\\\/www.comll.cat\\\/es\\\/?s={search_term_string}\"},\"query-input\":{\"@type\":\"PropertyValueSpecification\",\"valueRequired\":true,\"valueName\":\"search_term_string\"}}],\"inLanguage\":\"es\"}]}<\/script>\n<!-- \/ Yoast SEO plugin. -->","yoast_head_json":{"title":"Presentaci\u00f3n del libro \"Ensenya'm la llengua\" - Col\u00b7legi Oficial de Metges de Lleida","robots":{"index":"index","follow":"follow","max-snippet":"max-snippet:-1","max-image-preview":"max-image-preview:large","max-video-preview":"max-video-preview:-1"},"canonical":"https:\/\/www.comll.cat\/es\/agenda\/presentacio-del-llibre-ensenyam-la-llengua\/","og_locale":"es_ES","og_type":"article","og_title":"Presentaci\u00f3n del libro \"Ensenya'm la llengua\" - Col\u00b7legi Oficial de Metges de Lleida","og_description":"Continuando con la celebraci\u00f3n del 125 aniversario del Colegio, presentamos el libro \"Ensenya'm la llengua\" del Dr. Antoni Beltran, compa\u00f1ero...","og_url":"https:\/\/www.comll.cat\/es\/agenda\/presentacio-del-llibre-ensenyam-la-llengua\/","og_site_name":"Col\u00b7legi Oficial de Metges de Lleida","article_modified_time":"2024-03-11T10:34:19+00:00","og_image":[{"width":1120,"height":630,"url":"https:\/\/www.comll.cat\/es\/wp-content\/uploads\/sites\/3\/llengua.png","type":"image\/png"}],"twitter_card":"summary_large_image","schema":{"@context":"https:\/\/schema.org","@graph":[{"@type":"WebPage","@id":"https:\/\/www.comll.cat\/es\/agenda\/presentacio-del-llibre-ensenyam-la-llengua\/","url":"https:\/\/www.comll.cat\/es\/agenda\/presentacio-del-llibre-ensenyam-la-llengua\/","name":"Presentaci\u00f3n del libro \"Ensenya'm la llengua\" - Col\u00b7legi Oficial de Metges de Lleida","isPartOf":{"@id":"https:\/\/www.comll.cat\/es\/#website"},"primaryImageOfPage":{"@id":"https:\/\/www.comll.cat\/es\/agenda\/presentacio-del-llibre-ensenyam-la-llengua\/#primaryimage"},"image":{"@id":"https:\/\/www.comll.cat\/es\/agenda\/presentacio-del-llibre-ensenyam-la-llengua\/#primaryimage"},"thumbnailUrl":"https:\/\/www.comll.cat\/es\/wp-content\/uploads\/sites\/3\/llengua.png","datePublished":"2024-03-01T16:40:39+00:00","dateModified":"2024-03-11T10:34:19+00:00","breadcrumb":{"@id":"https:\/\/www.comll.cat\/es\/agenda\/presentacio-del-llibre-ensenyam-la-llengua\/#breadcrumb"},"inLanguage":"es","potentialAction":[{"@type":"ReadAction","target":["https:\/\/www.comll.cat\/es\/agenda\/presentacio-del-llibre-ensenyam-la-llengua\/"]}]},{"@type":"ImageObject","inLanguage":"es","@id":"https:\/\/www.comll.cat\/es\/agenda\/presentacio-del-llibre-ensenyam-la-llengua\/#primaryimage","url":"https:\/\/www.comll.cat\/es\/wp-content\/uploads\/sites\/3\/llengua.png","contentUrl":"https:\/\/www.comll.cat\/es\/wp-content\/uploads\/sites\/3\/llengua.png","width":1120,"height":630},{"@type":"BreadcrumbList","@id":"https:\/\/www.comll.cat\/es\/agenda\/presentacio-del-llibre-ensenyam-la-llengua\/#breadcrumb","itemListElement":[{"@type":"ListItem","position":1,"name":"Portada","item":"https:\/\/www.comll.cat\/es\/"},{"@type":"ListItem","position":2,"name":"Eventos","item":"https:\/\/www.comll.cat\/es\/agenda-c\/"},{"@type":"ListItem","position":3,"name":"Presentaci\u00f3n del libro \"Ensenya'm la llengua\""}]},{"@type":"WebSite","@id":"https:\/\/www.comll.cat\/es\/#website","url":"https:\/\/www.comll.cat\/es\/","name":"Col\u00b7legi Oficial de Metges de Lleida","description":"COMLL","potentialAction":[{"@type":"SearchAction","target":{"@type":"EntryPoint","urlTemplate":"https:\/\/www.comll.cat\/es\/?s={search_term_string}"},"query-input":{"@type":"PropertyValueSpecification","valueRequired":true,"valueName":"search_term_string"}}],"inLanguage":"es"}]}},"publishpress_future_workflow_manual_trigger":{"enabledWorkflows":[]},"_links":{"self":[{"href":"https:\/\/www.comll.cat\/es\/wp-json\/wp\/v2\/tribe_events\/9318","targetHints":{"allow":["GET"]}}],"collection":[{"href":"https:\/\/www.comll.cat\/es\/wp-json\/wp\/v2\/tribe_events"}],"about":[{"href":"https:\/\/www.comll.cat\/es\/wp-json\/wp\/v2\/types\/tribe_events"}],"author":[{"embeddable":true,"href":"https:\/\/www.comll.cat\/es\/wp-json\/wp\/v2\/users\/4"}],"version-history":[{"count":3,"href":"https:\/\/www.comll.cat\/es\/wp-json\/wp\/v2\/tribe_events\/9318\/revisions"}],"predecessor-version":[{"id":9376,"href":"https:\/\/www.comll.cat\/es\/wp-json\/wp\/v2\/tribe_events\/9318\/revisions\/9376"}],"wp:featuredmedia":[{"embeddable":true,"href":"https:\/\/www.comll.cat\/es\/wp-json\/wp\/v2\/media\/9319"}],"wp:attachment":[{"href":"https:\/\/www.comll.cat\/es\/wp-json\/wp\/v2\/media?parent=9318"}],"wp:term":[{"taxonomy":"post_tag","embeddable":true,"href":"https:\/\/www.comll.cat\/es\/wp-json\/wp\/v2\/tags?post=9318"},{"taxonomy":"tribe_events_cat","embeddable":true,"href":"https:\/\/www.comll.cat\/es\/wp-json\/wp\/v2\/tribe_events_cat?post=9318"}],"curies":[{"name":"wp","href":"https:\/\/api.w.org\/{rel}","templated":true}]}}

Presentación del libro "Ensenya'm la llengua"

<p>Continuando con la celebración del 125 aniversario del Colegio, presentamos el libro <strong>"Ensenya'm la llengua" </strong>del<strong> Dr. Antoni Beltran</strong>, compañero de atención primaria en Sant Feliu de Guíxols (Girona).</p>
<p>El <u>viernes 8 de marzo a las 18:30 horas</u> de la tarde, nos presentará, en el salón de actos del colegio, su libro, que recoge vocabulario popular catalán relacionado con la salud y las enfermedades, escrito con la intención de recuperar palabras, dichos y expresiones populares que poco a poco van desapareciendo de las consultas.</p>
<p>En el transcurso de este acto realizaremos también un reconocimiento a los participantes en el programa de <strong>"Parelles lingüístiques" </strong>para el aprendizaje del catalán, promovido desde el COMLL hace unos meses. Daremos la oportunidad a sus participantes de que nos expliquen cómo están viviendo esta experiencia, pionera entre los colegios de médicos de Catalunya.</p>
<p>&nbsp;</p>
<p>&nbsp;</p>

<p>Continuando con la celebración del 125 aniversario del Colegio, presentamos el libro "Ensenya'm la llengua" del Dr. Antoni Beltran, compañero...</p>

<!-- This site is optimized with the Yoast SEO plugin v27.5 - https://yoast.com/product/yoast-seo-wordpress/ -->
<title>Presentación del libro &quot;Ensenya&#039;m la llengua&quot; - Col·legi Oficial de Metges de Lleida</title>
<meta name="robots" content="index, follow, max-snippet:-1, max-image-preview:large, max-video-preview:-1" />
<link rel="canonical" href="https://www.comll.cat/es/agenda/presentacio-del-llibre-ensenyam-la-llengua/" />
<meta property="og:locale" content="es_ES" />
<meta property="og:type" content="article" />
<meta property="og:title" content="Presentación del libro &quot;Ensenya&#039;m la llengua&quot; - Col·legi Oficial de Metges de Lleida" />
<meta property="og:description" content="Continuando con la celebración del 125 aniversario del Colegio, presentamos el libro &quot;Ensenya&#039;m la llengua&quot; del Dr. Antoni Beltran, compañero..." />
<meta property="og:url" content="https://www.comll.cat/es/agenda/presentacio-del-llibre-ensenyam-la-llengua/" />
<meta property="og:site_name" content="Col·legi Oficial de Metges de Lleida" />
<meta property="article:modified_time" content="2024-03-11T10:34:19+00:00" />
<meta property="og:image" content="https://www.comll.cat/es/wp-content/uploads/sites/3/llengua.png" />
	<meta property="og:image:width" content="1120" />
	<meta property="og:image:height" content="630" />
	<meta property="og:image:type" content="image/png" />
<meta name="twitter:card" content="summary_large_image" />
<script type="application/ld+json" class="yoast-schema-graph">{"@context":"https:\/\/schema.org","@graph":[{"@type":"WebPage","@id":"https:\/\/www.comll.cat\/es\/agenda\/presentacio-del-llibre-ensenyam-la-llengua\/","url":"https:\/\/www.comll.cat\/es\/agenda\/presentacio-del-llibre-ensenyam-la-llengua\/","name":"Presentación del libro \"Ensenya'm la llengua\" - Col·legi Oficial de Metges de Lleida","isPartOf":{"@id":"https:\/\/www.comll.cat\/es\/#website"},"primaryImageOfPage":{"@id":"https:\/\/www.comll.cat\/es\/agenda\/presentacio-del-llibre-ensenyam-la-llengua\/#primaryimage"},"image":{"@id":"https:\/\/www.comll.cat\/es\/agenda\/presentacio-del-llibre-ensenyam-la-llengua\/#primaryimage"},"thumbnailUrl":"https:\/\/www.comll.cat\/es\/wp-content\/uploads\/sites\/3\/llengua.png","datePublished":"2024-03-01T16:40:39+00:00","dateModified":"2024-03-11T10:34:19+00:00","breadcrumb":{"@id":"https:\/\/www.comll.cat\/es\/agenda\/presentacio-del-llibre-ensenyam-la-llengua\/#breadcrumb"},"inLanguage":"es","potentialAction":[{"@type":"ReadAction","target":["https:\/\/www.comll.cat\/es\/agenda\/presentacio-del-llibre-ensenyam-la-llengua\/"]}]},{"@type":"ImageObject","inLanguage":"es","@id":"https:\/\/www.comll.cat\/es\/agenda\/presentacio-del-llibre-ensenyam-la-llengua\/#primaryimage","url":"https:\/\/www.comll.cat\/es\/wp-content\/uploads\/sites\/3\/llengua.png","contentUrl":"https:\/\/www.comll.cat\/es\/wp-content\/uploads\/sites\/3\/llengua.png","width":1120,"height":630},{"@type":"BreadcrumbList","@id":"https:\/\/www.comll.cat\/es\/agenda\/presentacio-del-llibre-ensenyam-la-llengua\/#breadcrumb","itemListElement":[{"@type":"ListItem","position":1,"name":"Portada","item":"https:\/\/www.comll.cat\/es\/"},{"@type":"ListItem","position":2,"name":"Eventos","item":"https:\/\/www.comll.cat\/es\/agenda-c\/"},{"@type":"ListItem","position":3,"name":"Presentación del libro \"Ensenya'm la llengua\""}]},{"@type":"WebSite","@id":"https:\/\/www.comll.cat\/es\/#website","url":"https:\/\/www.comll.cat\/es\/","name":"Col·legi Oficial de Metges de Lleida","description":"COMLL","potentialAction":[{"@type":"SearchAction","target":{"@type":"EntryPoint","urlTemplate":"https:\/\/www.comll.cat\/es\/?s={search_term_string}"},"query-input":{"@type":"PropertyValueSpecification","valueRequired":true,"valueName":"search_term_string"}}],"inLanguage":"es"}]}</script>
<!-- / Yoast SEO plugin. -->

Presentación del libro "Ensenya'm la llengua" - Col·legi Oficial de Metges de Lleida

Continuando con la celebración del 125 aniversario del Colegio, presentamos el libro "Ensenya'm la llengua" del Dr. Antoni Beltran, compañero...
