{"id":8157,"date":"2023-08-29T13:08:51","date_gmt":"2023-08-29T11:08:51","guid":{"rendered":"https:\/\/www.comll.cat\/es\/?post_type=tribe_events&#038;p=8157"},"modified":"2023-08-29T13:08:51","modified_gmt":"2023-08-29T11:08:51","slug":"jornada-internacional-del-comll","status":"publish","type":"tribe_events","link":"https:\/\/www.comll.cat\/es\/agenda\/jornada-internacional-del-comll\/","title":{"rendered":"Jornada Internacional del COMLL"},"content":{"rendered":"<p>Dentro de la <strong>programaci\u00f3n de actos de celebraci\u00f3n del 125 aniversario del Colegio<\/strong>, hemos querido\u00a0dedicar una jornada\u00a0a los colegiados que han dejado sus pa\u00edses de origen y se han integrado en nuestra sociedad, para que nos expliquen en primera persona c\u00f3mo se vive ese proceso y\u00a0qu\u00e9 podemos hacer entre todos para mejorarlo.<\/p>\n<p>Alrededor del 10% de nuestros colegiados son de nacionalidad extranjera. \u00bfSaben de d\u00f3nde proceden mayoritariamente?\u00a0\u00bfCu\u00e1les son las razones por las que han escogido nuestro pa\u00eds y\u00a0qu\u00e9 tr\u00e1mites deben seguir para trabajar como m\u00e9dicos aqu\u00ed?<\/p>\n<p>Por ello, <strong><u>el pr\u00f3ximo d\u00eda 14 de septiembre<\/u><\/strong><u> se celebra una mesa redonda<\/u> alrededor de este tema con la participaci\u00f3n de los siguientes invitados:<\/p>\n<ul>\n<li>Dra. Aleksandra Cetnarowska,<\/li>\n<li>Dr. Juan Pedro Lafuente Gonz\u00e1lez,<\/li>\n<li>Dra. Carmen Pirela Uzcategui i<\/li>\n<li>Dr. Dakitche Houedakor<\/li>\n<\/ul>\n<p><strong><u>Este acto tendr\u00e1 lugar en el espacio\u00a0<a href=\"https:\/\/romeuprenafeta.us10.list-manage.com\/track\/click?u=7b1eb52d1a5533be975366efe&amp;id=86146cd77b&amp;e=a1b0e8761c\">Bang Bang Open Space<\/a>, situado en la calle Pallars, 3 de Lleida a partir de les 19:00 horas.<\/u><\/strong><\/p>\n<p>Al finalizar la mesa redonda, se ofrecer\u00e1 un peque\u00f1o refrigerio a los colegiados asistentes.<\/p>\n<p>Por motivos organizativos, rogamos que los interesados confirmen su asistencia <a href=\"https:\/\/forms.gle\/ZMAZ2Wb7JFRXhdb79\"><strong>aqu\u00ed<\/strong><\/a><\/p>\n","protected":false},"excerpt":{"rendered":"<p>Dentro de la programaci\u00f3n de actos de celebraci\u00f3n del 125 aniversario del Colegio, hemos querido\u00a0dedicar una jornada\u00a0a los colegiados que...<\/p>\n","protected":false},"author":4,"featured_media":8158,"template":"","meta":{"_acf_changed":false,"inline_featured_image":false,"_tribe_events_status":"","_tribe_events_status_reason":"","_tribe_events_is_hybrid":"","_tribe_events_is_virtual":"","_tribe_events_virtual_video_source":"","_tribe_events_virtual_embed_video":"","_tribe_events_virtual_linked_button_text":"","_tribe_events_virtual_linked_button":"","_tribe_events_virtual_show_embed_at":"","_tribe_events_virtual_show_embed_to":[],"_tribe_events_virtual_show_on_event":"","_tribe_events_virtual_show_on_views":"","_tribe_events_virtual_url":"","footnotes":""},"tags":[],"tribe_events_cat":[152],"class_list":["post-8157","tribe_events","type-tribe_events","status-publish","has-post-thumbnail","hentry","tribe_events_cat-destacado","cat_destacado"],"acf":[],"yoast_head":"<!-- This site is optimized with the Yoast SEO plugin v27.5 - https:\/\/yoast.com\/product\/yoast-seo-wordpress\/ -->\n<title>Jornada Internacional del COMLL - Col\u00b7legi Oficial de Metges de Lleida<\/title>\n<meta name=\"robots\" content=\"index, follow, max-snippet:-1, max-image-preview:large, max-video-preview:-1\" \/>\n<link rel=\"canonical\" href=\"https:\/\/www.comll.cat\/es\/agenda\/jornada-internacional-del-comll\/\" \/>\n<meta property=\"og:locale\" content=\"es_ES\" \/>\n<meta property=\"og:type\" content=\"article\" \/>\n<meta property=\"og:title\" content=\"Jornada Internacional del COMLL - Col\u00b7legi Oficial de Metges de Lleida\" \/>\n<meta property=\"og:description\" content=\"Dentro de la programaci\u00f3n de actos de celebraci\u00f3n del 125 aniversario del Colegio, hemos querido\u00a0dedicar una jornada\u00a0a los colegiados que...\" \/>\n<meta property=\"og:url\" content=\"https:\/\/www.comll.cat\/es\/agenda\/jornada-internacional-del-comll\/\" \/>\n<meta property=\"og:site_name\" content=\"Col\u00b7legi Oficial de Metges de Lleida\" \/>\n<meta property=\"og:image\" content=\"https:\/\/www.comll.cat\/es\/wp-content\/uploads\/sites\/3\/jornada-internacional-web.png\" \/>\n\t<meta property=\"og:image:width\" content=\"877\" \/>\n\t<meta property=\"og:image:height\" content=\"493\" \/>\n\t<meta property=\"og:image:type\" content=\"image\/png\" \/>\n<meta name=\"twitter:card\" content=\"summary_large_image\" \/>\n<script type=\"application\/ld+json\" class=\"yoast-schema-graph\">{\"@context\":\"https:\\\/\\\/schema.org\",\"@graph\":[{\"@type\":\"WebPage\",\"@id\":\"https:\\\/\\\/www.comll.cat\\\/es\\\/agenda\\\/jornada-internacional-del-comll\\\/\",\"url\":\"https:\\\/\\\/www.comll.cat\\\/es\\\/agenda\\\/jornada-internacional-del-comll\\\/\",\"name\":\"Jornada Internacional del COMLL - Col\u00b7legi Oficial de Metges de Lleida\",\"isPartOf\":{\"@id\":\"https:\\\/\\\/www.comll.cat\\\/es\\\/#website\"},\"primaryImageOfPage\":{\"@id\":\"https:\\\/\\\/www.comll.cat\\\/es\\\/agenda\\\/jornada-internacional-del-comll\\\/#primaryimage\"},\"image\":{\"@id\":\"https:\\\/\\\/www.comll.cat\\\/es\\\/agenda\\\/jornada-internacional-del-comll\\\/#primaryimage\"},\"thumbnailUrl\":\"https:\\\/\\\/www.comll.cat\\\/es\\\/wp-content\\\/uploads\\\/sites\\\/3\\\/jornada-internacional-web.png\",\"datePublished\":\"2023-08-29T11:08:51+00:00\",\"breadcrumb\":{\"@id\":\"https:\\\/\\\/www.comll.cat\\\/es\\\/agenda\\\/jornada-internacional-del-comll\\\/#breadcrumb\"},\"inLanguage\":\"es\",\"potentialAction\":[{\"@type\":\"ReadAction\",\"target\":[\"https:\\\/\\\/www.comll.cat\\\/es\\\/agenda\\\/jornada-internacional-del-comll\\\/\"]}]},{\"@type\":\"ImageObject\",\"inLanguage\":\"es\",\"@id\":\"https:\\\/\\\/www.comll.cat\\\/es\\\/agenda\\\/jornada-internacional-del-comll\\\/#primaryimage\",\"url\":\"https:\\\/\\\/www.comll.cat\\\/es\\\/wp-content\\\/uploads\\\/sites\\\/3\\\/jornada-internacional-web.png\",\"contentUrl\":\"https:\\\/\\\/www.comll.cat\\\/es\\\/wp-content\\\/uploads\\\/sites\\\/3\\\/jornada-internacional-web.png\",\"width\":877,\"height\":493},{\"@type\":\"BreadcrumbList\",\"@id\":\"https:\\\/\\\/www.comll.cat\\\/es\\\/agenda\\\/jornada-internacional-del-comll\\\/#breadcrumb\",\"itemListElement\":[{\"@type\":\"ListItem\",\"position\":1,\"name\":\"Portada\",\"item\":\"https:\\\/\\\/www.comll.cat\\\/es\\\/\"},{\"@type\":\"ListItem\",\"position\":2,\"name\":\"Eventos\",\"item\":\"https:\\\/\\\/www.comll.cat\\\/es\\\/agenda-c\\\/\"},{\"@type\":\"ListItem\",\"position\":3,\"name\":\"Jornada Internacional del COMLL\"}]},{\"@type\":\"WebSite\",\"@id\":\"https:\\\/\\\/www.comll.cat\\\/es\\\/#website\",\"url\":\"https:\\\/\\\/www.comll.cat\\\/es\\\/\",\"name\":\"Col\u00b7legi Oficial de Metges de Lleida\",\"description\":\"COMLL\",\"potentialAction\":[{\"@type\":\"SearchAction\",\"target\":{\"@type\":\"EntryPoint\",\"urlTemplate\":\"https:\\\/\\\/www.comll.cat\\\/es\\\/?s={search_term_string}\"},\"query-input\":{\"@type\":\"PropertyValueSpecification\",\"valueRequired\":true,\"valueName\":\"search_term_string\"}}],\"inLanguage\":\"es\"}]}<\/script>\n<!-- \/ Yoast SEO plugin. -->","yoast_head_json":{"title":"Jornada Internacional del COMLL - Col\u00b7legi Oficial de Metges de Lleida","robots":{"index":"index","follow":"follow","max-snippet":"max-snippet:-1","max-image-preview":"max-image-preview:large","max-video-preview":"max-video-preview:-1"},"canonical":"https:\/\/www.comll.cat\/es\/agenda\/jornada-internacional-del-comll\/","og_locale":"es_ES","og_type":"article","og_title":"Jornada Internacional del COMLL - Col\u00b7legi Oficial de Metges de Lleida","og_description":"Dentro de la programaci\u00f3n de actos de celebraci\u00f3n del 125 aniversario del Colegio, hemos querido\u00a0dedicar una jornada\u00a0a los colegiados que...","og_url":"https:\/\/www.comll.cat\/es\/agenda\/jornada-internacional-del-comll\/","og_site_name":"Col\u00b7legi Oficial de Metges de Lleida","og_image":[{"width":877,"height":493,"url":"https:\/\/www.comll.cat\/es\/wp-content\/uploads\/sites\/3\/jornada-internacional-web.png","type":"image\/png"}],"twitter_card":"summary_large_image","schema":{"@context":"https:\/\/schema.org","@graph":[{"@type":"WebPage","@id":"https:\/\/www.comll.cat\/es\/agenda\/jornada-internacional-del-comll\/","url":"https:\/\/www.comll.cat\/es\/agenda\/jornada-internacional-del-comll\/","name":"Jornada Internacional del COMLL - Col\u00b7legi Oficial de Metges de Lleida","isPartOf":{"@id":"https:\/\/www.comll.cat\/es\/#website"},"primaryImageOfPage":{"@id":"https:\/\/www.comll.cat\/es\/agenda\/jornada-internacional-del-comll\/#primaryimage"},"image":{"@id":"https:\/\/www.comll.cat\/es\/agenda\/jornada-internacional-del-comll\/#primaryimage"},"thumbnailUrl":"https:\/\/www.comll.cat\/es\/wp-content\/uploads\/sites\/3\/jornada-internacional-web.png","datePublished":"2023-08-29T11:08:51+00:00","breadcrumb":{"@id":"https:\/\/www.comll.cat\/es\/agenda\/jornada-internacional-del-comll\/#breadcrumb"},"inLanguage":"es","potentialAction":[{"@type":"ReadAction","target":["https:\/\/www.comll.cat\/es\/agenda\/jornada-internacional-del-comll\/"]}]},{"@type":"ImageObject","inLanguage":"es","@id":"https:\/\/www.comll.cat\/es\/agenda\/jornada-internacional-del-comll\/#primaryimage","url":"https:\/\/www.comll.cat\/es\/wp-content\/uploads\/sites\/3\/jornada-internacional-web.png","contentUrl":"https:\/\/www.comll.cat\/es\/wp-content\/uploads\/sites\/3\/jornada-internacional-web.png","width":877,"height":493},{"@type":"BreadcrumbList","@id":"https:\/\/www.comll.cat\/es\/agenda\/jornada-internacional-del-comll\/#breadcrumb","itemListElement":[{"@type":"ListItem","position":1,"name":"Portada","item":"https:\/\/www.comll.cat\/es\/"},{"@type":"ListItem","position":2,"name":"Eventos","item":"https:\/\/www.comll.cat\/es\/agenda-c\/"},{"@type":"ListItem","position":3,"name":"Jornada Internacional del COMLL"}]},{"@type":"WebSite","@id":"https:\/\/www.comll.cat\/es\/#website","url":"https:\/\/www.comll.cat\/es\/","name":"Col\u00b7legi Oficial de Metges de Lleida","description":"COMLL","potentialAction":[{"@type":"SearchAction","target":{"@type":"EntryPoint","urlTemplate":"https:\/\/www.comll.cat\/es\/?s={search_term_string}"},"query-input":{"@type":"PropertyValueSpecification","valueRequired":true,"valueName":"search_term_string"}}],"inLanguage":"es"}]}},"publishpress_future_workflow_manual_trigger":{"enabledWorkflows":[]},"_links":{"self":[{"href":"https:\/\/www.comll.cat\/es\/wp-json\/wp\/v2\/tribe_events\/8157","targetHints":{"allow":["GET"]}}],"collection":[{"href":"https:\/\/www.comll.cat\/es\/wp-json\/wp\/v2\/tribe_events"}],"about":[{"href":"https:\/\/www.comll.cat\/es\/wp-json\/wp\/v2\/types\/tribe_events"}],"author":[{"embeddable":true,"href":"https:\/\/www.comll.cat\/es\/wp-json\/wp\/v2\/users\/4"}],"version-history":[{"count":1,"href":"https:\/\/www.comll.cat\/es\/wp-json\/wp\/v2\/tribe_events\/8157\/revisions"}],"predecessor-version":[{"id":8159,"href":"https:\/\/www.comll.cat\/es\/wp-json\/wp\/v2\/tribe_events\/8157\/revisions\/8159"}],"wp:featuredmedia":[{"embeddable":true,"href":"https:\/\/www.comll.cat\/es\/wp-json\/wp\/v2\/media\/8158"}],"wp:attachment":[{"href":"https:\/\/www.comll.cat\/es\/wp-json\/wp\/v2\/media?parent=8157"}],"wp:term":[{"taxonomy":"post_tag","embeddable":true,"href":"https:\/\/www.comll.cat\/es\/wp-json\/wp\/v2\/tags?post=8157"},{"taxonomy":"tribe_events_cat","embeddable":true,"href":"https:\/\/www.comll.cat\/es\/wp-json\/wp\/v2\/tribe_events_cat?post=8157"}],"curies":[{"name":"wp","href":"https:\/\/api.w.org\/{rel}","templated":true}]}}

<p>Dentro de la <strong>programación de actos de celebración del 125 aniversario del Colegio</strong>, hemos querido dedicar una jornada a los colegiados que han dejado sus países de origen y se han integrado en nuestra sociedad, para que nos expliquen en primera persona cómo se vive ese proceso y qué podemos hacer entre todos para mejorarlo.</p>
<p>Alrededor del 10% de nuestros colegiados son de nacionalidad extranjera. ¿Saben de dónde proceden mayoritariamente? ¿Cuáles son las razones por las que han escogido nuestro país y qué trámites deben seguir para trabajar como médicos aquí?</p>
<p>Por ello, <strong><u>el próximo día 14 de septiembre</u></strong><u> se celebra una mesa redonda</u> alrededor de este tema con la participación de los siguientes invitados:</p>
<ul>
<li>Dra. Aleksandra Cetnarowska,</li>
<li>Dr. Juan Pedro Lafuente González,</li>
<li>Dra. Carmen Pirela Uzcategui i</li>
<li>Dr. Dakitche Houedakor</li>
</ul>
<p><strong><u>Este acto tendrá lugar en el espacio <a href="https://romeuprenafeta.us10.list-manage.com/track/click?u=7b1eb52d1a5533be975366efe&amp;id=86146cd77b&amp;e=a1b0e8761c">Bang Bang Open Space</a>, situado en la calle Pallars, 3 de Lleida a partir de les 19:00 horas.</u></strong></p>
<p>Al finalizar la mesa redonda, se ofrecerá un pequeño refrigerio a los colegiados asistentes.</p>
<p>Por motivos organizativos, rogamos que los interesados confirmen su asistencia <a href="https://forms.gle/ZMAZ2Wb7JFRXhdb79"><strong>aquí</strong></a></p>

<p>Dentro de la programación de actos de celebración del 125 aniversario del Colegio, hemos querido dedicar una jornada a los colegiados que...</p>

<!-- This site is optimized with the Yoast SEO plugin v27.5 - https://yoast.com/product/yoast-seo-wordpress/ -->
<title>Jornada Internacional del COMLL - Col·legi Oficial de Metges de Lleida</title>
<meta name="robots" content="index, follow, max-snippet:-1, max-image-preview:large, max-video-preview:-1" />
<link rel="canonical" href="https://www.comll.cat/es/agenda/jornada-internacional-del-comll/" />
<meta property="og:locale" content="es_ES" />
<meta property="og:type" content="article" />
<meta property="og:title" content="Jornada Internacional del COMLL - Col·legi Oficial de Metges de Lleida" />
<meta property="og:description" content="Dentro de la programación de actos de celebración del 125 aniversario del Colegio, hemos querido dedicar una jornada a los colegiados que..." />
<meta property="og:url" content="https://www.comll.cat/es/agenda/jornada-internacional-del-comll/" />
<meta property="og:site_name" content="Col·legi Oficial de Metges de Lleida" />
<meta property="og:image" content="https://www.comll.cat/es/wp-content/uploads/sites/3/jornada-internacional-web.png" />
	<meta property="og:image:width" content="877" />
	<meta property="og:image:height" content="493" />
	<meta property="og:image:type" content="image/png" />
<meta name="twitter:card" content="summary_large_image" />
<script type="application/ld+json" class="yoast-schema-graph">{"@context":"https:\/\/schema.org","@graph":[{"@type":"WebPage","@id":"https:\/\/www.comll.cat\/es\/agenda\/jornada-internacional-del-comll\/","url":"https:\/\/www.comll.cat\/es\/agenda\/jornada-internacional-del-comll\/","name":"Jornada Internacional del COMLL - Col·legi Oficial de Metges de Lleida","isPartOf":{"@id":"https:\/\/www.comll.cat\/es\/#website"},"primaryImageOfPage":{"@id":"https:\/\/www.comll.cat\/es\/agenda\/jornada-internacional-del-comll\/#primaryimage"},"image":{"@id":"https:\/\/www.comll.cat\/es\/agenda\/jornada-internacional-del-comll\/#primaryimage"},"thumbnailUrl":"https:\/\/www.comll.cat\/es\/wp-content\/uploads\/sites\/3\/jornada-internacional-web.png","datePublished":"2023-08-29T11:08:51+00:00","breadcrumb":{"@id":"https:\/\/www.comll.cat\/es\/agenda\/jornada-internacional-del-comll\/#breadcrumb"},"inLanguage":"es","potentialAction":[{"@type":"ReadAction","target":["https:\/\/www.comll.cat\/es\/agenda\/jornada-internacional-del-comll\/"]}]},{"@type":"ImageObject","inLanguage":"es","@id":"https:\/\/www.comll.cat\/es\/agenda\/jornada-internacional-del-comll\/#primaryimage","url":"https:\/\/www.comll.cat\/es\/wp-content\/uploads\/sites\/3\/jornada-internacional-web.png","contentUrl":"https:\/\/www.comll.cat\/es\/wp-content\/uploads\/sites\/3\/jornada-internacional-web.png","width":877,"height":493},{"@type":"BreadcrumbList","@id":"https:\/\/www.comll.cat\/es\/agenda\/jornada-internacional-del-comll\/#breadcrumb","itemListElement":[{"@type":"ListItem","position":1,"name":"Portada","item":"https:\/\/www.comll.cat\/es\/"},{"@type":"ListItem","position":2,"name":"Eventos","item":"https:\/\/www.comll.cat\/es\/agenda-c\/"},{"@type":"ListItem","position":3,"name":"Jornada Internacional del COMLL"}]},{"@type":"WebSite","@id":"https:\/\/www.comll.cat\/es\/#website","url":"https:\/\/www.comll.cat\/es\/","name":"Col·legi Oficial de Metges de Lleida","description":"COMLL","potentialAction":[{"@type":"SearchAction","target":{"@type":"EntryPoint","urlTemplate":"https:\/\/www.comll.cat\/es\/?s={search_term_string}"},"query-input":{"@type":"PropertyValueSpecification","valueRequired":true,"valueName":"search_term_string"}}],"inLanguage":"es"}]}</script>
<!-- / Yoast SEO plugin. -->

Dentro de la programación de actos de celebración del 125 aniversario del Colegio, hemos querido dedicar una jornada a los colegiados que...
