{"id":7848,"date":"2023-06-14T12:13:29","date_gmt":"2023-06-14T10:13:29","guid":{"rendered":"https:\/\/www.comll.cat\/es\/?post_type=tribe_events&#038;p=7848"},"modified":"2023-06-14T12:17:51","modified_gmt":"2023-06-14T10:17:51","slug":"iintroduccio-a-lelaboracio-de-presentacions-per-a-cursos-o-conferencies-amb-power-point","status":"publish","type":"tribe_events","link":"https:\/\/www.comll.cat\/es\/agenda\/iintroduccio-a-lelaboracio-de-presentacions-per-a-cursos-o-conferencies-amb-power-point\/","title":{"rendered":"Introducci\u00f3n a la elaboraci\u00f3n de presentaciones para cursos o conferencias con Power Point"},"content":{"rendered":"<p>Programa:<\/p>\n<ul>\n<li>Dise\u00f1o de diapositivas<\/li>\n<li>Insertar texto y mesas<\/li>\n<li>Insertar multimedia: im\u00e1genes, gr\u00e1ficos, modelos 3D y videos<\/li>\n<li>Efectos, animaciones y transiciones<\/li>\n<li>Presentar diapositivas<\/li>\n<\/ul>\n<p>Ponente: Ra\u00fcl S\u00e1nchez Garc\u00eda , inform\u00e1tico de Vunkers<\/p>\n<p>El curso va dirigido a colegiados, familiares de colegiados y otros colegios del \u00e1mbito de la salud<\/p>\n<p>Horas totales del curso:3 hrs<\/p>\n<p>Fechas del curso: 28 de Junio 2023<\/p>\n<p>Horario: 16.30 a 19.30 hrs<\/p>\n<p>N\u00famero m\u00e1ximo asistentes : 15<\/p>\n<p>Modalidad del curso: presencial<\/p>\n<p>Precio : 30 \u20ac<\/p>\n<p>Ubicaci\u00f3n curso : COMLL<\/p>\n<p><a href=\"https:\/\/lleida.gescol.org\/app\/inicio\/index.aspx\">\u2295 Inscripci\u00f3n<\/a><\/p>\n","protected":false},"excerpt":{"rendered":"<p>Programa: Dise\u00f1o de diapositivas Insertar texto y mesas Insertar multimedia: im\u00e1genes, gr\u00e1ficos, modelos 3D y videos Efectos, animaciones y transiciones...<\/p>\n","protected":false},"author":4,"featured_media":7849,"template":"","meta":{"_acf_changed":false,"inline_featured_image":false,"_tribe_events_status":"","_tribe_events_status_reason":"","_tribe_events_is_hybrid":"","_tribe_events_is_virtual":"","_tribe_events_virtual_video_source":"","_tribe_events_virtual_embed_video":"","_tribe_events_virtual_linked_button_text":"","_tribe_events_virtual_linked_button":"","_tribe_events_virtual_show_embed_at":"","_tribe_events_virtual_show_embed_to":[],"_tribe_events_virtual_show_on_event":"","_tribe_events_virtual_show_on_views":"","_tribe_events_virtual_url":"","footnotes":""},"tags":[],"tribe_events_cat":[153],"class_list":["post-7848","tribe_events","type-tribe_events","status-publish","has-post-thumbnail","hentry","tribe_events_cat-formacion","cat_formacion"],"acf":[],"yoast_head":"<!-- This site is optimized with the Yoast SEO plugin v27.5 - https:\/\/yoast.com\/product\/yoast-seo-wordpress\/ -->\n<title>Introducci\u00f3n a la elaboraci\u00f3n de presentaciones para cursos o conferencias con Power Point - Col\u00b7legi Oficial de Metges de Lleida<\/title>\n<meta name=\"robots\" content=\"index, follow, max-snippet:-1, max-image-preview:large, max-video-preview:-1\" \/>\n<link rel=\"canonical\" href=\"https:\/\/www.comll.cat\/es\/agenda\/iintroduccio-a-lelaboracio-de-presentacions-per-a-cursos-o-conferencies-amb-power-point\/\" \/>\n<meta property=\"og:locale\" content=\"es_ES\" \/>\n<meta property=\"og:type\" content=\"article\" \/>\n<meta property=\"og:title\" content=\"Introducci\u00f3n a la elaboraci\u00f3n de presentaciones para cursos o conferencias con Power Point - Col\u00b7legi Oficial de Metges de Lleida\" \/>\n<meta property=\"og:description\" content=\"Programa: Dise\u00f1o de diapositivas Insertar texto y mesas Insertar multimedia: im\u00e1genes, gr\u00e1ficos, modelos 3D y videos Efectos, animaciones y transiciones...\" \/>\n<meta property=\"og:url\" content=\"https:\/\/www.comll.cat\/es\/agenda\/iintroduccio-a-lelaboracio-de-presentacions-per-a-cursos-o-conferencies-amb-power-point\/\" \/>\n<meta property=\"og:site_name\" content=\"Col\u00b7legi Oficial de Metges de Lleida\" \/>\n<meta property=\"article:modified_time\" content=\"2023-06-14T10:17:51+00:00\" \/>\n<meta property=\"og:image\" content=\"https:\/\/www.comll.cat\/es\/wp-content\/uploads\/sites\/3\/cartel-1.png\" \/>\n\t<meta property=\"og:image:width\" content=\"934\" \/>\n\t<meta property=\"og:image:height\" content=\"526\" \/>\n\t<meta property=\"og:image:type\" content=\"image\/png\" \/>\n<meta name=\"twitter:card\" content=\"summary_large_image\" \/>\n<script type=\"application\/ld+json\" class=\"yoast-schema-graph\">{\"@context\":\"https:\\\/\\\/schema.org\",\"@graph\":[{\"@type\":\"WebPage\",\"@id\":\"https:\\\/\\\/www.comll.cat\\\/es\\\/agenda\\\/iintroduccio-a-lelaboracio-de-presentacions-per-a-cursos-o-conferencies-amb-power-point\\\/\",\"url\":\"https:\\\/\\\/www.comll.cat\\\/es\\\/agenda\\\/iintroduccio-a-lelaboracio-de-presentacions-per-a-cursos-o-conferencies-amb-power-point\\\/\",\"name\":\"Introducci\u00f3n a la elaboraci\u00f3n de presentaciones para cursos o conferencias con Power Point - Col\u00b7legi Oficial de Metges de Lleida\",\"isPartOf\":{\"@id\":\"https:\\\/\\\/www.comll.cat\\\/es\\\/#website\"},\"primaryImageOfPage\":{\"@id\":\"https:\\\/\\\/www.comll.cat\\\/es\\\/agenda\\\/iintroduccio-a-lelaboracio-de-presentacions-per-a-cursos-o-conferencies-amb-power-point\\\/#primaryimage\"},\"image\":{\"@id\":\"https:\\\/\\\/www.comll.cat\\\/es\\\/agenda\\\/iintroduccio-a-lelaboracio-de-presentacions-per-a-cursos-o-conferencies-amb-power-point\\\/#primaryimage\"},\"thumbnailUrl\":\"https:\\\/\\\/www.comll.cat\\\/es\\\/wp-content\\\/uploads\\\/sites\\\/3\\\/cartel-1.png\",\"datePublished\":\"2023-06-14T10:13:29+00:00\",\"dateModified\":\"2023-06-14T10:17:51+00:00\",\"breadcrumb\":{\"@id\":\"https:\\\/\\\/www.comll.cat\\\/es\\\/agenda\\\/iintroduccio-a-lelaboracio-de-presentacions-per-a-cursos-o-conferencies-amb-power-point\\\/#breadcrumb\"},\"inLanguage\":\"es\",\"potentialAction\":[{\"@type\":\"ReadAction\",\"target\":[\"https:\\\/\\\/www.comll.cat\\\/es\\\/agenda\\\/iintroduccio-a-lelaboracio-de-presentacions-per-a-cursos-o-conferencies-amb-power-point\\\/\"]}]},{\"@type\":\"ImageObject\",\"inLanguage\":\"es\",\"@id\":\"https:\\\/\\\/www.comll.cat\\\/es\\\/agenda\\\/iintroduccio-a-lelaboracio-de-presentacions-per-a-cursos-o-conferencies-amb-power-point\\\/#primaryimage\",\"url\":\"https:\\\/\\\/www.comll.cat\\\/es\\\/wp-content\\\/uploads\\\/sites\\\/3\\\/cartel-1.png\",\"contentUrl\":\"https:\\\/\\\/www.comll.cat\\\/es\\\/wp-content\\\/uploads\\\/sites\\\/3\\\/cartel-1.png\",\"width\":934,\"height\":526},{\"@type\":\"BreadcrumbList\",\"@id\":\"https:\\\/\\\/www.comll.cat\\\/es\\\/agenda\\\/iintroduccio-a-lelaboracio-de-presentacions-per-a-cursos-o-conferencies-amb-power-point\\\/#breadcrumb\",\"itemListElement\":[{\"@type\":\"ListItem\",\"position\":1,\"name\":\"Portada\",\"item\":\"https:\\\/\\\/www.comll.cat\\\/es\\\/\"},{\"@type\":\"ListItem\",\"position\":2,\"name\":\"Eventos\",\"item\":\"https:\\\/\\\/www.comll.cat\\\/es\\\/agenda-c\\\/\"},{\"@type\":\"ListItem\",\"position\":3,\"name\":\"Introducci\u00f3n a la elaboraci\u00f3n de presentaciones para cursos o conferencias con Power Point\"}]},{\"@type\":\"WebSite\",\"@id\":\"https:\\\/\\\/www.comll.cat\\\/es\\\/#website\",\"url\":\"https:\\\/\\\/www.comll.cat\\\/es\\\/\",\"name\":\"Col\u00b7legi Oficial de Metges de Lleida\",\"description\":\"COMLL\",\"potentialAction\":[{\"@type\":\"SearchAction\",\"target\":{\"@type\":\"EntryPoint\",\"urlTemplate\":\"https:\\\/\\\/www.comll.cat\\\/es\\\/?s={search_term_string}\"},\"query-input\":{\"@type\":\"PropertyValueSpecification\",\"valueRequired\":true,\"valueName\":\"search_term_string\"}}],\"inLanguage\":\"es\"}]}<\/script>\n<!-- \/ Yoast SEO plugin. -->","yoast_head_json":{"title":"Introducci\u00f3n a la elaboraci\u00f3n de presentaciones para cursos o conferencias con Power Point - Col\u00b7legi Oficial de Metges de Lleida","robots":{"index":"index","follow":"follow","max-snippet":"max-snippet:-1","max-image-preview":"max-image-preview:large","max-video-preview":"max-video-preview:-1"},"canonical":"https:\/\/www.comll.cat\/es\/agenda\/iintroduccio-a-lelaboracio-de-presentacions-per-a-cursos-o-conferencies-amb-power-point\/","og_locale":"es_ES","og_type":"article","og_title":"Introducci\u00f3n a la elaboraci\u00f3n de presentaciones para cursos o conferencias con Power Point - Col\u00b7legi Oficial de Metges de Lleida","og_description":"Programa: Dise\u00f1o de diapositivas Insertar texto y mesas Insertar multimedia: im\u00e1genes, gr\u00e1ficos, modelos 3D y videos Efectos, animaciones y transiciones...","og_url":"https:\/\/www.comll.cat\/es\/agenda\/iintroduccio-a-lelaboracio-de-presentacions-per-a-cursos-o-conferencies-amb-power-point\/","og_site_name":"Col\u00b7legi Oficial de Metges de Lleida","article_modified_time":"2023-06-14T10:17:51+00:00","og_image":[{"width":934,"height":526,"url":"https:\/\/www.comll.cat\/es\/wp-content\/uploads\/sites\/3\/cartel-1.png","type":"image\/png"}],"twitter_card":"summary_large_image","schema":{"@context":"https:\/\/schema.org","@graph":[{"@type":"WebPage","@id":"https:\/\/www.comll.cat\/es\/agenda\/iintroduccio-a-lelaboracio-de-presentacions-per-a-cursos-o-conferencies-amb-power-point\/","url":"https:\/\/www.comll.cat\/es\/agenda\/iintroduccio-a-lelaboracio-de-presentacions-per-a-cursos-o-conferencies-amb-power-point\/","name":"Introducci\u00f3n a la elaboraci\u00f3n de presentaciones para cursos o conferencias con Power Point - Col\u00b7legi Oficial de Metges de Lleida","isPartOf":{"@id":"https:\/\/www.comll.cat\/es\/#website"},"primaryImageOfPage":{"@id":"https:\/\/www.comll.cat\/es\/agenda\/iintroduccio-a-lelaboracio-de-presentacions-per-a-cursos-o-conferencies-amb-power-point\/#primaryimage"},"image":{"@id":"https:\/\/www.comll.cat\/es\/agenda\/iintroduccio-a-lelaboracio-de-presentacions-per-a-cursos-o-conferencies-amb-power-point\/#primaryimage"},"thumbnailUrl":"https:\/\/www.comll.cat\/es\/wp-content\/uploads\/sites\/3\/cartel-1.png","datePublished":"2023-06-14T10:13:29+00:00","dateModified":"2023-06-14T10:17:51+00:00","breadcrumb":{"@id":"https:\/\/www.comll.cat\/es\/agenda\/iintroduccio-a-lelaboracio-de-presentacions-per-a-cursos-o-conferencies-amb-power-point\/#breadcrumb"},"inLanguage":"es","potentialAction":[{"@type":"ReadAction","target":["https:\/\/www.comll.cat\/es\/agenda\/iintroduccio-a-lelaboracio-de-presentacions-per-a-cursos-o-conferencies-amb-power-point\/"]}]},{"@type":"ImageObject","inLanguage":"es","@id":"https:\/\/www.comll.cat\/es\/agenda\/iintroduccio-a-lelaboracio-de-presentacions-per-a-cursos-o-conferencies-amb-power-point\/#primaryimage","url":"https:\/\/www.comll.cat\/es\/wp-content\/uploads\/sites\/3\/cartel-1.png","contentUrl":"https:\/\/www.comll.cat\/es\/wp-content\/uploads\/sites\/3\/cartel-1.png","width":934,"height":526},{"@type":"BreadcrumbList","@id":"https:\/\/www.comll.cat\/es\/agenda\/iintroduccio-a-lelaboracio-de-presentacions-per-a-cursos-o-conferencies-amb-power-point\/#breadcrumb","itemListElement":[{"@type":"ListItem","position":1,"name":"Portada","item":"https:\/\/www.comll.cat\/es\/"},{"@type":"ListItem","position":2,"name":"Eventos","item":"https:\/\/www.comll.cat\/es\/agenda-c\/"},{"@type":"ListItem","position":3,"name":"Introducci\u00f3n a la elaboraci\u00f3n de presentaciones para cursos o conferencias con Power Point"}]},{"@type":"WebSite","@id":"https:\/\/www.comll.cat\/es\/#website","url":"https:\/\/www.comll.cat\/es\/","name":"Col\u00b7legi Oficial de Metges de Lleida","description":"COMLL","potentialAction":[{"@type":"SearchAction","target":{"@type":"EntryPoint","urlTemplate":"https:\/\/www.comll.cat\/es\/?s={search_term_string}"},"query-input":{"@type":"PropertyValueSpecification","valueRequired":true,"valueName":"search_term_string"}}],"inLanguage":"es"}]}},"publishpress_future_workflow_manual_trigger":{"enabledWorkflows":[]},"_links":{"self":[{"href":"https:\/\/www.comll.cat\/es\/wp-json\/wp\/v2\/tribe_events\/7848","targetHints":{"allow":["GET"]}}],"collection":[{"href":"https:\/\/www.comll.cat\/es\/wp-json\/wp\/v2\/tribe_events"}],"about":[{"href":"https:\/\/www.comll.cat\/es\/wp-json\/wp\/v2\/types\/tribe_events"}],"author":[{"embeddable":true,"href":"https:\/\/www.comll.cat\/es\/wp-json\/wp\/v2\/users\/4"}],"version-history":[{"count":3,"href":"https:\/\/www.comll.cat\/es\/wp-json\/wp\/v2\/tribe_events\/7848\/revisions"}],"predecessor-version":[{"id":7852,"href":"https:\/\/www.comll.cat\/es\/wp-json\/wp\/v2\/tribe_events\/7848\/revisions\/7852"}],"wp:featuredmedia":[{"embeddable":true,"href":"https:\/\/www.comll.cat\/es\/wp-json\/wp\/v2\/media\/7849"}],"wp:attachment":[{"href":"https:\/\/www.comll.cat\/es\/wp-json\/wp\/v2\/media?parent=7848"}],"wp:term":[{"taxonomy":"post_tag","embeddable":true,"href":"https:\/\/www.comll.cat\/es\/wp-json\/wp\/v2\/tags?post=7848"},{"taxonomy":"tribe_events_cat","embeddable":true,"href":"https:\/\/www.comll.cat\/es\/wp-json\/wp\/v2\/tribe_events_cat?post=7848"}],"curies":[{"name":"wp","href":"https:\/\/api.w.org\/{rel}","templated":true}]}}

Introducción a la elaboración de presentaciones para cursos o conferencias con Power Point

<p>Programa:</p>
<ul>
<li>Diseño de diapositivas</li>
<li>Insertar texto y mesas</li>
<li>Insertar multimedia: imágenes, gráficos, modelos 3D y videos</li>
<li>Efectos, animaciones y transiciones</li>
<li>Presentar diapositivas</li>
</ul>
<p>Ponente: Raül Sánchez García , informático de Vunkers</p>
<p>El curso va dirigido a colegiados, familiares de colegiados y otros colegios del ámbito de la salud</p>
<p>Horas totales del curso:3 hrs</p>
<p>Fechas del curso: 28 de Junio 2023</p>
<p>Horario: 16.30 a 19.30 hrs</p>
<p>Número máximo asistentes : 15</p>
<p>Modalidad del curso: presencial</p>
<p>Precio : 30 €</p>
<p>Ubicación curso : COMLL</p>
<p><a href="https://lleida.gescol.org/app/inicio/index.aspx">⊕ Inscripción</a></p>

<p>Programa: Diseño de diapositivas Insertar texto y mesas Insertar multimedia: imágenes, gráficos, modelos 3D y videos Efectos, animaciones y transiciones...</p>

<!-- This site is optimized with the Yoast SEO plugin v27.5 - https://yoast.com/product/yoast-seo-wordpress/ -->
<title>Introducción a la elaboración de presentaciones para cursos o conferencias con Power Point - Col·legi Oficial de Metges de Lleida</title>
<meta name="robots" content="index, follow, max-snippet:-1, max-image-preview:large, max-video-preview:-1" />
<link rel="canonical" href="https://www.comll.cat/es/agenda/iintroduccio-a-lelaboracio-de-presentacions-per-a-cursos-o-conferencies-amb-power-point/" />
<meta property="og:locale" content="es_ES" />
<meta property="og:type" content="article" />
<meta property="og:title" content="Introducción a la elaboración de presentaciones para cursos o conferencias con Power Point - Col·legi Oficial de Metges de Lleida" />
<meta property="og:description" content="Programa: Diseño de diapositivas Insertar texto y mesas Insertar multimedia: imágenes, gráficos, modelos 3D y videos Efectos, animaciones y transiciones..." />
<meta property="og:url" content="https://www.comll.cat/es/agenda/iintroduccio-a-lelaboracio-de-presentacions-per-a-cursos-o-conferencies-amb-power-point/" />
<meta property="og:site_name" content="Col·legi Oficial de Metges de Lleida" />
<meta property="article:modified_time" content="2023-06-14T10:17:51+00:00" />
<meta property="og:image" content="https://www.comll.cat/es/wp-content/uploads/sites/3/cartel-1.png" />
	<meta property="og:image:width" content="934" />
	<meta property="og:image:height" content="526" />
	<meta property="og:image:type" content="image/png" />
<meta name="twitter:card" content="summary_large_image" />
<script type="application/ld+json" class="yoast-schema-graph">{"@context":"https:\/\/schema.org","@graph":[{"@type":"WebPage","@id":"https:\/\/www.comll.cat\/es\/agenda\/iintroduccio-a-lelaboracio-de-presentacions-per-a-cursos-o-conferencies-amb-power-point\/","url":"https:\/\/www.comll.cat\/es\/agenda\/iintroduccio-a-lelaboracio-de-presentacions-per-a-cursos-o-conferencies-amb-power-point\/","name":"Introducción a la elaboración de presentaciones para cursos o conferencias con Power Point - Col·legi Oficial de Metges de Lleida","isPartOf":{"@id":"https:\/\/www.comll.cat\/es\/#website"},"primaryImageOfPage":{"@id":"https:\/\/www.comll.cat\/es\/agenda\/iintroduccio-a-lelaboracio-de-presentacions-per-a-cursos-o-conferencies-amb-power-point\/#primaryimage"},"image":{"@id":"https:\/\/www.comll.cat\/es\/agenda\/iintroduccio-a-lelaboracio-de-presentacions-per-a-cursos-o-conferencies-amb-power-point\/#primaryimage"},"thumbnailUrl":"https:\/\/www.comll.cat\/es\/wp-content\/uploads\/sites\/3\/cartel-1.png","datePublished":"2023-06-14T10:13:29+00:00","dateModified":"2023-06-14T10:17:51+00:00","breadcrumb":{"@id":"https:\/\/www.comll.cat\/es\/agenda\/iintroduccio-a-lelaboracio-de-presentacions-per-a-cursos-o-conferencies-amb-power-point\/#breadcrumb"},"inLanguage":"es","potentialAction":[{"@type":"ReadAction","target":["https:\/\/www.comll.cat\/es\/agenda\/iintroduccio-a-lelaboracio-de-presentacions-per-a-cursos-o-conferencies-amb-power-point\/"]}]},{"@type":"ImageObject","inLanguage":"es","@id":"https:\/\/www.comll.cat\/es\/agenda\/iintroduccio-a-lelaboracio-de-presentacions-per-a-cursos-o-conferencies-amb-power-point\/#primaryimage","url":"https:\/\/www.comll.cat\/es\/wp-content\/uploads\/sites\/3\/cartel-1.png","contentUrl":"https:\/\/www.comll.cat\/es\/wp-content\/uploads\/sites\/3\/cartel-1.png","width":934,"height":526},{"@type":"BreadcrumbList","@id":"https:\/\/www.comll.cat\/es\/agenda\/iintroduccio-a-lelaboracio-de-presentacions-per-a-cursos-o-conferencies-amb-power-point\/#breadcrumb","itemListElement":[{"@type":"ListItem","position":1,"name":"Portada","item":"https:\/\/www.comll.cat\/es\/"},{"@type":"ListItem","position":2,"name":"Eventos","item":"https:\/\/www.comll.cat\/es\/agenda-c\/"},{"@type":"ListItem","position":3,"name":"Introducción a la elaboración de presentaciones para cursos o conferencias con Power Point"}]},{"@type":"WebSite","@id":"https:\/\/www.comll.cat\/es\/#website","url":"https:\/\/www.comll.cat\/es\/","name":"Col·legi Oficial de Metges de Lleida","description":"COMLL","potentialAction":[{"@type":"SearchAction","target":{"@type":"EntryPoint","urlTemplate":"https:\/\/www.comll.cat\/es\/?s={search_term_string}"},"query-input":{"@type":"PropertyValueSpecification","valueRequired":true,"valueName":"search_term_string"}}],"inLanguage":"es"}]}</script>
<!-- / Yoast SEO plugin. -->

Introducción a la elaboración de presentaciones para cursos o conferencias con Power Point - Col·legi Oficial de Metges de Lleida

Programa: Diseño de diapositivas Insertar texto y mesas Insertar multimedia: imágenes, gráficos, modelos 3D y videos Efectos, animaciones y transiciones...
