{"id":7683,"date":"2023-06-01T16:24:31","date_gmt":"2023-06-01T14:24:31","guid":{"rendered":"https:\/\/www.comll.cat\/es\/?post_type=tribe_events&#038;p=7683"},"modified":"2023-06-01T16:24:31","modified_gmt":"2023-06-01T14:24:31","slug":"donacio-de-sang","status":"publish","type":"tribe_events","link":"https:\/\/www.comll.cat\/es\/agenda\/donacio-de-sang\/","title":{"rendered":"Donaci\u00f3n de sangre"},"content":{"rendered":"<p>Como tercer acto de la conmemoraci\u00f3n del 125\u00ba aniversario del Colegio, hemos organizado junto con el <strong>Banco de Sangre y Tejidos de Lleida<\/strong>, una jornada de donaci\u00f3n de sangre el mi\u00e9rcoles 7 de junio.<\/p>\n<p>Tendr\u00e1 lugar al sal\u00f3n de actos del Colegio, de 16 a 19 horas y est\u00e1 abierta a todos los colegiados y a la ciudadan\u00eda en general.<\/p>\n<p>Es imprescindible pedir cita mediante este <em><strong><a href=\"https:\/\/donarsang.gencat.cat\/ca\/vull-donar\/cita\/recollida\/poblacio\/\/12246\/lleida\/07-06-2023\/\">enlace<\/a><\/strong><\/em>.<\/p>\n<p>&nbsp;<\/p>\n<p>En este mismo horario, pondremos a su disposici\u00f3n la posibilidad de hacer una consulta personalizada sobre el <strong>Documento de Voluntades Anticipadas<\/strong> (DVA) con el <strong>Dr. Jos\u00e9 Luis Cruz<\/strong>.<\/p>\n<p>Las voluntades anticipadas son unas instrucciones que una persona mayor de edad, con capacidad suficiente y de manera libre, dirigida a su m\u00e9dico responsable, para que se tenga en cuenta cuando la persona se encuentre en una situaci\u00f3n en que no pueda expresar personalmente su voluntad sobre su propia salud.<\/p>\n","protected":false},"excerpt":{"rendered":"<p>Como tercer acto de la conmemoraci\u00f3n del 125\u00ba aniversario del Colegio, hemos organizado junto con el Banco de Sangre y...<\/p>\n","protected":false},"author":4,"featured_media":7749,"template":"","meta":{"_acf_changed":false,"inline_featured_image":false,"_tribe_events_status":"","_tribe_events_status_reason":"","_tribe_events_is_hybrid":"","_tribe_events_is_virtual":"","_tribe_events_virtual_video_source":"","_tribe_events_virtual_embed_video":"","_tribe_events_virtual_linked_button_text":"","_tribe_events_virtual_linked_button":"","_tribe_events_virtual_show_embed_at":"","_tribe_events_virtual_show_embed_to":[],"_tribe_events_virtual_show_on_event":"","_tribe_events_virtual_show_on_views":"","_tribe_events_virtual_url":"","footnotes":""},"tags":[],"tribe_events_cat":[138],"class_list":["post-7683","tribe_events","type-tribe_events","status-publish","has-post-thumbnail","hentry","tribe_events_cat-destacat","cat_destacat"],"acf":[],"yoast_head":"<!-- This site is optimized with the Yoast SEO plugin v27.5 - https:\/\/yoast.com\/product\/yoast-seo-wordpress\/ -->\n<title>Donaci\u00f3n de sangre - Col\u00b7legi Oficial de Metges de Lleida<\/title>\n<meta name=\"robots\" content=\"index, follow, max-snippet:-1, max-image-preview:large, max-video-preview:-1\" \/>\n<link rel=\"canonical\" href=\"https:\/\/www.comll.cat\/es\/agenda\/donacio-de-sang\/\" \/>\n<meta property=\"og:locale\" content=\"es_ES\" \/>\n<meta property=\"og:type\" content=\"article\" \/>\n<meta property=\"og:title\" content=\"Donaci\u00f3n de sangre - Col\u00b7legi Oficial de Metges de Lleida\" \/>\n<meta property=\"og:description\" content=\"Como tercer acto de la conmemoraci\u00f3n del 125\u00ba aniversario del Colegio, hemos organizado junto con el Banco de Sangre y...\" \/>\n<meta property=\"og:url\" content=\"https:\/\/www.comll.cat\/es\/agenda\/donacio-de-sang\/\" \/>\n<meta property=\"og:site_name\" content=\"Col\u00b7legi Oficial de Metges de Lleida\" \/>\n<meta property=\"og:image\" content=\"https:\/\/www.comll.cat\/es\/wp-content\/uploads\/sites\/3\/donacio-sang.png\" \/>\n\t<meta property=\"og:image:width\" content=\"1600\" \/>\n\t<meta property=\"og:image:height\" content=\"900\" \/>\n\t<meta property=\"og:image:type\" content=\"image\/png\" \/>\n<meta name=\"twitter:card\" content=\"summary_large_image\" \/>\n<script type=\"application\/ld+json\" class=\"yoast-schema-graph\">{\"@context\":\"https:\\\/\\\/schema.org\",\"@graph\":[{\"@type\":\"WebPage\",\"@id\":\"https:\\\/\\\/www.comll.cat\\\/es\\\/agenda\\\/donacio-de-sang\\\/\",\"url\":\"https:\\\/\\\/www.comll.cat\\\/es\\\/agenda\\\/donacio-de-sang\\\/\",\"name\":\"Donaci\u00f3n de sangre - Col\u00b7legi Oficial de Metges de Lleida\",\"isPartOf\":{\"@id\":\"https:\\\/\\\/www.comll.cat\\\/es\\\/#website\"},\"primaryImageOfPage\":{\"@id\":\"https:\\\/\\\/www.comll.cat\\\/es\\\/agenda\\\/donacio-de-sang\\\/#primaryimage\"},\"image\":{\"@id\":\"https:\\\/\\\/www.comll.cat\\\/es\\\/agenda\\\/donacio-de-sang\\\/#primaryimage\"},\"thumbnailUrl\":\"https:\\\/\\\/www.comll.cat\\\/es\\\/wp-content\\\/uploads\\\/sites\\\/3\\\/donacio-sang.png\",\"datePublished\":\"2023-06-01T14:24:31+00:00\",\"breadcrumb\":{\"@id\":\"https:\\\/\\\/www.comll.cat\\\/es\\\/agenda\\\/donacio-de-sang\\\/#breadcrumb\"},\"inLanguage\":\"es\",\"potentialAction\":[{\"@type\":\"ReadAction\",\"target\":[\"https:\\\/\\\/www.comll.cat\\\/es\\\/agenda\\\/donacio-de-sang\\\/\"]}]},{\"@type\":\"ImageObject\",\"inLanguage\":\"es\",\"@id\":\"https:\\\/\\\/www.comll.cat\\\/es\\\/agenda\\\/donacio-de-sang\\\/#primaryimage\",\"url\":\"https:\\\/\\\/www.comll.cat\\\/es\\\/wp-content\\\/uploads\\\/sites\\\/3\\\/donacio-sang.png\",\"contentUrl\":\"https:\\\/\\\/www.comll.cat\\\/es\\\/wp-content\\\/uploads\\\/sites\\\/3\\\/donacio-sang.png\",\"width\":1600,\"height\":900},{\"@type\":\"BreadcrumbList\",\"@id\":\"https:\\\/\\\/www.comll.cat\\\/es\\\/agenda\\\/donacio-de-sang\\\/#breadcrumb\",\"itemListElement\":[{\"@type\":\"ListItem\",\"position\":1,\"name\":\"Portada\",\"item\":\"https:\\\/\\\/www.comll.cat\\\/es\\\/\"},{\"@type\":\"ListItem\",\"position\":2,\"name\":\"Eventos\",\"item\":\"https:\\\/\\\/www.comll.cat\\\/es\\\/agenda-c\\\/\"},{\"@type\":\"ListItem\",\"position\":3,\"name\":\"Donaci\u00f3n de sangre\"}]},{\"@type\":\"WebSite\",\"@id\":\"https:\\\/\\\/www.comll.cat\\\/es\\\/#website\",\"url\":\"https:\\\/\\\/www.comll.cat\\\/es\\\/\",\"name\":\"Col\u00b7legi Oficial de Metges de Lleida\",\"description\":\"COMLL\",\"potentialAction\":[{\"@type\":\"SearchAction\",\"target\":{\"@type\":\"EntryPoint\",\"urlTemplate\":\"https:\\\/\\\/www.comll.cat\\\/es\\\/?s={search_term_string}\"},\"query-input\":{\"@type\":\"PropertyValueSpecification\",\"valueRequired\":true,\"valueName\":\"search_term_string\"}}],\"inLanguage\":\"es\"}]}<\/script>\n<!-- \/ Yoast SEO plugin. -->","yoast_head_json":{"title":"Donaci\u00f3n de sangre - Col\u00b7legi Oficial de Metges de Lleida","robots":{"index":"index","follow":"follow","max-snippet":"max-snippet:-1","max-image-preview":"max-image-preview:large","max-video-preview":"max-video-preview:-1"},"canonical":"https:\/\/www.comll.cat\/es\/agenda\/donacio-de-sang\/","og_locale":"es_ES","og_type":"article","og_title":"Donaci\u00f3n de sangre - Col\u00b7legi Oficial de Metges de Lleida","og_description":"Como tercer acto de la conmemoraci\u00f3n del 125\u00ba aniversario del Colegio, hemos organizado junto con el Banco de Sangre y...","og_url":"https:\/\/www.comll.cat\/es\/agenda\/donacio-de-sang\/","og_site_name":"Col\u00b7legi Oficial de Metges de Lleida","og_image":[{"width":1600,"height":900,"url":"https:\/\/www.comll.cat\/es\/wp-content\/uploads\/sites\/3\/donacio-sang.png","type":"image\/png"}],"twitter_card":"summary_large_image","schema":{"@context":"https:\/\/schema.org","@graph":[{"@type":"WebPage","@id":"https:\/\/www.comll.cat\/es\/agenda\/donacio-de-sang\/","url":"https:\/\/www.comll.cat\/es\/agenda\/donacio-de-sang\/","name":"Donaci\u00f3n de sangre - Col\u00b7legi Oficial de Metges de Lleida","isPartOf":{"@id":"https:\/\/www.comll.cat\/es\/#website"},"primaryImageOfPage":{"@id":"https:\/\/www.comll.cat\/es\/agenda\/donacio-de-sang\/#primaryimage"},"image":{"@id":"https:\/\/www.comll.cat\/es\/agenda\/donacio-de-sang\/#primaryimage"},"thumbnailUrl":"https:\/\/www.comll.cat\/es\/wp-content\/uploads\/sites\/3\/donacio-sang.png","datePublished":"2023-06-01T14:24:31+00:00","breadcrumb":{"@id":"https:\/\/www.comll.cat\/es\/agenda\/donacio-de-sang\/#breadcrumb"},"inLanguage":"es","potentialAction":[{"@type":"ReadAction","target":["https:\/\/www.comll.cat\/es\/agenda\/donacio-de-sang\/"]}]},{"@type":"ImageObject","inLanguage":"es","@id":"https:\/\/www.comll.cat\/es\/agenda\/donacio-de-sang\/#primaryimage","url":"https:\/\/www.comll.cat\/es\/wp-content\/uploads\/sites\/3\/donacio-sang.png","contentUrl":"https:\/\/www.comll.cat\/es\/wp-content\/uploads\/sites\/3\/donacio-sang.png","width":1600,"height":900},{"@type":"BreadcrumbList","@id":"https:\/\/www.comll.cat\/es\/agenda\/donacio-de-sang\/#breadcrumb","itemListElement":[{"@type":"ListItem","position":1,"name":"Portada","item":"https:\/\/www.comll.cat\/es\/"},{"@type":"ListItem","position":2,"name":"Eventos","item":"https:\/\/www.comll.cat\/es\/agenda-c\/"},{"@type":"ListItem","position":3,"name":"Donaci\u00f3n de sangre"}]},{"@type":"WebSite","@id":"https:\/\/www.comll.cat\/es\/#website","url":"https:\/\/www.comll.cat\/es\/","name":"Col\u00b7legi Oficial de Metges de Lleida","description":"COMLL","potentialAction":[{"@type":"SearchAction","target":{"@type":"EntryPoint","urlTemplate":"https:\/\/www.comll.cat\/es\/?s={search_term_string}"},"query-input":{"@type":"PropertyValueSpecification","valueRequired":true,"valueName":"search_term_string"}}],"inLanguage":"es"}]}},"publishpress_future_workflow_manual_trigger":{"enabledWorkflows":[]},"_links":{"self":[{"href":"https:\/\/www.comll.cat\/es\/wp-json\/wp\/v2\/tribe_events\/7683","targetHints":{"allow":["GET"]}}],"collection":[{"href":"https:\/\/www.comll.cat\/es\/wp-json\/wp\/v2\/tribe_events"}],"about":[{"href":"https:\/\/www.comll.cat\/es\/wp-json\/wp\/v2\/types\/tribe_events"}],"author":[{"embeddable":true,"href":"https:\/\/www.comll.cat\/es\/wp-json\/wp\/v2\/users\/4"}],"version-history":[{"count":2,"href":"https:\/\/www.comll.cat\/es\/wp-json\/wp\/v2\/tribe_events\/7683\/revisions"}],"predecessor-version":[{"id":7750,"href":"https:\/\/www.comll.cat\/es\/wp-json\/wp\/v2\/tribe_events\/7683\/revisions\/7750"}],"wp:featuredmedia":[{"embeddable":true,"href":"https:\/\/www.comll.cat\/es\/wp-json\/wp\/v2\/media\/7749"}],"wp:attachment":[{"href":"https:\/\/www.comll.cat\/es\/wp-json\/wp\/v2\/media?parent=7683"}],"wp:term":[{"taxonomy":"post_tag","embeddable":true,"href":"https:\/\/www.comll.cat\/es\/wp-json\/wp\/v2\/tags?post=7683"},{"taxonomy":"tribe_events_cat","embeddable":true,"href":"https:\/\/www.comll.cat\/es\/wp-json\/wp\/v2\/tribe_events_cat?post=7683"}],"curies":[{"name":"wp","href":"https:\/\/api.w.org\/{rel}","templated":true}]}}

Donación de sangre

<p>Como tercer acto de la conmemoración del 125º aniversario del Colegio, hemos organizado junto con el <strong>Banco de Sangre y Tejidos de Lleida</strong>, una jornada de donación de sangre el miércoles 7 de junio.</p>
<p>Tendrá lugar al salón de actos del Colegio, de 16 a 19 horas y está abierta a todos los colegiados y a la ciudadanía en general.</p>
<p>Es imprescindible pedir cita mediante este <em><strong><a href="https://donarsang.gencat.cat/ca/vull-donar/cita/recollida/poblacio//12246/lleida/07-06-2023/">enlace</a></strong></em>.</p>
<p>&nbsp;</p>
<p>En este mismo horario, pondremos a su disposición la posibilidad de hacer una consulta personalizada sobre el <strong>Documento de Voluntades Anticipadas</strong> (DVA) con el <strong>Dr. José Luis Cruz</strong>.</p>
<p>Las voluntades anticipadas son unas instrucciones que una persona mayor de edad, con capacidad suficiente y de manera libre, dirigida a su médico responsable, para que se tenga en cuenta cuando la persona se encuentre en una situación en que no pueda expresar personalmente su voluntad sobre su propia salud.</p>

<p>Como tercer acto de la conmemoración del 125º aniversario del Colegio, hemos organizado junto con el Banco de Sangre y...</p>

<!-- This site is optimized with the Yoast SEO plugin v27.5 - https://yoast.com/product/yoast-seo-wordpress/ -->
<title>Donación de sangre - Col·legi Oficial de Metges de Lleida</title>
<meta name="robots" content="index, follow, max-snippet:-1, max-image-preview:large, max-video-preview:-1" />
<link rel="canonical" href="https://www.comll.cat/es/agenda/donacio-de-sang/" />
<meta property="og:locale" content="es_ES" />
<meta property="og:type" content="article" />
<meta property="og:title" content="Donación de sangre - Col·legi Oficial de Metges de Lleida" />
<meta property="og:description" content="Como tercer acto de la conmemoración del 125º aniversario del Colegio, hemos organizado junto con el Banco de Sangre y..." />
<meta property="og:url" content="https://www.comll.cat/es/agenda/donacio-de-sang/" />
<meta property="og:site_name" content="Col·legi Oficial de Metges de Lleida" />
<meta property="og:image" content="https://www.comll.cat/es/wp-content/uploads/sites/3/donacio-sang.png" />
	<meta property="og:image:width" content="1600" />
	<meta property="og:image:height" content="900" />
	<meta property="og:image:type" content="image/png" />
<meta name="twitter:card" content="summary_large_image" />
<script type="application/ld+json" class="yoast-schema-graph">{"@context":"https:\/\/schema.org","@graph":[{"@type":"WebPage","@id":"https:\/\/www.comll.cat\/es\/agenda\/donacio-de-sang\/","url":"https:\/\/www.comll.cat\/es\/agenda\/donacio-de-sang\/","name":"Donación de sangre - Col·legi Oficial de Metges de Lleida","isPartOf":{"@id":"https:\/\/www.comll.cat\/es\/#website"},"primaryImageOfPage":{"@id":"https:\/\/www.comll.cat\/es\/agenda\/donacio-de-sang\/#primaryimage"},"image":{"@id":"https:\/\/www.comll.cat\/es\/agenda\/donacio-de-sang\/#primaryimage"},"thumbnailUrl":"https:\/\/www.comll.cat\/es\/wp-content\/uploads\/sites\/3\/donacio-sang.png","datePublished":"2023-06-01T14:24:31+00:00","breadcrumb":{"@id":"https:\/\/www.comll.cat\/es\/agenda\/donacio-de-sang\/#breadcrumb"},"inLanguage":"es","potentialAction":[{"@type":"ReadAction","target":["https:\/\/www.comll.cat\/es\/agenda\/donacio-de-sang\/"]}]},{"@type":"ImageObject","inLanguage":"es","@id":"https:\/\/www.comll.cat\/es\/agenda\/donacio-de-sang\/#primaryimage","url":"https:\/\/www.comll.cat\/es\/wp-content\/uploads\/sites\/3\/donacio-sang.png","contentUrl":"https:\/\/www.comll.cat\/es\/wp-content\/uploads\/sites\/3\/donacio-sang.png","width":1600,"height":900},{"@type":"BreadcrumbList","@id":"https:\/\/www.comll.cat\/es\/agenda\/donacio-de-sang\/#breadcrumb","itemListElement":[{"@type":"ListItem","position":1,"name":"Portada","item":"https:\/\/www.comll.cat\/es\/"},{"@type":"ListItem","position":2,"name":"Eventos","item":"https:\/\/www.comll.cat\/es\/agenda-c\/"},{"@type":"ListItem","position":3,"name":"Donación de sangre"}]},{"@type":"WebSite","@id":"https:\/\/www.comll.cat\/es\/#website","url":"https:\/\/www.comll.cat\/es\/","name":"Col·legi Oficial de Metges de Lleida","description":"COMLL","potentialAction":[{"@type":"SearchAction","target":{"@type":"EntryPoint","urlTemplate":"https:\/\/www.comll.cat\/es\/?s={search_term_string}"},"query-input":{"@type":"PropertyValueSpecification","valueRequired":true,"valueName":"search_term_string"}}],"inLanguage":"es"}]}</script>
<!-- / Yoast SEO plugin. -->

Donación de sangre - Col·legi Oficial de Metges de Lleida

Como tercer acto de la conmemoración del 125º aniversario del Colegio, hemos organizado junto con el Banco de Sangre y...
