{"id":7339,"date":"2023-03-29T11:55:07","date_gmt":"2023-03-29T09:55:07","guid":{"rendered":"https:\/\/www.comll.cat\/es\/?post_type=tribe_events&#038;p=7339"},"modified":"2023-04-14T10:57:24","modified_gmt":"2023-04-14T08:57:24","slug":"homenatge-al-nous-collegiats-honorifics-del-comll","status":"publish","type":"tribe_events","link":"https:\/\/www.comll.cat\/es\/agenda\/homenatge-al-nous-collegiats-honorifics-del-comll\/","title":{"rendered":"Homenaje a los nuevos colegiados honor\u00edficos del COMLL"},"content":{"rendered":"<ul>\n<li><strong>19:00h. Homenaje a los nuevos Colegiados Honor\u00edficos<\/strong>, organizado por la secci\u00f3n de M\u00e9dicos Jubilados en el cual, todo al acabar la asamblea, se har\u00e1 entrega de insignia \u00a0y diploma a los jubilados en el transcurso del a\u00f1o pasado.\u00a0 Pod\u00e9is consultar el listado de colegiados honor\u00edficos homenajeados <a href=\"https:\/\/www.comll.cat\/wp-content\/uploads\/collegiats-honorifics-2023.pdf\">aqu\u00ed<\/a><\/li>\n<li><strong>20:00 h - \"Xarxa: espect\u00e1culo de trapecio y arpa\"<\/strong>, en honor de los homenajeados, que tendr\u00e1 lugar a los jardines del Hospital Santa Maria, a cargo de J\u00falia Farrero (trapecio) y Berta Puigdemassa (arpa).<\/li>\n<\/ul>\n<p>J\u00falia y Berta en escena.<br \/>\nUn trapecio flota en el aire. Una arpa nos transporta a una dimensi\u00f3n celestial.<br \/>\nEl reto com\u00fan: tejer la red que todo lo acoge.<br \/>\nLa red viva donde cada hilo, delicado pero firme, es \u00fanico.<br \/>\nEl dise\u00f1o de la red var\u00eda a cada instante en funci\u00f3n de la respiraci\u00f3n de las cuerdas<\/p>\n<p>* La organizaci\u00f3n se reserva el derecho de modificar, si las circunstancias lo exigen, el programa o los horarios, como tambi\u00e9n de decidir la suspensi\u00f3n del espect\u00e1culo en caso\u00a0de inclemencias\u00a0meteorol\u00f3gicas\u00a0o causa de fuerza mayor.<\/p>\n","protected":false},"excerpt":{"rendered":"<p>19:00h. Homenaje a los nuevos Colegiados Honor\u00edficos, organizado por la secci\u00f3n de M\u00e9dicos Jubilados en el cual, todo al acabar...<\/p>\n","protected":false},"author":4,"featured_media":7340,"template":"","meta":{"_acf_changed":false,"inline_featured_image":false,"_tribe_events_status":"","_tribe_events_status_reason":"","_tribe_events_is_hybrid":"","_tribe_events_is_virtual":"","_tribe_events_virtual_video_source":"","_tribe_events_virtual_embed_video":"","_tribe_events_virtual_linked_button_text":"","_tribe_events_virtual_linked_button":"","_tribe_events_virtual_show_embed_at":"","_tribe_events_virtual_show_embed_to":[],"_tribe_events_virtual_show_on_event":"","_tribe_events_virtual_show_on_views":"","_tribe_events_virtual_url":"","footnotes":""},"tags":[],"tribe_events_cat":[152],"class_list":["post-7339","tribe_events","type-tribe_events","status-publish","has-post-thumbnail","hentry","tribe_events_cat-destacado","cat_destacado"],"acf":[],"yoast_head":"<!-- This site is optimized with the Yoast SEO plugin v27.5 - https:\/\/yoast.com\/product\/yoast-seo-wordpress\/ -->\n<title>Homenaje a los nuevos colegiados honor\u00edficos del COMLL - Col\u00b7legi Oficial de Metges de Lleida<\/title>\n<meta name=\"robots\" content=\"index, follow, max-snippet:-1, max-image-preview:large, max-video-preview:-1\" \/>\n<link rel=\"canonical\" href=\"https:\/\/www.comll.cat\/es\/agenda\/homenatge-al-nous-collegiats-honorifics-del-comll\/\" \/>\n<meta property=\"og:locale\" content=\"es_ES\" \/>\n<meta property=\"og:type\" content=\"article\" \/>\n<meta property=\"og:title\" content=\"Homenaje a los nuevos colegiados honor\u00edficos del COMLL - Col\u00b7legi Oficial de Metges de Lleida\" \/>\n<meta property=\"og:description\" content=\"19:00h. Homenaje a los nuevos Colegiados Honor\u00edficos, organizado por la secci\u00f3n de M\u00e9dicos Jubilados en el cual, todo al acabar...\" \/>\n<meta property=\"og:url\" content=\"https:\/\/www.comll.cat\/es\/agenda\/homenatge-al-nous-collegiats-honorifics-del-comll\/\" \/>\n<meta property=\"og:site_name\" content=\"Col\u00b7legi Oficial de Metges de Lleida\" \/>\n<meta property=\"article:modified_time\" content=\"2023-04-14T08:57:24+00:00\" \/>\n<meta property=\"og:image\" content=\"https:\/\/www.comll.cat\/es\/wp-content\/uploads\/sites\/3\/whatsapp-image-2023-03-02-at-103706.jpeg\" \/>\n\t<meta property=\"og:image:width\" content=\"1024\" \/>\n\t<meta property=\"og:image:height\" content=\"768\" \/>\n\t<meta property=\"og:image:type\" content=\"image\/jpeg\" \/>\n<meta name=\"twitter:card\" content=\"summary_large_image\" \/>\n<script type=\"application\/ld+json\" class=\"yoast-schema-graph\">{\"@context\":\"https:\\\/\\\/schema.org\",\"@graph\":[{\"@type\":\"WebPage\",\"@id\":\"https:\\\/\\\/www.comll.cat\\\/es\\\/agenda\\\/homenatge-al-nous-collegiats-honorifics-del-comll\\\/\",\"url\":\"https:\\\/\\\/www.comll.cat\\\/es\\\/agenda\\\/homenatge-al-nous-collegiats-honorifics-del-comll\\\/\",\"name\":\"Homenaje a los nuevos colegiados honor\u00edficos del COMLL - Col\u00b7legi Oficial de Metges de Lleida\",\"isPartOf\":{\"@id\":\"https:\\\/\\\/www.comll.cat\\\/es\\\/#website\"},\"primaryImageOfPage\":{\"@id\":\"https:\\\/\\\/www.comll.cat\\\/es\\\/agenda\\\/homenatge-al-nous-collegiats-honorifics-del-comll\\\/#primaryimage\"},\"image\":{\"@id\":\"https:\\\/\\\/www.comll.cat\\\/es\\\/agenda\\\/homenatge-al-nous-collegiats-honorifics-del-comll\\\/#primaryimage\"},\"thumbnailUrl\":\"https:\\\/\\\/www.comll.cat\\\/es\\\/wp-content\\\/uploads\\\/sites\\\/3\\\/whatsapp-image-2023-03-02-at-103706.jpeg\",\"datePublished\":\"2023-03-29T09:55:07+00:00\",\"dateModified\":\"2023-04-14T08:57:24+00:00\",\"breadcrumb\":{\"@id\":\"https:\\\/\\\/www.comll.cat\\\/es\\\/agenda\\\/homenatge-al-nous-collegiats-honorifics-del-comll\\\/#breadcrumb\"},\"inLanguage\":\"es\",\"potentialAction\":[{\"@type\":\"ReadAction\",\"target\":[\"https:\\\/\\\/www.comll.cat\\\/es\\\/agenda\\\/homenatge-al-nous-collegiats-honorifics-del-comll\\\/\"]}]},{\"@type\":\"ImageObject\",\"inLanguage\":\"es\",\"@id\":\"https:\\\/\\\/www.comll.cat\\\/es\\\/agenda\\\/homenatge-al-nous-collegiats-honorifics-del-comll\\\/#primaryimage\",\"url\":\"https:\\\/\\\/www.comll.cat\\\/es\\\/wp-content\\\/uploads\\\/sites\\\/3\\\/whatsapp-image-2023-03-02-at-103706.jpeg\",\"contentUrl\":\"https:\\\/\\\/www.comll.cat\\\/es\\\/wp-content\\\/uploads\\\/sites\\\/3\\\/whatsapp-image-2023-03-02-at-103706.jpeg\",\"width\":1024,\"height\":768},{\"@type\":\"BreadcrumbList\",\"@id\":\"https:\\\/\\\/www.comll.cat\\\/es\\\/agenda\\\/homenatge-al-nous-collegiats-honorifics-del-comll\\\/#breadcrumb\",\"itemListElement\":[{\"@type\":\"ListItem\",\"position\":1,\"name\":\"Portada\",\"item\":\"https:\\\/\\\/www.comll.cat\\\/es\\\/\"},{\"@type\":\"ListItem\",\"position\":2,\"name\":\"Eventos\",\"item\":\"https:\\\/\\\/www.comll.cat\\\/es\\\/agenda-c\\\/\"},{\"@type\":\"ListItem\",\"position\":3,\"name\":\"Homenaje a los nuevos colegiados honor\u00edficos del COMLL\"}]},{\"@type\":\"WebSite\",\"@id\":\"https:\\\/\\\/www.comll.cat\\\/es\\\/#website\",\"url\":\"https:\\\/\\\/www.comll.cat\\\/es\\\/\",\"name\":\"Col\u00b7legi Oficial de Metges de Lleida\",\"description\":\"COMLL\",\"potentialAction\":[{\"@type\":\"SearchAction\",\"target\":{\"@type\":\"EntryPoint\",\"urlTemplate\":\"https:\\\/\\\/www.comll.cat\\\/es\\\/?s={search_term_string}\"},\"query-input\":{\"@type\":\"PropertyValueSpecification\",\"valueRequired\":true,\"valueName\":\"search_term_string\"}}],\"inLanguage\":\"es\"}]}<\/script>\n<!-- \/ Yoast SEO plugin. -->","yoast_head_json":{"title":"Homenaje a los nuevos colegiados honor\u00edficos del COMLL - Col\u00b7legi Oficial de Metges de Lleida","robots":{"index":"index","follow":"follow","max-snippet":"max-snippet:-1","max-image-preview":"max-image-preview:large","max-video-preview":"max-video-preview:-1"},"canonical":"https:\/\/www.comll.cat\/es\/agenda\/homenatge-al-nous-collegiats-honorifics-del-comll\/","og_locale":"es_ES","og_type":"article","og_title":"Homenaje a los nuevos colegiados honor\u00edficos del COMLL - Col\u00b7legi Oficial de Metges de Lleida","og_description":"19:00h. Homenaje a los nuevos Colegiados Honor\u00edficos, organizado por la secci\u00f3n de M\u00e9dicos Jubilados en el cual, todo al acabar...","og_url":"https:\/\/www.comll.cat\/es\/agenda\/homenatge-al-nous-collegiats-honorifics-del-comll\/","og_site_name":"Col\u00b7legi Oficial de Metges de Lleida","article_modified_time":"2023-04-14T08:57:24+00:00","og_image":[{"width":1024,"height":768,"url":"https:\/\/www.comll.cat\/es\/wp-content\/uploads\/sites\/3\/whatsapp-image-2023-03-02-at-103706.jpeg","type":"image\/jpeg"}],"twitter_card":"summary_large_image","schema":{"@context":"https:\/\/schema.org","@graph":[{"@type":"WebPage","@id":"https:\/\/www.comll.cat\/es\/agenda\/homenatge-al-nous-collegiats-honorifics-del-comll\/","url":"https:\/\/www.comll.cat\/es\/agenda\/homenatge-al-nous-collegiats-honorifics-del-comll\/","name":"Homenaje a los nuevos colegiados honor\u00edficos del COMLL - Col\u00b7legi Oficial de Metges de Lleida","isPartOf":{"@id":"https:\/\/www.comll.cat\/es\/#website"},"primaryImageOfPage":{"@id":"https:\/\/www.comll.cat\/es\/agenda\/homenatge-al-nous-collegiats-honorifics-del-comll\/#primaryimage"},"image":{"@id":"https:\/\/www.comll.cat\/es\/agenda\/homenatge-al-nous-collegiats-honorifics-del-comll\/#primaryimage"},"thumbnailUrl":"https:\/\/www.comll.cat\/es\/wp-content\/uploads\/sites\/3\/whatsapp-image-2023-03-02-at-103706.jpeg","datePublished":"2023-03-29T09:55:07+00:00","dateModified":"2023-04-14T08:57:24+00:00","breadcrumb":{"@id":"https:\/\/www.comll.cat\/es\/agenda\/homenatge-al-nous-collegiats-honorifics-del-comll\/#breadcrumb"},"inLanguage":"es","potentialAction":[{"@type":"ReadAction","target":["https:\/\/www.comll.cat\/es\/agenda\/homenatge-al-nous-collegiats-honorifics-del-comll\/"]}]},{"@type":"ImageObject","inLanguage":"es","@id":"https:\/\/www.comll.cat\/es\/agenda\/homenatge-al-nous-collegiats-honorifics-del-comll\/#primaryimage","url":"https:\/\/www.comll.cat\/es\/wp-content\/uploads\/sites\/3\/whatsapp-image-2023-03-02-at-103706.jpeg","contentUrl":"https:\/\/www.comll.cat\/es\/wp-content\/uploads\/sites\/3\/whatsapp-image-2023-03-02-at-103706.jpeg","width":1024,"height":768},{"@type":"BreadcrumbList","@id":"https:\/\/www.comll.cat\/es\/agenda\/homenatge-al-nous-collegiats-honorifics-del-comll\/#breadcrumb","itemListElement":[{"@type":"ListItem","position":1,"name":"Portada","item":"https:\/\/www.comll.cat\/es\/"},{"@type":"ListItem","position":2,"name":"Eventos","item":"https:\/\/www.comll.cat\/es\/agenda-c\/"},{"@type":"ListItem","position":3,"name":"Homenaje a los nuevos colegiados honor\u00edficos del COMLL"}]},{"@type":"WebSite","@id":"https:\/\/www.comll.cat\/es\/#website","url":"https:\/\/www.comll.cat\/es\/","name":"Col\u00b7legi Oficial de Metges de Lleida","description":"COMLL","potentialAction":[{"@type":"SearchAction","target":{"@type":"EntryPoint","urlTemplate":"https:\/\/www.comll.cat\/es\/?s={search_term_string}"},"query-input":{"@type":"PropertyValueSpecification","valueRequired":true,"valueName":"search_term_string"}}],"inLanguage":"es"}]}},"publishpress_future_workflow_manual_trigger":{"enabledWorkflows":[]},"_links":{"self":[{"href":"https:\/\/www.comll.cat\/es\/wp-json\/wp\/v2\/tribe_events\/7339","targetHints":{"allow":["GET"]}}],"collection":[{"href":"https:\/\/www.comll.cat\/es\/wp-json\/wp\/v2\/tribe_events"}],"about":[{"href":"https:\/\/www.comll.cat\/es\/wp-json\/wp\/v2\/types\/tribe_events"}],"author":[{"embeddable":true,"href":"https:\/\/www.comll.cat\/es\/wp-json\/wp\/v2\/users\/4"}],"version-history":[{"count":4,"href":"https:\/\/www.comll.cat\/es\/wp-json\/wp\/v2\/tribe_events\/7339\/revisions"}],"predecessor-version":[{"id":7450,"href":"https:\/\/www.comll.cat\/es\/wp-json\/wp\/v2\/tribe_events\/7339\/revisions\/7450"}],"wp:featuredmedia":[{"embeddable":true,"href":"https:\/\/www.comll.cat\/es\/wp-json\/wp\/v2\/media\/7340"}],"wp:attachment":[{"href":"https:\/\/www.comll.cat\/es\/wp-json\/wp\/v2\/media?parent=7339"}],"wp:term":[{"taxonomy":"post_tag","embeddable":true,"href":"https:\/\/www.comll.cat\/es\/wp-json\/wp\/v2\/tags?post=7339"},{"taxonomy":"tribe_events_cat","embeddable":true,"href":"https:\/\/www.comll.cat\/es\/wp-json\/wp\/v2\/tribe_events_cat?post=7339"}],"curies":[{"name":"wp","href":"https:\/\/api.w.org\/{rel}","templated":true}]}}

Homenaje a los nuevos colegiados honoríficos del COMLL

<ul>
<li><strong>19:00h. Homenaje a los nuevos Colegiados Honoríficos</strong>, organizado por la sección de Médicos Jubilados en el cual, todo al acabar la asamblea, se hará entrega de insignia  y diploma a los jubilados en el transcurso del año pasado.  Podéis consultar el listado de colegiados honoríficos homenajeados <a href="https://www.comll.cat/wp-content/uploads/collegiats-honorifics-2023.pdf">aquí</a></li>
<li><strong>20:00 h - "Xarxa: espectáculo de trapecio y arpa"</strong>, en honor de los homenajeados, que tendrá lugar a los jardines del Hospital Santa Maria, a cargo de Júlia Farrero (trapecio) y Berta Puigdemassa (arpa).</li>
</ul>
<p>Júlia y Berta en escena.<br />
Un trapecio flota en el aire. Una arpa nos transporta a una dimensión celestial.<br />
El reto común: tejer la red que todo lo acoge.<br />
La red viva donde cada hilo, delicado pero firme, es único.<br />
El diseño de la red varía a cada instante en función de la respiración de las cuerdas</p>
<p>* La organización se reserva el derecho de modificar, si las circunstancias lo exigen, el programa o los horarios, como también de decidir la suspensión del espectáculo en caso de inclemencias meteorológicas o causa de fuerza mayor.</p>

<p>19:00h. Homenaje a los nuevos Colegiados Honoríficos, organizado por la sección de Médicos Jubilados en el cual, todo al acabar...</p>

<!-- This site is optimized with the Yoast SEO plugin v27.5 - https://yoast.com/product/yoast-seo-wordpress/ -->
<title>Homenaje a los nuevos colegiados honoríficos del COMLL - Col·legi Oficial de Metges de Lleida</title>
<meta name="robots" content="index, follow, max-snippet:-1, max-image-preview:large, max-video-preview:-1" />
<link rel="canonical" href="https://www.comll.cat/es/agenda/homenatge-al-nous-collegiats-honorifics-del-comll/" />
<meta property="og:locale" content="es_ES" />
<meta property="og:type" content="article" />
<meta property="og:title" content="Homenaje a los nuevos colegiados honoríficos del COMLL - Col·legi Oficial de Metges de Lleida" />
<meta property="og:description" content="19:00h. Homenaje a los nuevos Colegiados Honoríficos, organizado por la sección de Médicos Jubilados en el cual, todo al acabar..." />
<meta property="og:url" content="https://www.comll.cat/es/agenda/homenatge-al-nous-collegiats-honorifics-del-comll/" />
<meta property="og:site_name" content="Col·legi Oficial de Metges de Lleida" />
<meta property="article:modified_time" content="2023-04-14T08:57:24+00:00" />
<meta property="og:image" content="https://www.comll.cat/es/wp-content/uploads/sites/3/whatsapp-image-2023-03-02-at-103706.jpeg" />
	<meta property="og:image:width" content="1024" />
	<meta property="og:image:height" content="768" />
	<meta property="og:image:type" content="image/jpeg" />
<meta name="twitter:card" content="summary_large_image" />
<script type="application/ld+json" class="yoast-schema-graph">{"@context":"https:\/\/schema.org","@graph":[{"@type":"WebPage","@id":"https:\/\/www.comll.cat\/es\/agenda\/homenatge-al-nous-collegiats-honorifics-del-comll\/","url":"https:\/\/www.comll.cat\/es\/agenda\/homenatge-al-nous-collegiats-honorifics-del-comll\/","name":"Homenaje a los nuevos colegiados honoríficos del COMLL - Col·legi Oficial de Metges de Lleida","isPartOf":{"@id":"https:\/\/www.comll.cat\/es\/#website"},"primaryImageOfPage":{"@id":"https:\/\/www.comll.cat\/es\/agenda\/homenatge-al-nous-collegiats-honorifics-del-comll\/#primaryimage"},"image":{"@id":"https:\/\/www.comll.cat\/es\/agenda\/homenatge-al-nous-collegiats-honorifics-del-comll\/#primaryimage"},"thumbnailUrl":"https:\/\/www.comll.cat\/es\/wp-content\/uploads\/sites\/3\/whatsapp-image-2023-03-02-at-103706.jpeg","datePublished":"2023-03-29T09:55:07+00:00","dateModified":"2023-04-14T08:57:24+00:00","breadcrumb":{"@id":"https:\/\/www.comll.cat\/es\/agenda\/homenatge-al-nous-collegiats-honorifics-del-comll\/#breadcrumb"},"inLanguage":"es","potentialAction":[{"@type":"ReadAction","target":["https:\/\/www.comll.cat\/es\/agenda\/homenatge-al-nous-collegiats-honorifics-del-comll\/"]}]},{"@type":"ImageObject","inLanguage":"es","@id":"https:\/\/www.comll.cat\/es\/agenda\/homenatge-al-nous-collegiats-honorifics-del-comll\/#primaryimage","url":"https:\/\/www.comll.cat\/es\/wp-content\/uploads\/sites\/3\/whatsapp-image-2023-03-02-at-103706.jpeg","contentUrl":"https:\/\/www.comll.cat\/es\/wp-content\/uploads\/sites\/3\/whatsapp-image-2023-03-02-at-103706.jpeg","width":1024,"height":768},{"@type":"BreadcrumbList","@id":"https:\/\/www.comll.cat\/es\/agenda\/homenatge-al-nous-collegiats-honorifics-del-comll\/#breadcrumb","itemListElement":[{"@type":"ListItem","position":1,"name":"Portada","item":"https:\/\/www.comll.cat\/es\/"},{"@type":"ListItem","position":2,"name":"Eventos","item":"https:\/\/www.comll.cat\/es\/agenda-c\/"},{"@type":"ListItem","position":3,"name":"Homenaje a los nuevos colegiados honoríficos del COMLL"}]},{"@type":"WebSite","@id":"https:\/\/www.comll.cat\/es\/#website","url":"https:\/\/www.comll.cat\/es\/","name":"Col·legi Oficial de Metges de Lleida","description":"COMLL","potentialAction":[{"@type":"SearchAction","target":{"@type":"EntryPoint","urlTemplate":"https:\/\/www.comll.cat\/es\/?s={search_term_string}"},"query-input":{"@type":"PropertyValueSpecification","valueRequired":true,"valueName":"search_term_string"}}],"inLanguage":"es"}]}</script>
<!-- / Yoast SEO plugin. -->

Homenaje a los nuevos colegiados honoríficos del COMLL - Col·legi Oficial de Metges de Lleida

19:00h. Homenaje a los nuevos Colegiados Honoríficos, organizado por la sección de Médicos Jubilados en el cual, todo al acabar...
