{"id":7337,"date":"2023-03-29T11:57:12","date_gmt":"2023-03-29T09:57:12","guid":{"rendered":"https:\/\/www.comll.cat\/es\/?post_type=tribe_events&#038;p=7337"},"modified":"2023-03-29T13:49:01","modified_gmt":"2023-03-29T11:49:01","slug":"celebracio-diada-de-sant-jordi-125e-aniversari-del-comll","status":"publish","type":"tribe_events","link":"https:\/\/www.comll.cat\/es\/agenda\/celebracio-diada-de-sant-jordi-125e-aniversari-del-comll\/","title":{"rendered":"Celebraci\u00f3n Diada de Sant Jordi - 125 aniversario del COMLL"},"content":{"rendered":"<p>Primer acto de la conmemoraci\u00f3n\u00a0del 125.\u00ba cumplea\u00f1os del COMLL con la celebraci\u00f3n de la Fiesta de San Jorge.<\/p>\n<p>Presentaci\u00f3n de libros al Sal\u00f3n de actos de la Facultad de Medicina, antes de la celebraci\u00f3n de la Asamblea, y con la participaci\u00f3n de los siguientes\u00a0autores colegiados del COMLL:<\/p>\n<ul>\n<li><strong>Joan Vi\u00f1as Salas -\u00a0<\/strong><em>Com viure amb la malaltia. Des de l'experi\u00e8ncia d'un metge malalt cristi\u00e0<\/em><\/li>\n<li><strong>Jorge Pe\u00f1a Lueza i Joan Vi\u00f1as Salas-\u00a0<\/strong><em>Quaranta anys despr\u00e9s: El retorn dels estudis de medicina a Lleida\u00a0<\/em><\/li>\n<li><strong>Ram\u00f3n Fern\u00e1ndez-Paredes Mestres<\/strong>\u00a0-\u00a0<em>La logia Mas\u00f3nica de Lleida i Masoner\u00eda, \u00e9tica y poder<\/em><\/li>\n<li><strong>Francesc Domingo Salvany<\/strong>\u00a0-\u00a0<em>La Poesia del mar, el nostre far<\/em><\/li>\n<li><strong>Mari Garc\u00eda Salas<\/strong>\u00a0- <em>I need padel y a veces quimio<\/em><\/li>\n<li><strong>Fernando Pifarr\u00e9 Sant Agust\u00edn<\/strong>\u00a0-\u00a0<em>F\u00edsica y Biomec\u00e1nica Cl\u00ednica para fisioterapeutas y pod\u00f3logos<\/em><\/li>\n<li><strong>Pilar Riu\u00a0Villanueva\u00a0<\/strong>- <em>La Tina i la classe dels cient\u00edfics<\/em><\/li>\n<li><strong>Montserrat Esquerda Arest\u00e9<\/strong>\u00a0- <em>Hablar de la muerte para vivir y morir mejor<\/em><\/li>\n<\/ul>\n","protected":false},"excerpt":{"rendered":"<p>Primer acto de la conmemoraci\u00f3n\u00a0del 125.\u00ba cumplea\u00f1os del COMLL con la celebraci\u00f3n de la Fiesta de San Jorge. Presentaci\u00f3n de...<\/p>\n","protected":false},"author":4,"featured_media":7338,"template":"","meta":{"_acf_changed":false,"inline_featured_image":false,"_tribe_events_status":"","_tribe_events_status_reason":"","_tribe_events_is_hybrid":"","_tribe_events_is_virtual":"","_tribe_events_virtual_video_source":"","_tribe_events_virtual_embed_video":"","_tribe_events_virtual_linked_button_text":"","_tribe_events_virtual_linked_button":"","_tribe_events_virtual_show_embed_at":"","_tribe_events_virtual_show_embed_to":[],"_tribe_events_virtual_show_on_event":"","_tribe_events_virtual_show_on_views":"","_tribe_events_virtual_url":"","footnotes":""},"tags":[],"tribe_events_cat":[152],"class_list":["post-7337","tribe_events","type-tribe_events","status-publish","has-post-thumbnail","hentry","tribe_events_cat-destacado","cat_destacado"],"acf":[],"yoast_head":"<!-- This site is optimized with the Yoast SEO plugin v27.5 - https:\/\/yoast.com\/product\/yoast-seo-wordpress\/ -->\n<title>Celebraci\u00f3n Diada de Sant Jordi - 125 aniversario del COMLL - Col\u00b7legi Oficial de Metges de Lleida<\/title>\n<meta name=\"robots\" content=\"index, follow, max-snippet:-1, max-image-preview:large, max-video-preview:-1\" \/>\n<link rel=\"canonical\" href=\"https:\/\/www.comll.cat\/es\/agenda\/celebracio-diada-de-sant-jordi-125e-aniversari-del-comll\/\" \/>\n<meta property=\"og:locale\" content=\"es_ES\" \/>\n<meta property=\"og:type\" content=\"article\" \/>\n<meta property=\"og:title\" content=\"Celebraci\u00f3n Diada de Sant Jordi - 125 aniversario del COMLL - Col\u00b7legi Oficial de Metges de Lleida\" \/>\n<meta property=\"og:description\" content=\"Primer acto de la conmemoraci\u00f3n\u00a0del 125.\u00ba cumplea\u00f1os del COMLL con la celebraci\u00f3n de la Fiesta de San Jorge. Presentaci\u00f3n de...\" \/>\n<meta property=\"og:url\" content=\"https:\/\/www.comll.cat\/es\/agenda\/celebracio-diada-de-sant-jordi-125e-aniversari-del-comll\/\" \/>\n<meta property=\"og:site_name\" content=\"Col\u00b7legi Oficial de Metges de Lleida\" \/>\n<meta property=\"article:modified_time\" content=\"2023-03-29T11:49:01+00:00\" \/>\n<meta property=\"og:image\" content=\"https:\/\/www.comll.cat\/es\/wp-content\/uploads\/sites\/3\/sant-jordi-web.png\" \/>\n\t<meta property=\"og:image:width\" content=\"1030\" \/>\n\t<meta property=\"og:image:height\" content=\"480\" \/>\n\t<meta property=\"og:image:type\" content=\"image\/png\" \/>\n<meta name=\"twitter:card\" content=\"summary_large_image\" \/>\n<script type=\"application\/ld+json\" class=\"yoast-schema-graph\">{\"@context\":\"https:\\\/\\\/schema.org\",\"@graph\":[{\"@type\":\"WebPage\",\"@id\":\"https:\\\/\\\/www.comll.cat\\\/es\\\/agenda\\\/celebracio-diada-de-sant-jordi-125e-aniversari-del-comll\\\/\",\"url\":\"https:\\\/\\\/www.comll.cat\\\/es\\\/agenda\\\/celebracio-diada-de-sant-jordi-125e-aniversari-del-comll\\\/\",\"name\":\"Celebraci\u00f3n Diada de Sant Jordi - 125 aniversario del COMLL - Col\u00b7legi Oficial de Metges de Lleida\",\"isPartOf\":{\"@id\":\"https:\\\/\\\/www.comll.cat\\\/es\\\/#website\"},\"primaryImageOfPage\":{\"@id\":\"https:\\\/\\\/www.comll.cat\\\/es\\\/agenda\\\/celebracio-diada-de-sant-jordi-125e-aniversari-del-comll\\\/#primaryimage\"},\"image\":{\"@id\":\"https:\\\/\\\/www.comll.cat\\\/es\\\/agenda\\\/celebracio-diada-de-sant-jordi-125e-aniversari-del-comll\\\/#primaryimage\"},\"thumbnailUrl\":\"https:\\\/\\\/www.comll.cat\\\/es\\\/wp-content\\\/uploads\\\/sites\\\/3\\\/sant-jordi-web.png\",\"datePublished\":\"2023-03-29T09:57:12+00:00\",\"dateModified\":\"2023-03-29T11:49:01+00:00\",\"breadcrumb\":{\"@id\":\"https:\\\/\\\/www.comll.cat\\\/es\\\/agenda\\\/celebracio-diada-de-sant-jordi-125e-aniversari-del-comll\\\/#breadcrumb\"},\"inLanguage\":\"es\",\"potentialAction\":[{\"@type\":\"ReadAction\",\"target\":[\"https:\\\/\\\/www.comll.cat\\\/es\\\/agenda\\\/celebracio-diada-de-sant-jordi-125e-aniversari-del-comll\\\/\"]}]},{\"@type\":\"ImageObject\",\"inLanguage\":\"es\",\"@id\":\"https:\\\/\\\/www.comll.cat\\\/es\\\/agenda\\\/celebracio-diada-de-sant-jordi-125e-aniversari-del-comll\\\/#primaryimage\",\"url\":\"https:\\\/\\\/www.comll.cat\\\/es\\\/wp-content\\\/uploads\\\/sites\\\/3\\\/sant-jordi-web.png\",\"contentUrl\":\"https:\\\/\\\/www.comll.cat\\\/es\\\/wp-content\\\/uploads\\\/sites\\\/3\\\/sant-jordi-web.png\",\"width\":1030,\"height\":480},{\"@type\":\"BreadcrumbList\",\"@id\":\"https:\\\/\\\/www.comll.cat\\\/es\\\/agenda\\\/celebracio-diada-de-sant-jordi-125e-aniversari-del-comll\\\/#breadcrumb\",\"itemListElement\":[{\"@type\":\"ListItem\",\"position\":1,\"name\":\"Portada\",\"item\":\"https:\\\/\\\/www.comll.cat\\\/es\\\/\"},{\"@type\":\"ListItem\",\"position\":2,\"name\":\"Eventos\",\"item\":\"https:\\\/\\\/www.comll.cat\\\/es\\\/agenda-c\\\/\"},{\"@type\":\"ListItem\",\"position\":3,\"name\":\"Celebraci\u00f3n Diada de Sant Jordi - 125 aniversario del COMLL\"}]},{\"@type\":\"WebSite\",\"@id\":\"https:\\\/\\\/www.comll.cat\\\/es\\\/#website\",\"url\":\"https:\\\/\\\/www.comll.cat\\\/es\\\/\",\"name\":\"Col\u00b7legi Oficial de Metges de Lleida\",\"description\":\"COMLL\",\"potentialAction\":[{\"@type\":\"SearchAction\",\"target\":{\"@type\":\"EntryPoint\",\"urlTemplate\":\"https:\\\/\\\/www.comll.cat\\\/es\\\/?s={search_term_string}\"},\"query-input\":{\"@type\":\"PropertyValueSpecification\",\"valueRequired\":true,\"valueName\":\"search_term_string\"}}],\"inLanguage\":\"es\"}]}<\/script>\n<!-- \/ Yoast SEO plugin. -->","yoast_head_json":{"title":"Celebraci\u00f3n Diada de Sant Jordi - 125 aniversario del COMLL - Col\u00b7legi Oficial de Metges de Lleida","robots":{"index":"index","follow":"follow","max-snippet":"max-snippet:-1","max-image-preview":"max-image-preview:large","max-video-preview":"max-video-preview:-1"},"canonical":"https:\/\/www.comll.cat\/es\/agenda\/celebracio-diada-de-sant-jordi-125e-aniversari-del-comll\/","og_locale":"es_ES","og_type":"article","og_title":"Celebraci\u00f3n Diada de Sant Jordi - 125 aniversario del COMLL - Col\u00b7legi Oficial de Metges de Lleida","og_description":"Primer acto de la conmemoraci\u00f3n\u00a0del 125.\u00ba cumplea\u00f1os del COMLL con la celebraci\u00f3n de la Fiesta de San Jorge. Presentaci\u00f3n de...","og_url":"https:\/\/www.comll.cat\/es\/agenda\/celebracio-diada-de-sant-jordi-125e-aniversari-del-comll\/","og_site_name":"Col\u00b7legi Oficial de Metges de Lleida","article_modified_time":"2023-03-29T11:49:01+00:00","og_image":[{"width":1030,"height":480,"url":"https:\/\/www.comll.cat\/es\/wp-content\/uploads\/sites\/3\/sant-jordi-web.png","type":"image\/png"}],"twitter_card":"summary_large_image","schema":{"@context":"https:\/\/schema.org","@graph":[{"@type":"WebPage","@id":"https:\/\/www.comll.cat\/es\/agenda\/celebracio-diada-de-sant-jordi-125e-aniversari-del-comll\/","url":"https:\/\/www.comll.cat\/es\/agenda\/celebracio-diada-de-sant-jordi-125e-aniversari-del-comll\/","name":"Celebraci\u00f3n Diada de Sant Jordi - 125 aniversario del COMLL - Col\u00b7legi Oficial de Metges de Lleida","isPartOf":{"@id":"https:\/\/www.comll.cat\/es\/#website"},"primaryImageOfPage":{"@id":"https:\/\/www.comll.cat\/es\/agenda\/celebracio-diada-de-sant-jordi-125e-aniversari-del-comll\/#primaryimage"},"image":{"@id":"https:\/\/www.comll.cat\/es\/agenda\/celebracio-diada-de-sant-jordi-125e-aniversari-del-comll\/#primaryimage"},"thumbnailUrl":"https:\/\/www.comll.cat\/es\/wp-content\/uploads\/sites\/3\/sant-jordi-web.png","datePublished":"2023-03-29T09:57:12+00:00","dateModified":"2023-03-29T11:49:01+00:00","breadcrumb":{"@id":"https:\/\/www.comll.cat\/es\/agenda\/celebracio-diada-de-sant-jordi-125e-aniversari-del-comll\/#breadcrumb"},"inLanguage":"es","potentialAction":[{"@type":"ReadAction","target":["https:\/\/www.comll.cat\/es\/agenda\/celebracio-diada-de-sant-jordi-125e-aniversari-del-comll\/"]}]},{"@type":"ImageObject","inLanguage":"es","@id":"https:\/\/www.comll.cat\/es\/agenda\/celebracio-diada-de-sant-jordi-125e-aniversari-del-comll\/#primaryimage","url":"https:\/\/www.comll.cat\/es\/wp-content\/uploads\/sites\/3\/sant-jordi-web.png","contentUrl":"https:\/\/www.comll.cat\/es\/wp-content\/uploads\/sites\/3\/sant-jordi-web.png","width":1030,"height":480},{"@type":"BreadcrumbList","@id":"https:\/\/www.comll.cat\/es\/agenda\/celebracio-diada-de-sant-jordi-125e-aniversari-del-comll\/#breadcrumb","itemListElement":[{"@type":"ListItem","position":1,"name":"Portada","item":"https:\/\/www.comll.cat\/es\/"},{"@type":"ListItem","position":2,"name":"Eventos","item":"https:\/\/www.comll.cat\/es\/agenda-c\/"},{"@type":"ListItem","position":3,"name":"Celebraci\u00f3n Diada de Sant Jordi - 125 aniversario del COMLL"}]},{"@type":"WebSite","@id":"https:\/\/www.comll.cat\/es\/#website","url":"https:\/\/www.comll.cat\/es\/","name":"Col\u00b7legi Oficial de Metges de Lleida","description":"COMLL","potentialAction":[{"@type":"SearchAction","target":{"@type":"EntryPoint","urlTemplate":"https:\/\/www.comll.cat\/es\/?s={search_term_string}"},"query-input":{"@type":"PropertyValueSpecification","valueRequired":true,"valueName":"search_term_string"}}],"inLanguage":"es"}]}},"publishpress_future_workflow_manual_trigger":{"enabledWorkflows":[]},"_links":{"self":[{"href":"https:\/\/www.comll.cat\/es\/wp-json\/wp\/v2\/tribe_events\/7337","targetHints":{"allow":["GET"]}}],"collection":[{"href":"https:\/\/www.comll.cat\/es\/wp-json\/wp\/v2\/tribe_events"}],"about":[{"href":"https:\/\/www.comll.cat\/es\/wp-json\/wp\/v2\/types\/tribe_events"}],"author":[{"embeddable":true,"href":"https:\/\/www.comll.cat\/es\/wp-json\/wp\/v2\/users\/4"}],"version-history":[{"count":2,"href":"https:\/\/www.comll.cat\/es\/wp-json\/wp\/v2\/tribe_events\/7337\/revisions"}],"predecessor-version":[{"id":7350,"href":"https:\/\/www.comll.cat\/es\/wp-json\/wp\/v2\/tribe_events\/7337\/revisions\/7350"}],"wp:featuredmedia":[{"embeddable":true,"href":"https:\/\/www.comll.cat\/es\/wp-json\/wp\/v2\/media\/7338"}],"wp:attachment":[{"href":"https:\/\/www.comll.cat\/es\/wp-json\/wp\/v2\/media?parent=7337"}],"wp:term":[{"taxonomy":"post_tag","embeddable":true,"href":"https:\/\/www.comll.cat\/es\/wp-json\/wp\/v2\/tags?post=7337"},{"taxonomy":"tribe_events_cat","embeddable":true,"href":"https:\/\/www.comll.cat\/es\/wp-json\/wp\/v2\/tribe_events_cat?post=7337"}],"curies":[{"name":"wp","href":"https:\/\/api.w.org\/{rel}","templated":true}]}}

Celebración Diada de Sant Jordi - 125 aniversario del COMLL

<p>Primer acto de la conmemoración del 125.º cumpleaños del COMLL con la celebración de la Fiesta de San Jorge.</p>
<p>Presentación de libros al Salón de actos de la Facultad de Medicina, antes de la celebración de la Asamblea, y con la participación de los siguientes autores colegiados del COMLL:</p>
<ul>
<li><strong>Joan Viñas Salas - </strong><em>Com viure amb la malaltia. Des de l'experiència d'un metge malalt cristià</em></li>
<li><strong>Jorge Peña Lueza i Joan Viñas Salas- </strong><em>Quaranta anys després: El retorn dels estudis de medicina a Lleida </em></li>
<li><strong>Ramón Fernández-Paredes Mestres</strong> - <em>La logia Masónica de Lleida i Masonería, ética y poder</em></li>
<li><strong>Francesc Domingo Salvany</strong> - <em>La Poesia del mar, el nostre far</em></li>
<li><strong>Mari García Salas</strong> - <em>I need padel y a veces quimio</em></li>
<li><strong>Fernando Pifarré Sant Agustín</strong> - <em>Física y Biomecánica Clínica para fisioterapeutas y podólogos</em></li>
<li><strong>Pilar Riu Villanueva </strong>- <em>La Tina i la classe dels científics</em></li>
<li><strong>Montserrat Esquerda Aresté</strong> - <em>Hablar de la muerte para vivir y morir mejor</em></li>
</ul>

<p>Primer acto de la conmemoración del 125.º cumpleaños del COMLL con la celebración de la Fiesta de San Jorge. Presentación de...</p>

<!-- This site is optimized with the Yoast SEO plugin v27.5 - https://yoast.com/product/yoast-seo-wordpress/ -->
<title>Celebración Diada de Sant Jordi - 125 aniversario del COMLL - Col·legi Oficial de Metges de Lleida</title>
<meta name="robots" content="index, follow, max-snippet:-1, max-image-preview:large, max-video-preview:-1" />
<link rel="canonical" href="https://www.comll.cat/es/agenda/celebracio-diada-de-sant-jordi-125e-aniversari-del-comll/" />
<meta property="og:locale" content="es_ES" />
<meta property="og:type" content="article" />
<meta property="og:title" content="Celebración Diada de Sant Jordi - 125 aniversario del COMLL - Col·legi Oficial de Metges de Lleida" />
<meta property="og:description" content="Primer acto de la conmemoración del 125.º cumpleaños del COMLL con la celebración de la Fiesta de San Jorge. Presentación de..." />
<meta property="og:url" content="https://www.comll.cat/es/agenda/celebracio-diada-de-sant-jordi-125e-aniversari-del-comll/" />
<meta property="og:site_name" content="Col·legi Oficial de Metges de Lleida" />
<meta property="article:modified_time" content="2023-03-29T11:49:01+00:00" />
<meta property="og:image" content="https://www.comll.cat/es/wp-content/uploads/sites/3/sant-jordi-web.png" />
	<meta property="og:image:width" content="1030" />
	<meta property="og:image:height" content="480" />
	<meta property="og:image:type" content="image/png" />
<meta name="twitter:card" content="summary_large_image" />
<script type="application/ld+json" class="yoast-schema-graph">{"@context":"https:\/\/schema.org","@graph":[{"@type":"WebPage","@id":"https:\/\/www.comll.cat\/es\/agenda\/celebracio-diada-de-sant-jordi-125e-aniversari-del-comll\/","url":"https:\/\/www.comll.cat\/es\/agenda\/celebracio-diada-de-sant-jordi-125e-aniversari-del-comll\/","name":"Celebración Diada de Sant Jordi - 125 aniversario del COMLL - Col·legi Oficial de Metges de Lleida","isPartOf":{"@id":"https:\/\/www.comll.cat\/es\/#website"},"primaryImageOfPage":{"@id":"https:\/\/www.comll.cat\/es\/agenda\/celebracio-diada-de-sant-jordi-125e-aniversari-del-comll\/#primaryimage"},"image":{"@id":"https:\/\/www.comll.cat\/es\/agenda\/celebracio-diada-de-sant-jordi-125e-aniversari-del-comll\/#primaryimage"},"thumbnailUrl":"https:\/\/www.comll.cat\/es\/wp-content\/uploads\/sites\/3\/sant-jordi-web.png","datePublished":"2023-03-29T09:57:12+00:00","dateModified":"2023-03-29T11:49:01+00:00","breadcrumb":{"@id":"https:\/\/www.comll.cat\/es\/agenda\/celebracio-diada-de-sant-jordi-125e-aniversari-del-comll\/#breadcrumb"},"inLanguage":"es","potentialAction":[{"@type":"ReadAction","target":["https:\/\/www.comll.cat\/es\/agenda\/celebracio-diada-de-sant-jordi-125e-aniversari-del-comll\/"]}]},{"@type":"ImageObject","inLanguage":"es","@id":"https:\/\/www.comll.cat\/es\/agenda\/celebracio-diada-de-sant-jordi-125e-aniversari-del-comll\/#primaryimage","url":"https:\/\/www.comll.cat\/es\/wp-content\/uploads\/sites\/3\/sant-jordi-web.png","contentUrl":"https:\/\/www.comll.cat\/es\/wp-content\/uploads\/sites\/3\/sant-jordi-web.png","width":1030,"height":480},{"@type":"BreadcrumbList","@id":"https:\/\/www.comll.cat\/es\/agenda\/celebracio-diada-de-sant-jordi-125e-aniversari-del-comll\/#breadcrumb","itemListElement":[{"@type":"ListItem","position":1,"name":"Portada","item":"https:\/\/www.comll.cat\/es\/"},{"@type":"ListItem","position":2,"name":"Eventos","item":"https:\/\/www.comll.cat\/es\/agenda-c\/"},{"@type":"ListItem","position":3,"name":"Celebración Diada de Sant Jordi - 125 aniversario del COMLL"}]},{"@type":"WebSite","@id":"https:\/\/www.comll.cat\/es\/#website","url":"https:\/\/www.comll.cat\/es\/","name":"Col·legi Oficial de Metges de Lleida","description":"COMLL","potentialAction":[{"@type":"SearchAction","target":{"@type":"EntryPoint","urlTemplate":"https:\/\/www.comll.cat\/es\/?s={search_term_string}"},"query-input":{"@type":"PropertyValueSpecification","valueRequired":true,"valueName":"search_term_string"}}],"inLanguage":"es"}]}</script>
<!-- / Yoast SEO plugin. -->

Celebración Diada de Sant Jordi - 125 aniversario del COMLL - Col·legi Oficial de Metges de Lleida

Primer acto de la conmemoración del 125.º cumpleaños del COMLL con la celebración de la Fiesta de San Jorge. Presentación de...
