{"id":7105,"date":"2023-03-09T16:43:13","date_gmt":"2023-03-09T15:43:13","guid":{"rendered":"https:\/\/www.comll.cat\/es\/?post_type=tribe_events&#038;p=7105"},"modified":"2023-03-09T16:43:28","modified_gmt":"2023-03-09T15:43:28","slug":"xerrada-els-beatles-un-fenomen-cultural-irrepetible","status":"publish","type":"tribe_events","link":"https:\/\/www.comll.cat\/es\/agenda\/xerrada-els-beatles-un-fenomen-cultural-irrepetible\/","title":{"rendered":"Charla \"Los Beatles, un fen\u00f3meno cultural irrepetible\""},"content":{"rendered":"<p>El profesor de Historia de la M\u00fasica y cr\u00edtico musical <strong>Javier\u00a0de Castro<\/strong> nos adentrar\u00e1 en la historia del famos\u00edsimo grupo brit\u00e1nico, The Beatles, el jueves 23 de marzo a las 18 horas en la sede del COMLL (Rambla Arag\u00f3, 14).<\/p>\n","protected":false},"excerpt":{"rendered":"<p>El profesor de Historia de la M\u00fasica y cr\u00edtico musical Javier\u00a0de Castro nos adentrar\u00e1 en la historia del famos\u00edsimo grupo...<\/p>\n","protected":false},"author":4,"featured_media":7106,"template":"","meta":{"_acf_changed":false,"inline_featured_image":false,"_tribe_events_status":"","_tribe_events_status_reason":"","_tribe_events_is_hybrid":"","_tribe_events_is_virtual":"","_tribe_events_virtual_video_source":"","_tribe_events_virtual_embed_video":"","_tribe_events_virtual_linked_button_text":"","_tribe_events_virtual_linked_button":"","_tribe_events_virtual_show_embed_at":"","_tribe_events_virtual_show_embed_to":[],"_tribe_events_virtual_show_on_event":"","_tribe_events_virtual_show_on_views":"","_tribe_events_virtual_url":"","footnotes":""},"tags":[],"tribe_events_cat":[138],"class_list":["post-7105","tribe_events","type-tribe_events","status-publish","has-post-thumbnail","hentry","tribe_events_cat-destacat","cat_destacat"],"acf":[],"yoast_head":"<!-- This site is optimized with the Yoast SEO plugin v27.5 - https:\/\/yoast.com\/product\/yoast-seo-wordpress\/ -->\n<title>Charla &quot;Los Beatles, un fen\u00f3meno cultural irrepetible&quot; - Col\u00b7legi Oficial de Metges de Lleida<\/title>\n<meta name=\"robots\" content=\"index, follow, max-snippet:-1, max-image-preview:large, max-video-preview:-1\" \/>\n<link rel=\"canonical\" href=\"https:\/\/www.comll.cat\/es\/agenda\/xerrada-els-beatles-un-fenomen-cultural-irrepetible\/\" \/>\n<meta property=\"og:locale\" content=\"es_ES\" \/>\n<meta property=\"og:type\" content=\"article\" \/>\n<meta property=\"og:title\" content=\"Charla &quot;Los Beatles, un fen\u00f3meno cultural irrepetible&quot; - Col\u00b7legi Oficial de Metges de Lleida\" \/>\n<meta property=\"og:description\" content=\"El profesor de Historia de la M\u00fasica y cr\u00edtico musical Javier\u00a0de Castro nos adentrar\u00e1 en la historia del famos\u00edsimo grupo...\" \/>\n<meta property=\"og:url\" content=\"https:\/\/www.comll.cat\/es\/agenda\/xerrada-els-beatles-un-fenomen-cultural-irrepetible\/\" \/>\n<meta property=\"og:site_name\" content=\"Col\u00b7legi Oficial de Metges de Lleida\" \/>\n<meta property=\"article:modified_time\" content=\"2023-03-09T15:43:28+00:00\" \/>\n<meta property=\"og:image\" content=\"https:\/\/www.comll.cat\/es\/wp-content\/uploads\/sites\/3\/beatles-web-1.png\" \/>\n\t<meta property=\"og:image:width\" content=\"560\" \/>\n\t<meta property=\"og:image:height\" content=\"315\" \/>\n\t<meta property=\"og:image:type\" content=\"image\/png\" \/>\n<meta name=\"twitter:card\" content=\"summary_large_image\" \/>\n<script type=\"application\/ld+json\" class=\"yoast-schema-graph\">{\"@context\":\"https:\\\/\\\/schema.org\",\"@graph\":[{\"@type\":\"WebPage\",\"@id\":\"https:\\\/\\\/www.comll.cat\\\/es\\\/agenda\\\/xerrada-els-beatles-un-fenomen-cultural-irrepetible\\\/\",\"url\":\"https:\\\/\\\/www.comll.cat\\\/es\\\/agenda\\\/xerrada-els-beatles-un-fenomen-cultural-irrepetible\\\/\",\"name\":\"Charla \\\"Los Beatles, un fen\u00f3meno cultural irrepetible\\\" - Col\u00b7legi Oficial de Metges de Lleida\",\"isPartOf\":{\"@id\":\"https:\\\/\\\/www.comll.cat\\\/es\\\/#website\"},\"primaryImageOfPage\":{\"@id\":\"https:\\\/\\\/www.comll.cat\\\/es\\\/agenda\\\/xerrada-els-beatles-un-fenomen-cultural-irrepetible\\\/#primaryimage\"},\"image\":{\"@id\":\"https:\\\/\\\/www.comll.cat\\\/es\\\/agenda\\\/xerrada-els-beatles-un-fenomen-cultural-irrepetible\\\/#primaryimage\"},\"thumbnailUrl\":\"https:\\\/\\\/www.comll.cat\\\/es\\\/wp-content\\\/uploads\\\/sites\\\/3\\\/beatles-web-1.png\",\"datePublished\":\"2023-03-09T15:43:13+00:00\",\"dateModified\":\"2023-03-09T15:43:28+00:00\",\"breadcrumb\":{\"@id\":\"https:\\\/\\\/www.comll.cat\\\/es\\\/agenda\\\/xerrada-els-beatles-un-fenomen-cultural-irrepetible\\\/#breadcrumb\"},\"inLanguage\":\"es\",\"potentialAction\":[{\"@type\":\"ReadAction\",\"target\":[\"https:\\\/\\\/www.comll.cat\\\/es\\\/agenda\\\/xerrada-els-beatles-un-fenomen-cultural-irrepetible\\\/\"]}]},{\"@type\":\"ImageObject\",\"inLanguage\":\"es\",\"@id\":\"https:\\\/\\\/www.comll.cat\\\/es\\\/agenda\\\/xerrada-els-beatles-un-fenomen-cultural-irrepetible\\\/#primaryimage\",\"url\":\"https:\\\/\\\/www.comll.cat\\\/es\\\/wp-content\\\/uploads\\\/sites\\\/3\\\/beatles-web-1.png\",\"contentUrl\":\"https:\\\/\\\/www.comll.cat\\\/es\\\/wp-content\\\/uploads\\\/sites\\\/3\\\/beatles-web-1.png\",\"width\":560,\"height\":315},{\"@type\":\"BreadcrumbList\",\"@id\":\"https:\\\/\\\/www.comll.cat\\\/es\\\/agenda\\\/xerrada-els-beatles-un-fenomen-cultural-irrepetible\\\/#breadcrumb\",\"itemListElement\":[{\"@type\":\"ListItem\",\"position\":1,\"name\":\"Portada\",\"item\":\"https:\\\/\\\/www.comll.cat\\\/es\\\/\"},{\"@type\":\"ListItem\",\"position\":2,\"name\":\"Eventos\",\"item\":\"https:\\\/\\\/www.comll.cat\\\/es\\\/agenda-c\\\/\"},{\"@type\":\"ListItem\",\"position\":3,\"name\":\"Charla \\\"Los Beatles, un fen\u00f3meno cultural irrepetible\\\"\"}]},{\"@type\":\"WebSite\",\"@id\":\"https:\\\/\\\/www.comll.cat\\\/es\\\/#website\",\"url\":\"https:\\\/\\\/www.comll.cat\\\/es\\\/\",\"name\":\"Col\u00b7legi Oficial de Metges de Lleida\",\"description\":\"COMLL\",\"potentialAction\":[{\"@type\":\"SearchAction\",\"target\":{\"@type\":\"EntryPoint\",\"urlTemplate\":\"https:\\\/\\\/www.comll.cat\\\/es\\\/?s={search_term_string}\"},\"query-input\":{\"@type\":\"PropertyValueSpecification\",\"valueRequired\":true,\"valueName\":\"search_term_string\"}}],\"inLanguage\":\"es\"}]}<\/script>\n<!-- \/ Yoast SEO plugin. -->","yoast_head_json":{"title":"Charla \"Los Beatles, un fen\u00f3meno cultural irrepetible\" - Col\u00b7legi Oficial de Metges de Lleida","robots":{"index":"index","follow":"follow","max-snippet":"max-snippet:-1","max-image-preview":"max-image-preview:large","max-video-preview":"max-video-preview:-1"},"canonical":"https:\/\/www.comll.cat\/es\/agenda\/xerrada-els-beatles-un-fenomen-cultural-irrepetible\/","og_locale":"es_ES","og_type":"article","og_title":"Charla \"Los Beatles, un fen\u00f3meno cultural irrepetible\" - Col\u00b7legi Oficial de Metges de Lleida","og_description":"El profesor de Historia de la M\u00fasica y cr\u00edtico musical Javier\u00a0de Castro nos adentrar\u00e1 en la historia del famos\u00edsimo grupo...","og_url":"https:\/\/www.comll.cat\/es\/agenda\/xerrada-els-beatles-un-fenomen-cultural-irrepetible\/","og_site_name":"Col\u00b7legi Oficial de Metges de Lleida","article_modified_time":"2023-03-09T15:43:28+00:00","og_image":[{"width":560,"height":315,"url":"https:\/\/www.comll.cat\/es\/wp-content\/uploads\/sites\/3\/beatles-web-1.png","type":"image\/png"}],"twitter_card":"summary_large_image","schema":{"@context":"https:\/\/schema.org","@graph":[{"@type":"WebPage","@id":"https:\/\/www.comll.cat\/es\/agenda\/xerrada-els-beatles-un-fenomen-cultural-irrepetible\/","url":"https:\/\/www.comll.cat\/es\/agenda\/xerrada-els-beatles-un-fenomen-cultural-irrepetible\/","name":"Charla \"Los Beatles, un fen\u00f3meno cultural irrepetible\" - Col\u00b7legi Oficial de Metges de Lleida","isPartOf":{"@id":"https:\/\/www.comll.cat\/es\/#website"},"primaryImageOfPage":{"@id":"https:\/\/www.comll.cat\/es\/agenda\/xerrada-els-beatles-un-fenomen-cultural-irrepetible\/#primaryimage"},"image":{"@id":"https:\/\/www.comll.cat\/es\/agenda\/xerrada-els-beatles-un-fenomen-cultural-irrepetible\/#primaryimage"},"thumbnailUrl":"https:\/\/www.comll.cat\/es\/wp-content\/uploads\/sites\/3\/beatles-web-1.png","datePublished":"2023-03-09T15:43:13+00:00","dateModified":"2023-03-09T15:43:28+00:00","breadcrumb":{"@id":"https:\/\/www.comll.cat\/es\/agenda\/xerrada-els-beatles-un-fenomen-cultural-irrepetible\/#breadcrumb"},"inLanguage":"es","potentialAction":[{"@type":"ReadAction","target":["https:\/\/www.comll.cat\/es\/agenda\/xerrada-els-beatles-un-fenomen-cultural-irrepetible\/"]}]},{"@type":"ImageObject","inLanguage":"es","@id":"https:\/\/www.comll.cat\/es\/agenda\/xerrada-els-beatles-un-fenomen-cultural-irrepetible\/#primaryimage","url":"https:\/\/www.comll.cat\/es\/wp-content\/uploads\/sites\/3\/beatles-web-1.png","contentUrl":"https:\/\/www.comll.cat\/es\/wp-content\/uploads\/sites\/3\/beatles-web-1.png","width":560,"height":315},{"@type":"BreadcrumbList","@id":"https:\/\/www.comll.cat\/es\/agenda\/xerrada-els-beatles-un-fenomen-cultural-irrepetible\/#breadcrumb","itemListElement":[{"@type":"ListItem","position":1,"name":"Portada","item":"https:\/\/www.comll.cat\/es\/"},{"@type":"ListItem","position":2,"name":"Eventos","item":"https:\/\/www.comll.cat\/es\/agenda-c\/"},{"@type":"ListItem","position":3,"name":"Charla \"Los Beatles, un fen\u00f3meno cultural irrepetible\""}]},{"@type":"WebSite","@id":"https:\/\/www.comll.cat\/es\/#website","url":"https:\/\/www.comll.cat\/es\/","name":"Col\u00b7legi Oficial de Metges de Lleida","description":"COMLL","potentialAction":[{"@type":"SearchAction","target":{"@type":"EntryPoint","urlTemplate":"https:\/\/www.comll.cat\/es\/?s={search_term_string}"},"query-input":{"@type":"PropertyValueSpecification","valueRequired":true,"valueName":"search_term_string"}}],"inLanguage":"es"}]}},"publishpress_future_workflow_manual_trigger":{"enabledWorkflows":[]},"_links":{"self":[{"href":"https:\/\/www.comll.cat\/es\/wp-json\/wp\/v2\/tribe_events\/7105","targetHints":{"allow":["GET"]}}],"collection":[{"href":"https:\/\/www.comll.cat\/es\/wp-json\/wp\/v2\/tribe_events"}],"about":[{"href":"https:\/\/www.comll.cat\/es\/wp-json\/wp\/v2\/types\/tribe_events"}],"author":[{"embeddable":true,"href":"https:\/\/www.comll.cat\/es\/wp-json\/wp\/v2\/users\/4"}],"version-history":[{"count":2,"href":"https:\/\/www.comll.cat\/es\/wp-json\/wp\/v2\/tribe_events\/7105\/revisions"}],"predecessor-version":[{"id":7108,"href":"https:\/\/www.comll.cat\/es\/wp-json\/wp\/v2\/tribe_events\/7105\/revisions\/7108"}],"wp:featuredmedia":[{"embeddable":true,"href":"https:\/\/www.comll.cat\/es\/wp-json\/wp\/v2\/media\/7106"}],"wp:attachment":[{"href":"https:\/\/www.comll.cat\/es\/wp-json\/wp\/v2\/media?parent=7105"}],"wp:term":[{"taxonomy":"post_tag","embeddable":true,"href":"https:\/\/www.comll.cat\/es\/wp-json\/wp\/v2\/tags?post=7105"},{"taxonomy":"tribe_events_cat","embeddable":true,"href":"https:\/\/www.comll.cat\/es\/wp-json\/wp\/v2\/tribe_events_cat?post=7105"}],"curies":[{"name":"wp","href":"https:\/\/api.w.org\/{rel}","templated":true}]}}

Charla "Los Beatles, un fenómeno cultural irrepetible"

<p>El profesor de Historia de la Música y crítico musical <strong>Javier de Castro</strong> nos adentrará en la historia del famosísimo grupo británico, The Beatles, el jueves 23 de marzo a las 18 horas en la sede del COMLL (Rambla Aragó, 14).</p>

<p>El profesor de Historia de la Música y crítico musical Javier de Castro nos adentrará en la historia del famosísimo grupo...</p>

<!-- This site is optimized with the Yoast SEO plugin v27.5 - https://yoast.com/product/yoast-seo-wordpress/ -->
<title>Charla &quot;Los Beatles, un fenómeno cultural irrepetible&quot; - Col·legi Oficial de Metges de Lleida</title>
<meta name="robots" content="index, follow, max-snippet:-1, max-image-preview:large, max-video-preview:-1" />
<link rel="canonical" href="https://www.comll.cat/es/agenda/xerrada-els-beatles-un-fenomen-cultural-irrepetible/" />
<meta property="og:locale" content="es_ES" />
<meta property="og:type" content="article" />
<meta property="og:title" content="Charla &quot;Los Beatles, un fenómeno cultural irrepetible&quot; - Col·legi Oficial de Metges de Lleida" />
<meta property="og:description" content="El profesor de Historia de la Música y crítico musical Javier de Castro nos adentrará en la historia del famosísimo grupo..." />
<meta property="og:url" content="https://www.comll.cat/es/agenda/xerrada-els-beatles-un-fenomen-cultural-irrepetible/" />
<meta property="og:site_name" content="Col·legi Oficial de Metges de Lleida" />
<meta property="article:modified_time" content="2023-03-09T15:43:28+00:00" />
<meta property="og:image" content="https://www.comll.cat/es/wp-content/uploads/sites/3/beatles-web-1.png" />
	<meta property="og:image:width" content="560" />
	<meta property="og:image:height" content="315" />
	<meta property="og:image:type" content="image/png" />
<meta name="twitter:card" content="summary_large_image" />
<script type="application/ld+json" class="yoast-schema-graph">{"@context":"https:\/\/schema.org","@graph":[{"@type":"WebPage","@id":"https:\/\/www.comll.cat\/es\/agenda\/xerrada-els-beatles-un-fenomen-cultural-irrepetible\/","url":"https:\/\/www.comll.cat\/es\/agenda\/xerrada-els-beatles-un-fenomen-cultural-irrepetible\/","name":"Charla \"Los Beatles, un fenómeno cultural irrepetible\" - Col·legi Oficial de Metges de Lleida","isPartOf":{"@id":"https:\/\/www.comll.cat\/es\/#website"},"primaryImageOfPage":{"@id":"https:\/\/www.comll.cat\/es\/agenda\/xerrada-els-beatles-un-fenomen-cultural-irrepetible\/#primaryimage"},"image":{"@id":"https:\/\/www.comll.cat\/es\/agenda\/xerrada-els-beatles-un-fenomen-cultural-irrepetible\/#primaryimage"},"thumbnailUrl":"https:\/\/www.comll.cat\/es\/wp-content\/uploads\/sites\/3\/beatles-web-1.png","datePublished":"2023-03-09T15:43:13+00:00","dateModified":"2023-03-09T15:43:28+00:00","breadcrumb":{"@id":"https:\/\/www.comll.cat\/es\/agenda\/xerrada-els-beatles-un-fenomen-cultural-irrepetible\/#breadcrumb"},"inLanguage":"es","potentialAction":[{"@type":"ReadAction","target":["https:\/\/www.comll.cat\/es\/agenda\/xerrada-els-beatles-un-fenomen-cultural-irrepetible\/"]}]},{"@type":"ImageObject","inLanguage":"es","@id":"https:\/\/www.comll.cat\/es\/agenda\/xerrada-els-beatles-un-fenomen-cultural-irrepetible\/#primaryimage","url":"https:\/\/www.comll.cat\/es\/wp-content\/uploads\/sites\/3\/beatles-web-1.png","contentUrl":"https:\/\/www.comll.cat\/es\/wp-content\/uploads\/sites\/3\/beatles-web-1.png","width":560,"height":315},{"@type":"BreadcrumbList","@id":"https:\/\/www.comll.cat\/es\/agenda\/xerrada-els-beatles-un-fenomen-cultural-irrepetible\/#breadcrumb","itemListElement":[{"@type":"ListItem","position":1,"name":"Portada","item":"https:\/\/www.comll.cat\/es\/"},{"@type":"ListItem","position":2,"name":"Eventos","item":"https:\/\/www.comll.cat\/es\/agenda-c\/"},{"@type":"ListItem","position":3,"name":"Charla \"Los Beatles, un fenómeno cultural irrepetible\""}]},{"@type":"WebSite","@id":"https:\/\/www.comll.cat\/es\/#website","url":"https:\/\/www.comll.cat\/es\/","name":"Col·legi Oficial de Metges de Lleida","description":"COMLL","potentialAction":[{"@type":"SearchAction","target":{"@type":"EntryPoint","urlTemplate":"https:\/\/www.comll.cat\/es\/?s={search_term_string}"},"query-input":{"@type":"PropertyValueSpecification","valueRequired":true,"valueName":"search_term_string"}}],"inLanguage":"es"}]}</script>
<!-- / Yoast SEO plugin. -->

Charla "Los Beatles, un fenómeno cultural irrepetible" - Col·legi Oficial de Metges de Lleida

El profesor de Historia de la Música y crítico musical Javier de Castro nos adentrará en la historia del famosísimo grupo...
