{"id":4908,"date":"2022-04-12T12:45:52","date_gmt":"2022-04-12T10:45:52","guid":{"rendered":"https:\/\/www.comll.cat\/es\/?post_type=tribe_events&#038;p=4908"},"modified":"2022-04-13T15:59:49","modified_gmt":"2022-04-13T13:59:49","slug":"pildora-formativa-prescripcion-del-ejercicio-fisico-en-el-ambito-sanitario","status":"publish","type":"tribe_events","link":"https:\/\/www.comll.cat\/es\/agenda\/pildora-formativa-prescripcion-del-ejercicio-fisico-en-el-ambito-sanitario\/","title":{"rendered":"P\u00edldora formativa - PRESCRIPCI\u00d3N DEL EJERCICIO F\u00cdSICO EN EL \u00c1MBITO SANITARIO"},"content":{"rendered":"<ul>\n<li>Presentaci\u00f3n del proyecto europeo <a href=\"https:\/\/www.eupap.org\/\" target=\"_blank\" rel=\"noopener\" data-cke-saved-href=\"https:\/\/www.eupap.org\/\">EUPAP<\/a> de prescripci\u00f3n de actividad f\u00edsica y su implementaci\u00f3n en Catalu\u00f1a<\/li>\n<li>PONENTES: <strong>Dr. Xavier Peirau <\/strong>y <strong>Sebasti\u00e0 Mas<\/strong>, director y subdirector de INEFC Lleida respectivamente<\/li>\n<li>Se puede seguir presencialmente en la Sala de Actos del COMLL o por TEAMS (se facilitar\u00e1 el enlace a los inscritos)<\/li>\n<\/ul>\n<p>&nbsp;<\/p>\n<p>\u2295 <a href=\"https:\/\/lleida.gescol.org\/app\/inicio\/index.aspx\">Inscripci\u00f3n Colegiados<\/a><\/p>\n<p>\u2295 <a href=\"https:\/\/lleida.gescol.org\/app\/inicio\/index.aspx\">Inscripci\u00f3n no Colegiados<\/a><\/p>\n<p>&nbsp;<\/p>\n<p>&nbsp;<\/p>\n","protected":false},"excerpt":{"rendered":"<p>Presentaci\u00f3n del proyecto europeo EUPAP de prescripci\u00f3n de actividad f\u00edsica y su implementaci\u00f3n en Catalu\u00f1a PONENTES: Dr. Xavier Peirau y...<\/p>\n","protected":false},"author":4,"featured_media":4909,"template":"","meta":{"_acf_changed":false,"inline_featured_image":false,"_tribe_events_status":"","_tribe_events_status_reason":"","_tribe_events_is_hybrid":"","_tribe_events_is_virtual":"","_tribe_events_virtual_video_source":"","_tribe_events_virtual_embed_video":"","_tribe_events_virtual_linked_button_text":"","_tribe_events_virtual_linked_button":"","_tribe_events_virtual_show_embed_at":"","_tribe_events_virtual_show_embed_to":[],"_tribe_events_virtual_show_on_event":"","_tribe_events_virtual_show_on_views":"","_tribe_events_virtual_url":"","footnotes":""},"tags":[241,242,243],"tribe_events_cat":[153],"class_list":["post-4908","tribe_events","type-tribe_events","status-publish","has-post-thumbnail","hentry","tag-ejercicio","tag-fisico","tag-prescripcion","tribe_events_cat-formacion","cat_formacion"],"acf":[],"yoast_head":"<!-- This site is optimized with the Yoast SEO plugin v27.5 - https:\/\/yoast.com\/product\/yoast-seo-wordpress\/ -->\n<title>P\u00edldora formativa - PRESCRIPCI\u00d3N DEL EJERCICIO F\u00cdSICO EN EL \u00c1MBITO SANITARIO - Col\u00b7legi Oficial de Metges de Lleida<\/title>\n<meta name=\"robots\" content=\"index, follow, max-snippet:-1, max-image-preview:large, max-video-preview:-1\" \/>\n<link rel=\"canonical\" href=\"https:\/\/www.comll.cat\/es\/agenda\/pildora-formativa-prescripcion-del-ejercicio-fisico-en-el-ambito-sanitario\/\" \/>\n<meta property=\"og:locale\" content=\"es_ES\" \/>\n<meta property=\"og:type\" content=\"article\" \/>\n<meta property=\"og:title\" content=\"P\u00edldora formativa - PRESCRIPCI\u00d3N DEL EJERCICIO F\u00cdSICO EN EL \u00c1MBITO SANITARIO - Col\u00b7legi Oficial de Metges de Lleida\" \/>\n<meta property=\"og:description\" content=\"Presentaci\u00f3n del proyecto europeo EUPAP de prescripci\u00f3n de actividad f\u00edsica y su implementaci\u00f3n en Catalu\u00f1a PONENTES: Dr. Xavier Peirau y...\" \/>\n<meta property=\"og:url\" content=\"https:\/\/www.comll.cat\/es\/agenda\/pildora-formativa-prescripcion-del-ejercicio-fisico-en-el-ambito-sanitario\/\" \/>\n<meta property=\"og:site_name\" content=\"Col\u00b7legi Oficial de Metges de Lleida\" \/>\n<meta property=\"article:modified_time\" content=\"2022-04-13T13:59:49+00:00\" \/>\n<meta property=\"og:image\" content=\"https:\/\/www.comll.cat\/es\/wp-content\/uploads\/sites\/3\/disseny-sense-titol-10.png\" \/>\n\t<meta property=\"og:image:width\" content=\"800\" \/>\n\t<meta property=\"og:image:height\" content=\"450\" \/>\n\t<meta property=\"og:image:type\" content=\"image\/png\" \/>\n<meta name=\"twitter:card\" content=\"summary_large_image\" \/>\n<script type=\"application\/ld+json\" class=\"yoast-schema-graph\">{\"@context\":\"https:\\\/\\\/schema.org\",\"@graph\":[{\"@type\":\"WebPage\",\"@id\":\"https:\\\/\\\/www.comll.cat\\\/es\\\/agenda\\\/pildora-formativa-prescripcion-del-ejercicio-fisico-en-el-ambito-sanitario\\\/\",\"url\":\"https:\\\/\\\/www.comll.cat\\\/es\\\/agenda\\\/pildora-formativa-prescripcion-del-ejercicio-fisico-en-el-ambito-sanitario\\\/\",\"name\":\"P\u00edldora formativa - PRESCRIPCI\u00d3N DEL EJERCICIO F\u00cdSICO EN EL \u00c1MBITO SANITARIO - Col\u00b7legi Oficial de Metges de Lleida\",\"isPartOf\":{\"@id\":\"https:\\\/\\\/www.comll.cat\\\/es\\\/#website\"},\"primaryImageOfPage\":{\"@id\":\"https:\\\/\\\/www.comll.cat\\\/es\\\/agenda\\\/pildora-formativa-prescripcion-del-ejercicio-fisico-en-el-ambito-sanitario\\\/#primaryimage\"},\"image\":{\"@id\":\"https:\\\/\\\/www.comll.cat\\\/es\\\/agenda\\\/pildora-formativa-prescripcion-del-ejercicio-fisico-en-el-ambito-sanitario\\\/#primaryimage\"},\"thumbnailUrl\":\"https:\\\/\\\/www.comll.cat\\\/es\\\/wp-content\\\/uploads\\\/sites\\\/3\\\/disseny-sense-titol-10.png\",\"datePublished\":\"2022-04-12T10:45:52+00:00\",\"dateModified\":\"2022-04-13T13:59:49+00:00\",\"breadcrumb\":{\"@id\":\"https:\\\/\\\/www.comll.cat\\\/es\\\/agenda\\\/pildora-formativa-prescripcion-del-ejercicio-fisico-en-el-ambito-sanitario\\\/#breadcrumb\"},\"inLanguage\":\"es\",\"potentialAction\":[{\"@type\":\"ReadAction\",\"target\":[\"https:\\\/\\\/www.comll.cat\\\/es\\\/agenda\\\/pildora-formativa-prescripcion-del-ejercicio-fisico-en-el-ambito-sanitario\\\/\"]}]},{\"@type\":\"ImageObject\",\"inLanguage\":\"es\",\"@id\":\"https:\\\/\\\/www.comll.cat\\\/es\\\/agenda\\\/pildora-formativa-prescripcion-del-ejercicio-fisico-en-el-ambito-sanitario\\\/#primaryimage\",\"url\":\"https:\\\/\\\/www.comll.cat\\\/es\\\/wp-content\\\/uploads\\\/sites\\\/3\\\/disseny-sense-titol-10.png\",\"contentUrl\":\"https:\\\/\\\/www.comll.cat\\\/es\\\/wp-content\\\/uploads\\\/sites\\\/3\\\/disseny-sense-titol-10.png\",\"width\":800,\"height\":450},{\"@type\":\"BreadcrumbList\",\"@id\":\"https:\\\/\\\/www.comll.cat\\\/es\\\/agenda\\\/pildora-formativa-prescripcion-del-ejercicio-fisico-en-el-ambito-sanitario\\\/#breadcrumb\",\"itemListElement\":[{\"@type\":\"ListItem\",\"position\":1,\"name\":\"Portada\",\"item\":\"https:\\\/\\\/www.comll.cat\\\/es\\\/\"},{\"@type\":\"ListItem\",\"position\":2,\"name\":\"Eventos\",\"item\":\"https:\\\/\\\/www.comll.cat\\\/es\\\/agenda-c\\\/\"},{\"@type\":\"ListItem\",\"position\":3,\"name\":\"P\u00edldora formativa - PRESCRIPCI\u00d3N DEL EJERCICIO F\u00cdSICO EN EL \u00c1MBITO SANITARIO\"}]},{\"@type\":\"WebSite\",\"@id\":\"https:\\\/\\\/www.comll.cat\\\/es\\\/#website\",\"url\":\"https:\\\/\\\/www.comll.cat\\\/es\\\/\",\"name\":\"Col\u00b7legi Oficial de Metges de Lleida\",\"description\":\"COMLL\",\"potentialAction\":[{\"@type\":\"SearchAction\",\"target\":{\"@type\":\"EntryPoint\",\"urlTemplate\":\"https:\\\/\\\/www.comll.cat\\\/es\\\/?s={search_term_string}\"},\"query-input\":{\"@type\":\"PropertyValueSpecification\",\"valueRequired\":true,\"valueName\":\"search_term_string\"}}],\"inLanguage\":\"es\"}]}<\/script>\n<!-- \/ Yoast SEO plugin. -->","yoast_head_json":{"title":"P\u00edldora formativa - PRESCRIPCI\u00d3N DEL EJERCICIO F\u00cdSICO EN EL \u00c1MBITO SANITARIO - Col\u00b7legi Oficial de Metges de Lleida","robots":{"index":"index","follow":"follow","max-snippet":"max-snippet:-1","max-image-preview":"max-image-preview:large","max-video-preview":"max-video-preview:-1"},"canonical":"https:\/\/www.comll.cat\/es\/agenda\/pildora-formativa-prescripcion-del-ejercicio-fisico-en-el-ambito-sanitario\/","og_locale":"es_ES","og_type":"article","og_title":"P\u00edldora formativa - PRESCRIPCI\u00d3N DEL EJERCICIO F\u00cdSICO EN EL \u00c1MBITO SANITARIO - Col\u00b7legi Oficial de Metges de Lleida","og_description":"Presentaci\u00f3n del proyecto europeo EUPAP de prescripci\u00f3n de actividad f\u00edsica y su implementaci\u00f3n en Catalu\u00f1a PONENTES: Dr. Xavier Peirau y...","og_url":"https:\/\/www.comll.cat\/es\/agenda\/pildora-formativa-prescripcion-del-ejercicio-fisico-en-el-ambito-sanitario\/","og_site_name":"Col\u00b7legi Oficial de Metges de Lleida","article_modified_time":"2022-04-13T13:59:49+00:00","og_image":[{"width":800,"height":450,"url":"https:\/\/www.comll.cat\/es\/wp-content\/uploads\/sites\/3\/disseny-sense-titol-10.png","type":"image\/png"}],"twitter_card":"summary_large_image","schema":{"@context":"https:\/\/schema.org","@graph":[{"@type":"WebPage","@id":"https:\/\/www.comll.cat\/es\/agenda\/pildora-formativa-prescripcion-del-ejercicio-fisico-en-el-ambito-sanitario\/","url":"https:\/\/www.comll.cat\/es\/agenda\/pildora-formativa-prescripcion-del-ejercicio-fisico-en-el-ambito-sanitario\/","name":"P\u00edldora formativa - PRESCRIPCI\u00d3N DEL EJERCICIO F\u00cdSICO EN EL \u00c1MBITO SANITARIO - Col\u00b7legi Oficial de Metges de Lleida","isPartOf":{"@id":"https:\/\/www.comll.cat\/es\/#website"},"primaryImageOfPage":{"@id":"https:\/\/www.comll.cat\/es\/agenda\/pildora-formativa-prescripcion-del-ejercicio-fisico-en-el-ambito-sanitario\/#primaryimage"},"image":{"@id":"https:\/\/www.comll.cat\/es\/agenda\/pildora-formativa-prescripcion-del-ejercicio-fisico-en-el-ambito-sanitario\/#primaryimage"},"thumbnailUrl":"https:\/\/www.comll.cat\/es\/wp-content\/uploads\/sites\/3\/disseny-sense-titol-10.png","datePublished":"2022-04-12T10:45:52+00:00","dateModified":"2022-04-13T13:59:49+00:00","breadcrumb":{"@id":"https:\/\/www.comll.cat\/es\/agenda\/pildora-formativa-prescripcion-del-ejercicio-fisico-en-el-ambito-sanitario\/#breadcrumb"},"inLanguage":"es","potentialAction":[{"@type":"ReadAction","target":["https:\/\/www.comll.cat\/es\/agenda\/pildora-formativa-prescripcion-del-ejercicio-fisico-en-el-ambito-sanitario\/"]}]},{"@type":"ImageObject","inLanguage":"es","@id":"https:\/\/www.comll.cat\/es\/agenda\/pildora-formativa-prescripcion-del-ejercicio-fisico-en-el-ambito-sanitario\/#primaryimage","url":"https:\/\/www.comll.cat\/es\/wp-content\/uploads\/sites\/3\/disseny-sense-titol-10.png","contentUrl":"https:\/\/www.comll.cat\/es\/wp-content\/uploads\/sites\/3\/disseny-sense-titol-10.png","width":800,"height":450},{"@type":"BreadcrumbList","@id":"https:\/\/www.comll.cat\/es\/agenda\/pildora-formativa-prescripcion-del-ejercicio-fisico-en-el-ambito-sanitario\/#breadcrumb","itemListElement":[{"@type":"ListItem","position":1,"name":"Portada","item":"https:\/\/www.comll.cat\/es\/"},{"@type":"ListItem","position":2,"name":"Eventos","item":"https:\/\/www.comll.cat\/es\/agenda-c\/"},{"@type":"ListItem","position":3,"name":"P\u00edldora formativa - PRESCRIPCI\u00d3N DEL EJERCICIO F\u00cdSICO EN EL \u00c1MBITO SANITARIO"}]},{"@type":"WebSite","@id":"https:\/\/www.comll.cat\/es\/#website","url":"https:\/\/www.comll.cat\/es\/","name":"Col\u00b7legi Oficial de Metges de Lleida","description":"COMLL","potentialAction":[{"@type":"SearchAction","target":{"@type":"EntryPoint","urlTemplate":"https:\/\/www.comll.cat\/es\/?s={search_term_string}"},"query-input":{"@type":"PropertyValueSpecification","valueRequired":true,"valueName":"search_term_string"}}],"inLanguage":"es"}]}},"publishpress_future_workflow_manual_trigger":{"enabledWorkflows":[]},"_links":{"self":[{"href":"https:\/\/www.comll.cat\/es\/wp-json\/wp\/v2\/tribe_events\/4908","targetHints":{"allow":["GET"]}}],"collection":[{"href":"https:\/\/www.comll.cat\/es\/wp-json\/wp\/v2\/tribe_events"}],"about":[{"href":"https:\/\/www.comll.cat\/es\/wp-json\/wp\/v2\/types\/tribe_events"}],"author":[{"embeddable":true,"href":"https:\/\/www.comll.cat\/es\/wp-json\/wp\/v2\/users\/4"}],"version-history":[{"count":0,"href":"https:\/\/www.comll.cat\/es\/wp-json\/wp\/v2\/tribe_events\/4908\/revisions"}],"wp:featuredmedia":[{"embeddable":true,"href":"https:\/\/www.comll.cat\/es\/wp-json\/wp\/v2\/media\/4909"}],"wp:attachment":[{"href":"https:\/\/www.comll.cat\/es\/wp-json\/wp\/v2\/media?parent=4908"}],"wp:term":[{"taxonomy":"post_tag","embeddable":true,"href":"https:\/\/www.comll.cat\/es\/wp-json\/wp\/v2\/tags?post=4908"},{"taxonomy":"tribe_events_cat","embeddable":true,"href":"https:\/\/www.comll.cat\/es\/wp-json\/wp\/v2\/tribe_events_cat?post=4908"}],"curies":[{"name":"wp","href":"https:\/\/api.w.org\/{rel}","templated":true}]}}

Píldora formativa - PRESCRIPCIÓN DEL EJERCICIO FÍSICO EN EL ÁMBITO SANITARIO

<ul>
<li>Presentación del proyecto europeo <a href="https://www.eupap.org/" target="_blank" rel="noopener" data-cke-saved-href="https://www.eupap.org/">EUPAP</a> de prescripción de actividad física y su implementación en Cataluña</li>
<li>PONENTES: <strong>Dr. Xavier Peirau </strong>y <strong>Sebastià Mas</strong>, director y subdirector de INEFC Lleida respectivamente</li>
<li>Se puede seguir presencialmente en la Sala de Actos del COMLL o por TEAMS (se facilitará el enlace a los inscritos)</li>
</ul>
<p>&nbsp;</p>
<p>⊕ <a href="https://lleida.gescol.org/app/inicio/index.aspx">Inscripción Colegiados</a></p>
<p>⊕ <a href="https://lleida.gescol.org/app/inicio/index.aspx">Inscripción no Colegiados</a></p>
<p>&nbsp;</p>
<p>&nbsp;</p>

<p>Presentación del proyecto europeo EUPAP de prescripción de actividad física y su implementación en Cataluña PONENTES: Dr. Xavier Peirau y...</p>

<!-- This site is optimized with the Yoast SEO plugin v27.5 - https://yoast.com/product/yoast-seo-wordpress/ -->
<title>Píldora formativa - PRESCRIPCIÓN DEL EJERCICIO FÍSICO EN EL ÁMBITO SANITARIO - Col·legi Oficial de Metges de Lleida</title>
<meta name="robots" content="index, follow, max-snippet:-1, max-image-preview:large, max-video-preview:-1" />
<link rel="canonical" href="https://www.comll.cat/es/agenda/pildora-formativa-prescripcion-del-ejercicio-fisico-en-el-ambito-sanitario/" />
<meta property="og:locale" content="es_ES" />
<meta property="og:type" content="article" />
<meta property="og:title" content="Píldora formativa - PRESCRIPCIÓN DEL EJERCICIO FÍSICO EN EL ÁMBITO SANITARIO - Col·legi Oficial de Metges de Lleida" />
<meta property="og:description" content="Presentación del proyecto europeo EUPAP de prescripción de actividad física y su implementación en Cataluña PONENTES: Dr. Xavier Peirau y..." />
<meta property="og:url" content="https://www.comll.cat/es/agenda/pildora-formativa-prescripcion-del-ejercicio-fisico-en-el-ambito-sanitario/" />
<meta property="og:site_name" content="Col·legi Oficial de Metges de Lleida" />
<meta property="article:modified_time" content="2022-04-13T13:59:49+00:00" />
<meta property="og:image" content="https://www.comll.cat/es/wp-content/uploads/sites/3/disseny-sense-titol-10.png" />
	<meta property="og:image:width" content="800" />
	<meta property="og:image:height" content="450" />
	<meta property="og:image:type" content="image/png" />
<meta name="twitter:card" content="summary_large_image" />
<script type="application/ld+json" class="yoast-schema-graph">{"@context":"https:\/\/schema.org","@graph":[{"@type":"WebPage","@id":"https:\/\/www.comll.cat\/es\/agenda\/pildora-formativa-prescripcion-del-ejercicio-fisico-en-el-ambito-sanitario\/","url":"https:\/\/www.comll.cat\/es\/agenda\/pildora-formativa-prescripcion-del-ejercicio-fisico-en-el-ambito-sanitario\/","name":"Píldora formativa - PRESCRIPCIÓN DEL EJERCICIO FÍSICO EN EL ÁMBITO SANITARIO - Col·legi Oficial de Metges de Lleida","isPartOf":{"@id":"https:\/\/www.comll.cat\/es\/#website"},"primaryImageOfPage":{"@id":"https:\/\/www.comll.cat\/es\/agenda\/pildora-formativa-prescripcion-del-ejercicio-fisico-en-el-ambito-sanitario\/#primaryimage"},"image":{"@id":"https:\/\/www.comll.cat\/es\/agenda\/pildora-formativa-prescripcion-del-ejercicio-fisico-en-el-ambito-sanitario\/#primaryimage"},"thumbnailUrl":"https:\/\/www.comll.cat\/es\/wp-content\/uploads\/sites\/3\/disseny-sense-titol-10.png","datePublished":"2022-04-12T10:45:52+00:00","dateModified":"2022-04-13T13:59:49+00:00","breadcrumb":{"@id":"https:\/\/www.comll.cat\/es\/agenda\/pildora-formativa-prescripcion-del-ejercicio-fisico-en-el-ambito-sanitario\/#breadcrumb"},"inLanguage":"es","potentialAction":[{"@type":"ReadAction","target":["https:\/\/www.comll.cat\/es\/agenda\/pildora-formativa-prescripcion-del-ejercicio-fisico-en-el-ambito-sanitario\/"]}]},{"@type":"ImageObject","inLanguage":"es","@id":"https:\/\/www.comll.cat\/es\/agenda\/pildora-formativa-prescripcion-del-ejercicio-fisico-en-el-ambito-sanitario\/#primaryimage","url":"https:\/\/www.comll.cat\/es\/wp-content\/uploads\/sites\/3\/disseny-sense-titol-10.png","contentUrl":"https:\/\/www.comll.cat\/es\/wp-content\/uploads\/sites\/3\/disseny-sense-titol-10.png","width":800,"height":450},{"@type":"BreadcrumbList","@id":"https:\/\/www.comll.cat\/es\/agenda\/pildora-formativa-prescripcion-del-ejercicio-fisico-en-el-ambito-sanitario\/#breadcrumb","itemListElement":[{"@type":"ListItem","position":1,"name":"Portada","item":"https:\/\/www.comll.cat\/es\/"},{"@type":"ListItem","position":2,"name":"Eventos","item":"https:\/\/www.comll.cat\/es\/agenda-c\/"},{"@type":"ListItem","position":3,"name":"Píldora formativa - PRESCRIPCIÓN DEL EJERCICIO FÍSICO EN EL ÁMBITO SANITARIO"}]},{"@type":"WebSite","@id":"https:\/\/www.comll.cat\/es\/#website","url":"https:\/\/www.comll.cat\/es\/","name":"Col·legi Oficial de Metges de Lleida","description":"COMLL","potentialAction":[{"@type":"SearchAction","target":{"@type":"EntryPoint","urlTemplate":"https:\/\/www.comll.cat\/es\/?s={search_term_string}"},"query-input":{"@type":"PropertyValueSpecification","valueRequired":true,"valueName":"search_term_string"}}],"inLanguage":"es"}]}</script>
<!-- / Yoast SEO plugin. -->

Píldora formativa - PRESCRIPCIÓN DEL EJERCICIO FÍSICO EN EL ÁMBITO SANITARIO - Col·legi Oficial de Metges de Lleida

Presentación del proyecto europeo EUPAP de prescripción de actividad física y su implementación en Cataluña PONENTES: Dr. Xavier Peirau y...
