{"id":2150,"date":"2019-10-16T17:19:59","date_gmt":"2019-10-16T15:19:59","guid":{"rendered":"https:\/\/www.comll.cat\/agenda\/activitat-formativa-de-la-seccio-collegial-de-metges-de-medicina-del-treball-son-i-treball-1-de-3\/"},"modified":"2019-10-16T17:19:59","modified_gmt":"2019-10-16T15:19:59","slug":"activitat-formativa-de-la-seccio-collegial-de-metges-de-medicina-del-treball-son-i-treball-1-de-3","status":"publish","type":"tribe_events","link":"https:\/\/www.comll.cat\/es\/agenda\/activitat-formativa-de-la-seccio-collegial-de-metges-de-medicina-del-treball-son-i-treball-1-de-3\/","title":{"rendered":"Curs Son i Treball. Activitat formativa de la secci\u00f3 col\u00b7legial de Metges de Medicina del Treball. (1 de 3)"},"content":{"rendered":"<p>Clica <a href=\"https:\/\/www.comll.cat\/wp-content\/uploads\/programason.pdf\">AQU\u00cd<\/a> per m\u00e9s informaci\u00f3<\/p>\n","protected":false},"excerpt":{"rendered":"<p>Clica AQU\u00cd per m\u00e9s informaci\u00f3<\/p>\n","protected":false},"author":1,"featured_media":0,"template":"","meta":{"_acf_changed":false,"inline_featured_image":false,"_tribe_events_status":"","_tribe_events_status_reason":"","_tribe_events_is_hybrid":"","_tribe_events_is_virtual":"","_tribe_events_virtual_video_source":"","_tribe_events_virtual_embed_video":"","_tribe_events_virtual_linked_button_text":"","_tribe_events_virtual_linked_button":"","_tribe_events_virtual_show_embed_at":"","_tribe_events_virtual_show_embed_to":[],"_tribe_events_virtual_show_on_event":"","_tribe_events_virtual_show_on_views":"","_tribe_events_virtual_url":"","footnotes":""},"tags":[],"tribe_events_cat":[137],"class_list":["post-2150","tribe_events","type-tribe_events","status-publish","hentry","tribe_events_cat-formacio","cat_formacio"],"acf":[],"yoast_head":"<!-- This site is optimized with the Yoast SEO plugin v27.5 - https:\/\/yoast.com\/product\/yoast-seo-wordpress\/ -->\n<title>Curs Son i Treball. Activitat formativa de la secci\u00f3 col\u00b7legial de Metges de Medicina del Treball. (1 de 3) - Col\u00b7legi Oficial de Metges de Lleida<\/title>\n<meta name=\"robots\" content=\"index, follow, max-snippet:-1, max-image-preview:large, max-video-preview:-1\" \/>\n<link rel=\"canonical\" href=\"https:\/\/www.comll.cat\/es\/agenda\/activitat-formativa-de-la-seccio-collegial-de-metges-de-medicina-del-treball-son-i-treball-1-de-3\/\" \/>\n<meta property=\"og:locale\" content=\"es_ES\" \/>\n<meta property=\"og:type\" content=\"article\" \/>\n<meta property=\"og:title\" content=\"Curs Son i Treball. Activitat formativa de la secci\u00f3 col\u00b7legial de Metges de Medicina del Treball. (1 de 3) - Col\u00b7legi Oficial de Metges de Lleida\" \/>\n<meta property=\"og:description\" content=\"Clica AQU\u00cd per m\u00e9s informaci\u00f3\" \/>\n<meta property=\"og:url\" content=\"https:\/\/www.comll.cat\/es\/agenda\/activitat-formativa-de-la-seccio-collegial-de-metges-de-medicina-del-treball-son-i-treball-1-de-3\/\" \/>\n<meta property=\"og:site_name\" content=\"Col\u00b7legi Oficial de Metges de Lleida\" \/>\n<meta name=\"twitter:card\" content=\"summary_large_image\" \/>\n<script type=\"application\/ld+json\" class=\"yoast-schema-graph\">{\"@context\":\"https:\\\/\\\/schema.org\",\"@graph\":[{\"@type\":\"WebPage\",\"@id\":\"https:\\\/\\\/www.comll.cat\\\/es\\\/agenda\\\/activitat-formativa-de-la-seccio-collegial-de-metges-de-medicina-del-treball-son-i-treball-1-de-3\\\/\",\"url\":\"https:\\\/\\\/www.comll.cat\\\/es\\\/agenda\\\/activitat-formativa-de-la-seccio-collegial-de-metges-de-medicina-del-treball-son-i-treball-1-de-3\\\/\",\"name\":\"Curs Son i Treball. Activitat formativa de la secci\u00f3 col\u00b7legial de Metges de Medicina del Treball. (1 de 3) - Col\u00b7legi Oficial de Metges de Lleida\",\"isPartOf\":{\"@id\":\"https:\\\/\\\/www.comll.cat\\\/es\\\/#website\"},\"datePublished\":\"2019-10-16T15:19:59+00:00\",\"breadcrumb\":{\"@id\":\"https:\\\/\\\/www.comll.cat\\\/es\\\/agenda\\\/activitat-formativa-de-la-seccio-collegial-de-metges-de-medicina-del-treball-son-i-treball-1-de-3\\\/#breadcrumb\"},\"inLanguage\":\"es\",\"potentialAction\":[{\"@type\":\"ReadAction\",\"target\":[\"https:\\\/\\\/www.comll.cat\\\/es\\\/agenda\\\/activitat-formativa-de-la-seccio-collegial-de-metges-de-medicina-del-treball-son-i-treball-1-de-3\\\/\"]}]},{\"@type\":\"BreadcrumbList\",\"@id\":\"https:\\\/\\\/www.comll.cat\\\/es\\\/agenda\\\/activitat-formativa-de-la-seccio-collegial-de-metges-de-medicina-del-treball-son-i-treball-1-de-3\\\/#breadcrumb\",\"itemListElement\":[{\"@type\":\"ListItem\",\"position\":1,\"name\":\"Portada\",\"item\":\"https:\\\/\\\/www.comll.cat\\\/es\\\/\"},{\"@type\":\"ListItem\",\"position\":2,\"name\":\"Eventos\",\"item\":\"https:\\\/\\\/www.comll.cat\\\/es\\\/agenda-c\\\/\"},{\"@type\":\"ListItem\",\"position\":3,\"name\":\"Curs Son i Treball. Activitat formativa de la secci\u00f3 col\u00b7legial de Metges de Medicina del Treball. (1 de 3)\"}]},{\"@type\":\"WebSite\",\"@id\":\"https:\\\/\\\/www.comll.cat\\\/es\\\/#website\",\"url\":\"https:\\\/\\\/www.comll.cat\\\/es\\\/\",\"name\":\"Col\u00b7legi Oficial de Metges de Lleida\",\"description\":\"COMLL\",\"potentialAction\":[{\"@type\":\"SearchAction\",\"target\":{\"@type\":\"EntryPoint\",\"urlTemplate\":\"https:\\\/\\\/www.comll.cat\\\/es\\\/?s={search_term_string}\"},\"query-input\":{\"@type\":\"PropertyValueSpecification\",\"valueRequired\":true,\"valueName\":\"search_term_string\"}}],\"inLanguage\":\"es\"}]}<\/script>\n<!-- \/ Yoast SEO plugin. -->","yoast_head_json":{"title":"Curs Son i Treball. Activitat formativa de la secci\u00f3 col\u00b7legial de Metges de Medicina del Treball. (1 de 3) - Col\u00b7legi Oficial de Metges de Lleida","robots":{"index":"index","follow":"follow","max-snippet":"max-snippet:-1","max-image-preview":"max-image-preview:large","max-video-preview":"max-video-preview:-1"},"canonical":"https:\/\/www.comll.cat\/es\/agenda\/activitat-formativa-de-la-seccio-collegial-de-metges-de-medicina-del-treball-son-i-treball-1-de-3\/","og_locale":"es_ES","og_type":"article","og_title":"Curs Son i Treball. Activitat formativa de la secci\u00f3 col\u00b7legial de Metges de Medicina del Treball. (1 de 3) - Col\u00b7legi Oficial de Metges de Lleida","og_description":"Clica AQU\u00cd per m\u00e9s informaci\u00f3","og_url":"https:\/\/www.comll.cat\/es\/agenda\/activitat-formativa-de-la-seccio-collegial-de-metges-de-medicina-del-treball-son-i-treball-1-de-3\/","og_site_name":"Col\u00b7legi Oficial de Metges de Lleida","twitter_card":"summary_large_image","schema":{"@context":"https:\/\/schema.org","@graph":[{"@type":"WebPage","@id":"https:\/\/www.comll.cat\/es\/agenda\/activitat-formativa-de-la-seccio-collegial-de-metges-de-medicina-del-treball-son-i-treball-1-de-3\/","url":"https:\/\/www.comll.cat\/es\/agenda\/activitat-formativa-de-la-seccio-collegial-de-metges-de-medicina-del-treball-son-i-treball-1-de-3\/","name":"Curs Son i Treball. Activitat formativa de la secci\u00f3 col\u00b7legial de Metges de Medicina del Treball. (1 de 3) - Col\u00b7legi Oficial de Metges de Lleida","isPartOf":{"@id":"https:\/\/www.comll.cat\/es\/#website"},"datePublished":"2019-10-16T15:19:59+00:00","breadcrumb":{"@id":"https:\/\/www.comll.cat\/es\/agenda\/activitat-formativa-de-la-seccio-collegial-de-metges-de-medicina-del-treball-son-i-treball-1-de-3\/#breadcrumb"},"inLanguage":"es","potentialAction":[{"@type":"ReadAction","target":["https:\/\/www.comll.cat\/es\/agenda\/activitat-formativa-de-la-seccio-collegial-de-metges-de-medicina-del-treball-son-i-treball-1-de-3\/"]}]},{"@type":"BreadcrumbList","@id":"https:\/\/www.comll.cat\/es\/agenda\/activitat-formativa-de-la-seccio-collegial-de-metges-de-medicina-del-treball-son-i-treball-1-de-3\/#breadcrumb","itemListElement":[{"@type":"ListItem","position":1,"name":"Portada","item":"https:\/\/www.comll.cat\/es\/"},{"@type":"ListItem","position":2,"name":"Eventos","item":"https:\/\/www.comll.cat\/es\/agenda-c\/"},{"@type":"ListItem","position":3,"name":"Curs Son i Treball. Activitat formativa de la secci\u00f3 col\u00b7legial de Metges de Medicina del Treball. (1 de 3)"}]},{"@type":"WebSite","@id":"https:\/\/www.comll.cat\/es\/#website","url":"https:\/\/www.comll.cat\/es\/","name":"Col\u00b7legi Oficial de Metges de Lleida","description":"COMLL","potentialAction":[{"@type":"SearchAction","target":{"@type":"EntryPoint","urlTemplate":"https:\/\/www.comll.cat\/es\/?s={search_term_string}"},"query-input":{"@type":"PropertyValueSpecification","valueRequired":true,"valueName":"search_term_string"}}],"inLanguage":"es"}]}},"publishpress_future_workflow_manual_trigger":{"enabledWorkflows":[]},"_links":{"self":[{"href":"https:\/\/www.comll.cat\/es\/wp-json\/wp\/v2\/tribe_events\/2150","targetHints":{"allow":["GET"]}}],"collection":[{"href":"https:\/\/www.comll.cat\/es\/wp-json\/wp\/v2\/tribe_events"}],"about":[{"href":"https:\/\/www.comll.cat\/es\/wp-json\/wp\/v2\/types\/tribe_events"}],"author":[{"embeddable":true,"href":"https:\/\/www.comll.cat\/es\/wp-json\/wp\/v2\/users\/1"}],"version-history":[{"count":0,"href":"https:\/\/www.comll.cat\/es\/wp-json\/wp\/v2\/tribe_events\/2150\/revisions"}],"wp:attachment":[{"href":"https:\/\/www.comll.cat\/es\/wp-json\/wp\/v2\/media?parent=2150"}],"wp:term":[{"taxonomy":"post_tag","embeddable":true,"href":"https:\/\/www.comll.cat\/es\/wp-json\/wp\/v2\/tags?post=2150"},{"taxonomy":"tribe_events_cat","embeddable":true,"href":"https:\/\/www.comll.cat\/es\/wp-json\/wp\/v2\/tribe_events_cat?post=2150"}],"curies":[{"name":"wp","href":"https:\/\/api.w.org\/{rel}","templated":true}]}}

Curs Son i Treball. Activitat formativa de la secció col·legial de Metges de Medicina del Treball. (1 de 3)

<p>Clica <a href="https://www.comll.cat/wp-content/uploads/programason.pdf">AQUÍ</a> per més informació</p>

<p>Clica AQUÍ per més informació</p>

<!-- This site is optimized with the Yoast SEO plugin v27.5 - https://yoast.com/product/yoast-seo-wordpress/ -->
<title>Curs Son i Treball. Activitat formativa de la secció col·legial de Metges de Medicina del Treball. (1 de 3) - Col·legi Oficial de Metges de Lleida</title>
<meta name="robots" content="index, follow, max-snippet:-1, max-image-preview:large, max-video-preview:-1" />
<link rel="canonical" href="https://www.comll.cat/es/agenda/activitat-formativa-de-la-seccio-collegial-de-metges-de-medicina-del-treball-son-i-treball-1-de-3/" />
<meta property="og:locale" content="es_ES" />
<meta property="og:type" content="article" />
<meta property="og:title" content="Curs Son i Treball. Activitat formativa de la secció col·legial de Metges de Medicina del Treball. (1 de 3) - Col·legi Oficial de Metges de Lleida" />
<meta property="og:description" content="Clica AQUÍ per més informació" />
<meta property="og:url" content="https://www.comll.cat/es/agenda/activitat-formativa-de-la-seccio-collegial-de-metges-de-medicina-del-treball-son-i-treball-1-de-3/" />
<meta property="og:site_name" content="Col·legi Oficial de Metges de Lleida" />
<meta name="twitter:card" content="summary_large_image" />
<script type="application/ld+json" class="yoast-schema-graph">{"@context":"https:\/\/schema.org","@graph":[{"@type":"WebPage","@id":"https:\/\/www.comll.cat\/es\/agenda\/activitat-formativa-de-la-seccio-collegial-de-metges-de-medicina-del-treball-son-i-treball-1-de-3\/","url":"https:\/\/www.comll.cat\/es\/agenda\/activitat-formativa-de-la-seccio-collegial-de-metges-de-medicina-del-treball-son-i-treball-1-de-3\/","name":"Curs Son i Treball. Activitat formativa de la secció col·legial de Metges de Medicina del Treball. (1 de 3) - Col·legi Oficial de Metges de Lleida","isPartOf":{"@id":"https:\/\/www.comll.cat\/es\/#website"},"datePublished":"2019-10-16T15:19:59+00:00","breadcrumb":{"@id":"https:\/\/www.comll.cat\/es\/agenda\/activitat-formativa-de-la-seccio-collegial-de-metges-de-medicina-del-treball-son-i-treball-1-de-3\/#breadcrumb"},"inLanguage":"es","potentialAction":[{"@type":"ReadAction","target":["https:\/\/www.comll.cat\/es\/agenda\/activitat-formativa-de-la-seccio-collegial-de-metges-de-medicina-del-treball-son-i-treball-1-de-3\/"]}]},{"@type":"BreadcrumbList","@id":"https:\/\/www.comll.cat\/es\/agenda\/activitat-formativa-de-la-seccio-collegial-de-metges-de-medicina-del-treball-son-i-treball-1-de-3\/#breadcrumb","itemListElement":[{"@type":"ListItem","position":1,"name":"Portada","item":"https:\/\/www.comll.cat\/es\/"},{"@type":"ListItem","position":2,"name":"Eventos","item":"https:\/\/www.comll.cat\/es\/agenda-c\/"},{"@type":"ListItem","position":3,"name":"Curs Son i Treball. Activitat formativa de la secció col·legial de Metges de Medicina del Treball. (1 de 3)"}]},{"@type":"WebSite","@id":"https:\/\/www.comll.cat\/es\/#website","url":"https:\/\/www.comll.cat\/es\/","name":"Col·legi Oficial de Metges de Lleida","description":"COMLL","potentialAction":[{"@type":"SearchAction","target":{"@type":"EntryPoint","urlTemplate":"https:\/\/www.comll.cat\/es\/?s={search_term_string}"},"query-input":{"@type":"PropertyValueSpecification","valueRequired":true,"valueName":"search_term_string"}}],"inLanguage":"es"}]}</script>
<!-- / Yoast SEO plugin. -->

Curs Son i Treball. Activitat formativa de la secció col·legial de Metges de Medicina del Treball. (1 de 3) - Col·legi Oficial de Metges de Lleida

Clica AQUÍ per més informació
