{"id":2147,"date":"2019-10-09T16:59:19","date_gmt":"2019-10-09T14:59:19","guid":{"rendered":"https:\/\/www.comll.cat\/agenda\/el-centre-destudis-juridics-i-formacio-especialitzada-organitza-els-dies-11-i-13-de-novembre-de-16-a-19-h-un-curs-de-formacio-general-per-a-perits-judicials-a-lleida-2-2\/"},"modified":"2019-10-09T16:59:19","modified_gmt":"2019-10-09T14:59:19","slug":"el-centre-destudis-juridics-i-formacio-especialitzada-organitza-els-dies-11-i-13-de-novembre-de-16-a-19-h-un-curs-de-formacio-general-per-a-perits-judicials-a-lleida-2-2","status":"publish","type":"tribe_events","link":"https:\/\/www.comll.cat\/es\/agenda\/el-centre-destudis-juridics-i-formacio-especialitzada-organitza-els-dies-11-i-13-de-novembre-de-16-a-19-h-un-curs-de-formacio-general-per-a-perits-judicials-a-lleida-2-2\/","title":{"rendered":"El Centre d\u2019Estudis Jur\u00eddics i Formaci\u00f3 Especialitzada organitza els dies 11 i 13 de novembre de 16 a 19 h un curs de formaci\u00f3 general per a perits judicials a Lleida (2\/2)"},"content":{"rendered":"<p>El Centre d\u2019Estudis Jur\u00eddics i Formaci\u00f3 Especialitzada organitza els <strong>dies 11 i 13 de novembre de 16 a 19 h<\/strong> un <strong>curs de formaci\u00f3 general per a perits judicials <\/strong>a <strong>Lleida:<\/strong><\/p>\n<p><strong>Lloc de realitzaci\u00f3 i dades de contacte:<\/strong><\/p>\n<p><strong>Universitat de Lleida<\/strong><\/p>\n<p><strong>Edifici Polivalent 1 \u2013 Aulari (aula 2.02)<\/strong><\/p>\n<ol>\n<li>de Jaume II, 71<\/li>\n<\/ol>\n<p>25001 Lleida<\/p>\n<p>+34 973 70 3350\u00a0 <a href=\"http:\/\/www.udl.cat\/ca\/localitzacio\/cappont\/\">http:\/\/www.udl.cat\/ca\/localitzacio\/cappont\/<\/a><\/p>\n<p>&nbsp;<\/p>\n<p>Us adjuntem el programa i la butlleta d\u2019inscripci\u00f3.<\/p>\n<p><strong>El termini d\u2019inscripci\u00f3 ser\u00e0 del dia 8 al 23 d\u2019octubre (ambd\u00f3s inclosos).<\/strong> Passat el termini d\u2019inscripci\u00f3, i durant la setmana del 28 d\u2019octubre, el CEJFE enviar\u00e0 un correu als sol\u00b7licitants confirmant si han estat admesos a la formaci\u00f3. Un cop confirmada l\u2019admissi\u00f3 el CEJFE informar\u00e0 de la forma de pagament.<\/p>\n<p>Important!!! La butlleta d\u2019inscripci\u00f3 s\u2019ha d\u2019enviar al correu electr\u00f2nic <a href=\"mailto:uiajcejfe.dj@gencat.cat\">uiajcejfe.dj@gencat.cat<\/a>.<\/p>\n<p>Per m\u00e9s informaci\u00f3 podeu consultar la <a href=\"http:\/\/cejfe.gencat.cat\/ca\/formacio\/perits-judicials\/\">p\u00e0gina web del CEJFE<\/a>.<\/p>\n<p>Agrair\u00edem que aquesta difusi\u00f3 es faci el m\u00e9s aviat possible entre els vostre col\u00b7legiats, ja que en anteriors ocasions s\u2019han rebut sol\u00b7licituds fora de termini.<\/p>\n<p>Per a qualsevol dubte o aclariment podeu posar-vos en contacte al <strong>tel\u00e8fon 93 829 30 46 (ext. 1212)<\/strong> o al correu electr\u00f2nic <a href=\"mailto:uiajcejfe.dj@gencat.cat\">uiajcejfe.dj@gencat.cat<\/a>.<\/p>\n","protected":false},"excerpt":{"rendered":"<p>El Centre d\u2019Estudis Jur\u00eddics i Formaci\u00f3 Especialitzada organitza els dies 11 i 13 de novembre de 16 a 19 h...<\/p>\n","protected":false},"author":1,"featured_media":0,"template":"","meta":{"_acf_changed":false,"inline_featured_image":false,"_tribe_events_status":"","_tribe_events_status_reason":"","_tribe_events_is_hybrid":"","_tribe_events_is_virtual":"","_tribe_events_virtual_video_source":"","_tribe_events_virtual_embed_video":"","_tribe_events_virtual_linked_button_text":"","_tribe_events_virtual_linked_button":"","_tribe_events_virtual_show_embed_at":"","_tribe_events_virtual_show_embed_to":[],"_tribe_events_virtual_show_on_event":"","_tribe_events_virtual_show_on_views":"","_tribe_events_virtual_url":"","footnotes":""},"tags":[],"tribe_events_cat":[137],"class_list":["post-2147","tribe_events","type-tribe_events","status-publish","hentry","tribe_events_cat-formacio","cat_formacio"],"acf":[],"yoast_head":"<!-- This site is optimized with the Yoast SEO plugin v27.5 - https:\/\/yoast.com\/product\/yoast-seo-wordpress\/ -->\n<title>El Centre d\u2019Estudis Jur\u00eddics i Formaci\u00f3 Especialitzada organitza els dies 11 i 13 de novembre de 16 a 19 h un curs de formaci\u00f3 general per a perits judicials a Lleida (2\/2) - Col\u00b7legi Oficial de Metges de Lleida<\/title>\n<meta name=\"robots\" content=\"index, follow, max-snippet:-1, max-image-preview:large, max-video-preview:-1\" \/>\n<link rel=\"canonical\" href=\"https:\/\/www.comll.cat\/es\/agenda\/el-centre-destudis-juridics-i-formacio-especialitzada-organitza-els-dies-11-i-13-de-novembre-de-16-a-19-h-un-curs-de-formacio-general-per-a-perits-judicials-a-lleida-2-2\/\" \/>\n<meta property=\"og:locale\" content=\"es_ES\" \/>\n<meta property=\"og:type\" content=\"article\" \/>\n<meta property=\"og:title\" content=\"El Centre d\u2019Estudis Jur\u00eddics i Formaci\u00f3 Especialitzada organitza els dies 11 i 13 de novembre de 16 a 19 h un curs de formaci\u00f3 general per a perits judicials a Lleida (2\/2) - Col\u00b7legi Oficial de Metges de Lleida\" \/>\n<meta property=\"og:description\" content=\"El Centre d\u2019Estudis Jur\u00eddics i Formaci\u00f3 Especialitzada organitza els dies 11 i 13 de novembre de 16 a 19 h...\" \/>\n<meta property=\"og:url\" content=\"https:\/\/www.comll.cat\/es\/agenda\/el-centre-destudis-juridics-i-formacio-especialitzada-organitza-els-dies-11-i-13-de-novembre-de-16-a-19-h-un-curs-de-formacio-general-per-a-perits-judicials-a-lleida-2-2\/\" \/>\n<meta property=\"og:site_name\" content=\"Col\u00b7legi Oficial de Metges de Lleida\" \/>\n<meta name=\"twitter:card\" content=\"summary_large_image\" \/>\n<script type=\"application\/ld+json\" class=\"yoast-schema-graph\">{\"@context\":\"https:\\\/\\\/schema.org\",\"@graph\":[{\"@type\":\"WebPage\",\"@id\":\"https:\\\/\\\/www.comll.cat\\\/es\\\/agenda\\\/el-centre-destudis-juridics-i-formacio-especialitzada-organitza-els-dies-11-i-13-de-novembre-de-16-a-19-h-un-curs-de-formacio-general-per-a-perits-judicials-a-lleida-2-2\\\/\",\"url\":\"https:\\\/\\\/www.comll.cat\\\/es\\\/agenda\\\/el-centre-destudis-juridics-i-formacio-especialitzada-organitza-els-dies-11-i-13-de-novembre-de-16-a-19-h-un-curs-de-formacio-general-per-a-perits-judicials-a-lleida-2-2\\\/\",\"name\":\"El Centre d\u2019Estudis Jur\u00eddics i Formaci\u00f3 Especialitzada organitza els dies 11 i 13 de novembre de 16 a 19 h un curs de formaci\u00f3 general per a perits judicials a Lleida (2\\\/2) - Col\u00b7legi Oficial de Metges de Lleida\",\"isPartOf\":{\"@id\":\"https:\\\/\\\/www.comll.cat\\\/es\\\/#website\"},\"datePublished\":\"2019-10-09T14:59:19+00:00\",\"breadcrumb\":{\"@id\":\"https:\\\/\\\/www.comll.cat\\\/es\\\/agenda\\\/el-centre-destudis-juridics-i-formacio-especialitzada-organitza-els-dies-11-i-13-de-novembre-de-16-a-19-h-un-curs-de-formacio-general-per-a-perits-judicials-a-lleida-2-2\\\/#breadcrumb\"},\"inLanguage\":\"es\",\"potentialAction\":[{\"@type\":\"ReadAction\",\"target\":[\"https:\\\/\\\/www.comll.cat\\\/es\\\/agenda\\\/el-centre-destudis-juridics-i-formacio-especialitzada-organitza-els-dies-11-i-13-de-novembre-de-16-a-19-h-un-curs-de-formacio-general-per-a-perits-judicials-a-lleida-2-2\\\/\"]}]},{\"@type\":\"BreadcrumbList\",\"@id\":\"https:\\\/\\\/www.comll.cat\\\/es\\\/agenda\\\/el-centre-destudis-juridics-i-formacio-especialitzada-organitza-els-dies-11-i-13-de-novembre-de-16-a-19-h-un-curs-de-formacio-general-per-a-perits-judicials-a-lleida-2-2\\\/#breadcrumb\",\"itemListElement\":[{\"@type\":\"ListItem\",\"position\":1,\"name\":\"Portada\",\"item\":\"https:\\\/\\\/www.comll.cat\\\/es\\\/\"},{\"@type\":\"ListItem\",\"position\":2,\"name\":\"Eventos\",\"item\":\"https:\\\/\\\/www.comll.cat\\\/es\\\/agenda-c\\\/\"},{\"@type\":\"ListItem\",\"position\":3,\"name\":\"El Centre d\u2019Estudis Jur\u00eddics i Formaci\u00f3 Especialitzada organitza els dies 11 i 13 de novembre de 16 a 19 h un curs de formaci\u00f3 general per a perits judicials a Lleida (2\\\/2)\"}]},{\"@type\":\"WebSite\",\"@id\":\"https:\\\/\\\/www.comll.cat\\\/es\\\/#website\",\"url\":\"https:\\\/\\\/www.comll.cat\\\/es\\\/\",\"name\":\"Col\u00b7legi Oficial de Metges de Lleida\",\"description\":\"COMLL\",\"potentialAction\":[{\"@type\":\"SearchAction\",\"target\":{\"@type\":\"EntryPoint\",\"urlTemplate\":\"https:\\\/\\\/www.comll.cat\\\/es\\\/?s={search_term_string}\"},\"query-input\":{\"@type\":\"PropertyValueSpecification\",\"valueRequired\":true,\"valueName\":\"search_term_string\"}}],\"inLanguage\":\"es\"}]}<\/script>\n<!-- \/ Yoast SEO plugin. -->","yoast_head_json":{"title":"El Centre d\u2019Estudis Jur\u00eddics i Formaci\u00f3 Especialitzada organitza els dies 11 i 13 de novembre de 16 a 19 h un curs de formaci\u00f3 general per a perits judicials a Lleida (2\/2) - Col\u00b7legi Oficial de Metges de Lleida","robots":{"index":"index","follow":"follow","max-snippet":"max-snippet:-1","max-image-preview":"max-image-preview:large","max-video-preview":"max-video-preview:-1"},"canonical":"https:\/\/www.comll.cat\/es\/agenda\/el-centre-destudis-juridics-i-formacio-especialitzada-organitza-els-dies-11-i-13-de-novembre-de-16-a-19-h-un-curs-de-formacio-general-per-a-perits-judicials-a-lleida-2-2\/","og_locale":"es_ES","og_type":"article","og_title":"El Centre d\u2019Estudis Jur\u00eddics i Formaci\u00f3 Especialitzada organitza els dies 11 i 13 de novembre de 16 a 19 h un curs de formaci\u00f3 general per a perits judicials a Lleida (2\/2) - Col\u00b7legi Oficial de Metges de Lleida","og_description":"El Centre d\u2019Estudis Jur\u00eddics i Formaci\u00f3 Especialitzada organitza els dies 11 i 13 de novembre de 16 a 19 h...","og_url":"https:\/\/www.comll.cat\/es\/agenda\/el-centre-destudis-juridics-i-formacio-especialitzada-organitza-els-dies-11-i-13-de-novembre-de-16-a-19-h-un-curs-de-formacio-general-per-a-perits-judicials-a-lleida-2-2\/","og_site_name":"Col\u00b7legi Oficial de Metges de Lleida","twitter_card":"summary_large_image","schema":{"@context":"https:\/\/schema.org","@graph":[{"@type":"WebPage","@id":"https:\/\/www.comll.cat\/es\/agenda\/el-centre-destudis-juridics-i-formacio-especialitzada-organitza-els-dies-11-i-13-de-novembre-de-16-a-19-h-un-curs-de-formacio-general-per-a-perits-judicials-a-lleida-2-2\/","url":"https:\/\/www.comll.cat\/es\/agenda\/el-centre-destudis-juridics-i-formacio-especialitzada-organitza-els-dies-11-i-13-de-novembre-de-16-a-19-h-un-curs-de-formacio-general-per-a-perits-judicials-a-lleida-2-2\/","name":"El Centre d\u2019Estudis Jur\u00eddics i Formaci\u00f3 Especialitzada organitza els dies 11 i 13 de novembre de 16 a 19 h un curs de formaci\u00f3 general per a perits judicials a Lleida (2\/2) - Col\u00b7legi Oficial de Metges de Lleida","isPartOf":{"@id":"https:\/\/www.comll.cat\/es\/#website"},"datePublished":"2019-10-09T14:59:19+00:00","breadcrumb":{"@id":"https:\/\/www.comll.cat\/es\/agenda\/el-centre-destudis-juridics-i-formacio-especialitzada-organitza-els-dies-11-i-13-de-novembre-de-16-a-19-h-un-curs-de-formacio-general-per-a-perits-judicials-a-lleida-2-2\/#breadcrumb"},"inLanguage":"es","potentialAction":[{"@type":"ReadAction","target":["https:\/\/www.comll.cat\/es\/agenda\/el-centre-destudis-juridics-i-formacio-especialitzada-organitza-els-dies-11-i-13-de-novembre-de-16-a-19-h-un-curs-de-formacio-general-per-a-perits-judicials-a-lleida-2-2\/"]}]},{"@type":"BreadcrumbList","@id":"https:\/\/www.comll.cat\/es\/agenda\/el-centre-destudis-juridics-i-formacio-especialitzada-organitza-els-dies-11-i-13-de-novembre-de-16-a-19-h-un-curs-de-formacio-general-per-a-perits-judicials-a-lleida-2-2\/#breadcrumb","itemListElement":[{"@type":"ListItem","position":1,"name":"Portada","item":"https:\/\/www.comll.cat\/es\/"},{"@type":"ListItem","position":2,"name":"Eventos","item":"https:\/\/www.comll.cat\/es\/agenda-c\/"},{"@type":"ListItem","position":3,"name":"El Centre d\u2019Estudis Jur\u00eddics i Formaci\u00f3 Especialitzada organitza els dies 11 i 13 de novembre de 16 a 19 h un curs de formaci\u00f3 general per a perits judicials a Lleida (2\/2)"}]},{"@type":"WebSite","@id":"https:\/\/www.comll.cat\/es\/#website","url":"https:\/\/www.comll.cat\/es\/","name":"Col\u00b7legi Oficial de Metges de Lleida","description":"COMLL","potentialAction":[{"@type":"SearchAction","target":{"@type":"EntryPoint","urlTemplate":"https:\/\/www.comll.cat\/es\/?s={search_term_string}"},"query-input":{"@type":"PropertyValueSpecification","valueRequired":true,"valueName":"search_term_string"}}],"inLanguage":"es"}]}},"publishpress_future_workflow_manual_trigger":{"enabledWorkflows":[]},"_links":{"self":[{"href":"https:\/\/www.comll.cat\/es\/wp-json\/wp\/v2\/tribe_events\/2147","targetHints":{"allow":["GET"]}}],"collection":[{"href":"https:\/\/www.comll.cat\/es\/wp-json\/wp\/v2\/tribe_events"}],"about":[{"href":"https:\/\/www.comll.cat\/es\/wp-json\/wp\/v2\/types\/tribe_events"}],"author":[{"embeddable":true,"href":"https:\/\/www.comll.cat\/es\/wp-json\/wp\/v2\/users\/1"}],"version-history":[{"count":0,"href":"https:\/\/www.comll.cat\/es\/wp-json\/wp\/v2\/tribe_events\/2147\/revisions"}],"wp:attachment":[{"href":"https:\/\/www.comll.cat\/es\/wp-json\/wp\/v2\/media?parent=2147"}],"wp:term":[{"taxonomy":"post_tag","embeddable":true,"href":"https:\/\/www.comll.cat\/es\/wp-json\/wp\/v2\/tags?post=2147"},{"taxonomy":"tribe_events_cat","embeddable":true,"href":"https:\/\/www.comll.cat\/es\/wp-json\/wp\/v2\/tribe_events_cat?post=2147"}],"curies":[{"name":"wp","href":"https:\/\/api.w.org\/{rel}","templated":true}]}}

El Centre d’Estudis Jurídics i Formació Especialitzada organitza els dies 11 i 13 de novembre de 16 a 19 h un curs de formació general per a perits judicials a Lleida (2/2)

<p>El Centre d’Estudis Jurídics i Formació Especialitzada organitza els <strong>dies 11 i 13 de novembre de 16 a 19 h</strong> un <strong>curs de formació general per a perits judicials </strong>a <strong>Lleida:</strong></p>
<p><strong>Lloc de realització i dades de contacte:</strong></p>
<p><strong>Universitat de Lleida</strong></p>
<p><strong>Edifici Polivalent 1 – Aulari (aula 2.02)</strong></p>
<ol>
<li>de Jaume II, 71</li>
</ol>
<p>25001 Lleida</p>
<p>+34 973 70 3350  <a href="http://www.udl.cat/ca/localitzacio/cappont/">http://www.udl.cat/ca/localitzacio/cappont/</a></p>
<p>&nbsp;</p>
<p>Us adjuntem el programa i la butlleta d’inscripció.</p>
<p><strong>El termini d’inscripció serà del dia 8 al 23 d’octubre (ambdós inclosos).</strong> Passat el termini d’inscripció, i durant la setmana del 28 d’octubre, el CEJFE enviarà un correu als sol·licitants confirmant si han estat admesos a la formació. Un cop confirmada l’admissió el CEJFE informarà de la forma de pagament.</p>
<p>Important!!! La butlleta d’inscripció s’ha d’enviar al correu electrònic <a href="mailto:uiajcejfe.dj@gencat.cat">uiajcejfe.dj@gencat.cat</a>.</p>
<p>Per més informació podeu consultar la <a href="http://cejfe.gencat.cat/ca/formacio/perits-judicials/">pàgina web del CEJFE</a>.</p>
<p>Agrairíem que aquesta difusió es faci el més aviat possible entre els vostre col·legiats, ja que en anteriors ocasions s’han rebut sol·licituds fora de termini.</p>
<p>Per a qualsevol dubte o aclariment podeu posar-vos en contacte al <strong>telèfon 93 829 30 46 (ext. 1212)</strong> o al correu electrònic <a href="mailto:uiajcejfe.dj@gencat.cat">uiajcejfe.dj@gencat.cat</a>.</p>

<p>El Centre d’Estudis Jurídics i Formació Especialitzada organitza els dies 11 i 13 de novembre de 16 a 19 h...</p>

<!-- This site is optimized with the Yoast SEO plugin v27.5 - https://yoast.com/product/yoast-seo-wordpress/ -->
<title>El Centre d’Estudis Jurídics i Formació Especialitzada organitza els dies 11 i 13 de novembre de 16 a 19 h un curs de formació general per a perits judicials a Lleida (2/2) - Col·legi Oficial de Metges de Lleida</title>
<meta name="robots" content="index, follow, max-snippet:-1, max-image-preview:large, max-video-preview:-1" />
<link rel="canonical" href="https://www.comll.cat/es/agenda/el-centre-destudis-juridics-i-formacio-especialitzada-organitza-els-dies-11-i-13-de-novembre-de-16-a-19-h-un-curs-de-formacio-general-per-a-perits-judicials-a-lleida-2-2/" />
<meta property="og:locale" content="es_ES" />
<meta property="og:type" content="article" />
<meta property="og:title" content="El Centre d’Estudis Jurídics i Formació Especialitzada organitza els dies 11 i 13 de novembre de 16 a 19 h un curs de formació general per a perits judicials a Lleida (2/2) - Col·legi Oficial de Metges de Lleida" />
<meta property="og:description" content="El Centre d’Estudis Jurídics i Formació Especialitzada organitza els dies 11 i 13 de novembre de 16 a 19 h..." />
<meta property="og:url" content="https://www.comll.cat/es/agenda/el-centre-destudis-juridics-i-formacio-especialitzada-organitza-els-dies-11-i-13-de-novembre-de-16-a-19-h-un-curs-de-formacio-general-per-a-perits-judicials-a-lleida-2-2/" />
<meta property="og:site_name" content="Col·legi Oficial de Metges de Lleida" />
<meta name="twitter:card" content="summary_large_image" />
<script type="application/ld+json" class="yoast-schema-graph">{"@context":"https:\/\/schema.org","@graph":[{"@type":"WebPage","@id":"https:\/\/www.comll.cat\/es\/agenda\/el-centre-destudis-juridics-i-formacio-especialitzada-organitza-els-dies-11-i-13-de-novembre-de-16-a-19-h-un-curs-de-formacio-general-per-a-perits-judicials-a-lleida-2-2\/","url":"https:\/\/www.comll.cat\/es\/agenda\/el-centre-destudis-juridics-i-formacio-especialitzada-organitza-els-dies-11-i-13-de-novembre-de-16-a-19-h-un-curs-de-formacio-general-per-a-perits-judicials-a-lleida-2-2\/","name":"El Centre d’Estudis Jurídics i Formació Especialitzada organitza els dies 11 i 13 de novembre de 16 a 19 h un curs de formació general per a perits judicials a Lleida (2\/2) - Col·legi Oficial de Metges de Lleida","isPartOf":{"@id":"https:\/\/www.comll.cat\/es\/#website"},"datePublished":"2019-10-09T14:59:19+00:00","breadcrumb":{"@id":"https:\/\/www.comll.cat\/es\/agenda\/el-centre-destudis-juridics-i-formacio-especialitzada-organitza-els-dies-11-i-13-de-novembre-de-16-a-19-h-un-curs-de-formacio-general-per-a-perits-judicials-a-lleida-2-2\/#breadcrumb"},"inLanguage":"es","potentialAction":[{"@type":"ReadAction","target":["https:\/\/www.comll.cat\/es\/agenda\/el-centre-destudis-juridics-i-formacio-especialitzada-organitza-els-dies-11-i-13-de-novembre-de-16-a-19-h-un-curs-de-formacio-general-per-a-perits-judicials-a-lleida-2-2\/"]}]},{"@type":"BreadcrumbList","@id":"https:\/\/www.comll.cat\/es\/agenda\/el-centre-destudis-juridics-i-formacio-especialitzada-organitza-els-dies-11-i-13-de-novembre-de-16-a-19-h-un-curs-de-formacio-general-per-a-perits-judicials-a-lleida-2-2\/#breadcrumb","itemListElement":[{"@type":"ListItem","position":1,"name":"Portada","item":"https:\/\/www.comll.cat\/es\/"},{"@type":"ListItem","position":2,"name":"Eventos","item":"https:\/\/www.comll.cat\/es\/agenda-c\/"},{"@type":"ListItem","position":3,"name":"El Centre d’Estudis Jurídics i Formació Especialitzada organitza els dies 11 i 13 de novembre de 16 a 19 h un curs de formació general per a perits judicials a Lleida (2\/2)"}]},{"@type":"WebSite","@id":"https:\/\/www.comll.cat\/es\/#website","url":"https:\/\/www.comll.cat\/es\/","name":"Col·legi Oficial de Metges de Lleida","description":"COMLL","potentialAction":[{"@type":"SearchAction","target":{"@type":"EntryPoint","urlTemplate":"https:\/\/www.comll.cat\/es\/?s={search_term_string}"},"query-input":{"@type":"PropertyValueSpecification","valueRequired":true,"valueName":"search_term_string"}}],"inLanguage":"es"}]}</script>
<!-- / Yoast SEO plugin. -->

El Centre d’Estudis Jurídics i Formació Especialitzada organitza els dies 11 i 13 de novembre de 16 a 19 h un curs de formació general per a perits judicials a Lleida (2/2) - Col·legi Oficial de Metges de Lleida

El Centre d’Estudis Jurídics i Formació Especialitzada organitza els dies 11 i 13 de novembre de 16 a 19 h...
