{"id":2125,"date":"2019-05-28T18:40:58","date_gmt":"2019-05-28T16:40:58","guid":{"rendered":"https:\/\/www.comll.cat\/agenda\/actualizacion-sobre-el-manejo-de-la-infeccion-por-vih-para-profesionales-de-atencion-primaria-8-10\/"},"modified":"2019-05-28T18:40:58","modified_gmt":"2019-05-28T16:40:58","slug":"actualizacion-sobre-el-manejo-de-la-infeccion-por-vih-para-profesionales-de-atencion-primaria-8-10","status":"publish","type":"tribe_events","link":"https:\/\/www.comll.cat\/es\/agenda\/actualizacion-sobre-el-manejo-de-la-infeccion-por-vih-para-profesionales-de-atencion-primaria-8-10\/","title":{"rendered":"Actualizaci\u00f3n sobre el Manejo de la Infecci\u00f3n por VIH para Profesionales de Atenci\u00f3n Primaria (8\/10)"},"content":{"rendered":"<p class=\"p28\"><strong><span class=\"s2\">28 Noviembre -VIH i Evelliment<\/span><\/strong><\/p>\n<p class=\"p28\"><span class=\"s2\">Ponent: Dra Eug\u00e8nia Negredo (IrsiCaixa Badalona)<\/span><\/p>\n<p class=\"p28\"><span class=\"s2\">Moderador: Dra Nadia Abdulghani (Unitat VIH, Lleida)<\/span><\/p>\n<p><a href=\"https:\/\/www.comll.cat\/streaming-vih\/\">Acc\u00e9s a STREAMING<\/a><\/p>\n<p><a href=\"https:\/\/drive.google.com\/drive\/folders\/1ZdGk9SUUQaqwRe7UV4ZNArFNWTaYpbzp?usp=sharing\">Acc\u00e9s a les gravacions del curs<\/a><\/p>\n<p>Clica\u00a0<a href=\"https:\/\/www.comll.cat\/jornadas-de-actualizacion-sobre-el-manejo-de-la-infeccion-por-vih-para-profesionales-de-atencion-primaria\/\">AQU\u00cd<\/a> per veure tot el programa i per inscriure\u2019t.<\/p>\n","protected":false},"excerpt":{"rendered":"<p>28 Noviembre -VIH i Evelliment Ponent: Dra Eug\u00e8nia Negredo (IrsiCaixa Badalona) Moderador: Dra Nadia Abdulghani (Unitat VIH, Lleida) Acc\u00e9s a...<\/p>\n","protected":false},"author":1,"featured_media":0,"template":"","meta":{"_acf_changed":false,"inline_featured_image":false,"_tribe_events_status":"","_tribe_events_status_reason":"","_tribe_events_is_hybrid":"","_tribe_events_is_virtual":"","_tribe_events_virtual_video_source":"","_tribe_events_virtual_embed_video":"","_tribe_events_virtual_linked_button_text":"","_tribe_events_virtual_linked_button":"","_tribe_events_virtual_show_embed_at":"","_tribe_events_virtual_show_embed_to":[],"_tribe_events_virtual_show_on_event":"","_tribe_events_virtual_show_on_views":"","_tribe_events_virtual_url":"","footnotes":""},"tags":[],"tribe_events_cat":[137],"class_list":["post-2125","tribe_events","type-tribe_events","status-publish","hentry","tribe_events_cat-formacio","cat_formacio"],"acf":[],"yoast_head":"<!-- This site is optimized with the Yoast SEO plugin v27.5 - https:\/\/yoast.com\/product\/yoast-seo-wordpress\/ -->\n<title>Actualizaci\u00f3n sobre el Manejo de la Infecci\u00f3n por VIH para Profesionales de Atenci\u00f3n Primaria (8\/10) - Col\u00b7legi Oficial de Metges de Lleida<\/title>\n<meta name=\"robots\" content=\"index, follow, max-snippet:-1, max-image-preview:large, max-video-preview:-1\" \/>\n<link rel=\"canonical\" href=\"https:\/\/www.comll.cat\/es\/agenda\/actualizacion-sobre-el-manejo-de-la-infeccion-por-vih-para-profesionales-de-atencion-primaria-8-10\/\" \/>\n<meta property=\"og:locale\" content=\"es_ES\" \/>\n<meta property=\"og:type\" content=\"article\" \/>\n<meta property=\"og:title\" content=\"Actualizaci\u00f3n sobre el Manejo de la Infecci\u00f3n por VIH para Profesionales de Atenci\u00f3n Primaria (8\/10) - Col\u00b7legi Oficial de Metges de Lleida\" \/>\n<meta property=\"og:description\" content=\"28 Noviembre -VIH i Evelliment Ponent: Dra Eug\u00e8nia Negredo (IrsiCaixa Badalona) Moderador: Dra Nadia Abdulghani (Unitat VIH, Lleida) Acc\u00e9s a...\" \/>\n<meta property=\"og:url\" content=\"https:\/\/www.comll.cat\/es\/agenda\/actualizacion-sobre-el-manejo-de-la-infeccion-por-vih-para-profesionales-de-atencion-primaria-8-10\/\" \/>\n<meta property=\"og:site_name\" content=\"Col\u00b7legi Oficial de Metges de Lleida\" \/>\n<meta name=\"twitter:card\" content=\"summary_large_image\" \/>\n<script type=\"application\/ld+json\" class=\"yoast-schema-graph\">{\"@context\":\"https:\\\/\\\/schema.org\",\"@graph\":[{\"@type\":\"WebPage\",\"@id\":\"https:\\\/\\\/www.comll.cat\\\/es\\\/agenda\\\/actualizacion-sobre-el-manejo-de-la-infeccion-por-vih-para-profesionales-de-atencion-primaria-8-10\\\/\",\"url\":\"https:\\\/\\\/www.comll.cat\\\/es\\\/agenda\\\/actualizacion-sobre-el-manejo-de-la-infeccion-por-vih-para-profesionales-de-atencion-primaria-8-10\\\/\",\"name\":\"Actualizaci\u00f3n sobre el Manejo de la Infecci\u00f3n por VIH para Profesionales de Atenci\u00f3n Primaria (8\\\/10) - Col\u00b7legi Oficial de Metges de Lleida\",\"isPartOf\":{\"@id\":\"https:\\\/\\\/www.comll.cat\\\/es\\\/#website\"},\"datePublished\":\"2019-05-28T16:40:58+00:00\",\"breadcrumb\":{\"@id\":\"https:\\\/\\\/www.comll.cat\\\/es\\\/agenda\\\/actualizacion-sobre-el-manejo-de-la-infeccion-por-vih-para-profesionales-de-atencion-primaria-8-10\\\/#breadcrumb\"},\"inLanguage\":\"es\",\"potentialAction\":[{\"@type\":\"ReadAction\",\"target\":[\"https:\\\/\\\/www.comll.cat\\\/es\\\/agenda\\\/actualizacion-sobre-el-manejo-de-la-infeccion-por-vih-para-profesionales-de-atencion-primaria-8-10\\\/\"]}]},{\"@type\":\"BreadcrumbList\",\"@id\":\"https:\\\/\\\/www.comll.cat\\\/es\\\/agenda\\\/actualizacion-sobre-el-manejo-de-la-infeccion-por-vih-para-profesionales-de-atencion-primaria-8-10\\\/#breadcrumb\",\"itemListElement\":[{\"@type\":\"ListItem\",\"position\":1,\"name\":\"Portada\",\"item\":\"https:\\\/\\\/www.comll.cat\\\/es\\\/\"},{\"@type\":\"ListItem\",\"position\":2,\"name\":\"Eventos\",\"item\":\"https:\\\/\\\/www.comll.cat\\\/es\\\/agenda-c\\\/\"},{\"@type\":\"ListItem\",\"position\":3,\"name\":\"Actualizaci\u00f3n sobre el Manejo de la Infecci\u00f3n por VIH para Profesionales de Atenci\u00f3n Primaria (8\\\/10)\"}]},{\"@type\":\"WebSite\",\"@id\":\"https:\\\/\\\/www.comll.cat\\\/es\\\/#website\",\"url\":\"https:\\\/\\\/www.comll.cat\\\/es\\\/\",\"name\":\"Col\u00b7legi Oficial de Metges de Lleida\",\"description\":\"COMLL\",\"potentialAction\":[{\"@type\":\"SearchAction\",\"target\":{\"@type\":\"EntryPoint\",\"urlTemplate\":\"https:\\\/\\\/www.comll.cat\\\/es\\\/?s={search_term_string}\"},\"query-input\":{\"@type\":\"PropertyValueSpecification\",\"valueRequired\":true,\"valueName\":\"search_term_string\"}}],\"inLanguage\":\"es\"}]}<\/script>\n<!-- \/ Yoast SEO plugin. -->","yoast_head_json":{"title":"Actualizaci\u00f3n sobre el Manejo de la Infecci\u00f3n por VIH para Profesionales de Atenci\u00f3n Primaria (8\/10) - Col\u00b7legi Oficial de Metges de Lleida","robots":{"index":"index","follow":"follow","max-snippet":"max-snippet:-1","max-image-preview":"max-image-preview:large","max-video-preview":"max-video-preview:-1"},"canonical":"https:\/\/www.comll.cat\/es\/agenda\/actualizacion-sobre-el-manejo-de-la-infeccion-por-vih-para-profesionales-de-atencion-primaria-8-10\/","og_locale":"es_ES","og_type":"article","og_title":"Actualizaci\u00f3n sobre el Manejo de la Infecci\u00f3n por VIH para Profesionales de Atenci\u00f3n Primaria (8\/10) - Col\u00b7legi Oficial de Metges de Lleida","og_description":"28 Noviembre -VIH i Evelliment Ponent: Dra Eug\u00e8nia Negredo (IrsiCaixa Badalona) Moderador: Dra Nadia Abdulghani (Unitat VIH, Lleida) Acc\u00e9s a...","og_url":"https:\/\/www.comll.cat\/es\/agenda\/actualizacion-sobre-el-manejo-de-la-infeccion-por-vih-para-profesionales-de-atencion-primaria-8-10\/","og_site_name":"Col\u00b7legi Oficial de Metges de Lleida","twitter_card":"summary_large_image","schema":{"@context":"https:\/\/schema.org","@graph":[{"@type":"WebPage","@id":"https:\/\/www.comll.cat\/es\/agenda\/actualizacion-sobre-el-manejo-de-la-infeccion-por-vih-para-profesionales-de-atencion-primaria-8-10\/","url":"https:\/\/www.comll.cat\/es\/agenda\/actualizacion-sobre-el-manejo-de-la-infeccion-por-vih-para-profesionales-de-atencion-primaria-8-10\/","name":"Actualizaci\u00f3n sobre el Manejo de la Infecci\u00f3n por VIH para Profesionales de Atenci\u00f3n Primaria (8\/10) - Col\u00b7legi Oficial de Metges de Lleida","isPartOf":{"@id":"https:\/\/www.comll.cat\/es\/#website"},"datePublished":"2019-05-28T16:40:58+00:00","breadcrumb":{"@id":"https:\/\/www.comll.cat\/es\/agenda\/actualizacion-sobre-el-manejo-de-la-infeccion-por-vih-para-profesionales-de-atencion-primaria-8-10\/#breadcrumb"},"inLanguage":"es","potentialAction":[{"@type":"ReadAction","target":["https:\/\/www.comll.cat\/es\/agenda\/actualizacion-sobre-el-manejo-de-la-infeccion-por-vih-para-profesionales-de-atencion-primaria-8-10\/"]}]},{"@type":"BreadcrumbList","@id":"https:\/\/www.comll.cat\/es\/agenda\/actualizacion-sobre-el-manejo-de-la-infeccion-por-vih-para-profesionales-de-atencion-primaria-8-10\/#breadcrumb","itemListElement":[{"@type":"ListItem","position":1,"name":"Portada","item":"https:\/\/www.comll.cat\/es\/"},{"@type":"ListItem","position":2,"name":"Eventos","item":"https:\/\/www.comll.cat\/es\/agenda-c\/"},{"@type":"ListItem","position":3,"name":"Actualizaci\u00f3n sobre el Manejo de la Infecci\u00f3n por VIH para Profesionales de Atenci\u00f3n Primaria (8\/10)"}]},{"@type":"WebSite","@id":"https:\/\/www.comll.cat\/es\/#website","url":"https:\/\/www.comll.cat\/es\/","name":"Col\u00b7legi Oficial de Metges de Lleida","description":"COMLL","potentialAction":[{"@type":"SearchAction","target":{"@type":"EntryPoint","urlTemplate":"https:\/\/www.comll.cat\/es\/?s={search_term_string}"},"query-input":{"@type":"PropertyValueSpecification","valueRequired":true,"valueName":"search_term_string"}}],"inLanguage":"es"}]}},"publishpress_future_workflow_manual_trigger":{"enabledWorkflows":[]},"_links":{"self":[{"href":"https:\/\/www.comll.cat\/es\/wp-json\/wp\/v2\/tribe_events\/2125","targetHints":{"allow":["GET"]}}],"collection":[{"href":"https:\/\/www.comll.cat\/es\/wp-json\/wp\/v2\/tribe_events"}],"about":[{"href":"https:\/\/www.comll.cat\/es\/wp-json\/wp\/v2\/types\/tribe_events"}],"author":[{"embeddable":true,"href":"https:\/\/www.comll.cat\/es\/wp-json\/wp\/v2\/users\/1"}],"version-history":[{"count":0,"href":"https:\/\/www.comll.cat\/es\/wp-json\/wp\/v2\/tribe_events\/2125\/revisions"}],"wp:attachment":[{"href":"https:\/\/www.comll.cat\/es\/wp-json\/wp\/v2\/media?parent=2125"}],"wp:term":[{"taxonomy":"post_tag","embeddable":true,"href":"https:\/\/www.comll.cat\/es\/wp-json\/wp\/v2\/tags?post=2125"},{"taxonomy":"tribe_events_cat","embeddable":true,"href":"https:\/\/www.comll.cat\/es\/wp-json\/wp\/v2\/tribe_events_cat?post=2125"}],"curies":[{"name":"wp","href":"https:\/\/api.w.org\/{rel}","templated":true}]}}

Actualización sobre el Manejo de la Infección por VIH para Profesionales de Atención Primaria (8/10)

<p class="p28"><strong><span class="s2">28 Noviembre -VIH i Evelliment</span></strong></p>
<p class="p28"><span class="s2">Ponent: Dra Eugènia Negredo (IrsiCaixa Badalona)</span></p>
<p class="p28"><span class="s2">Moderador: Dra Nadia Abdulghani (Unitat VIH, Lleida)</span></p>
<p><a href="https://www.comll.cat/streaming-vih/">Accés a STREAMING</a></p>
<p><a href="https://drive.google.com/drive/folders/1ZdGk9SUUQaqwRe7UV4ZNArFNWTaYpbzp?usp=sharing">Accés a les gravacions del curs</a></p>
<p>Clica <a href="https://www.comll.cat/jornadas-de-actualizacion-sobre-el-manejo-de-la-infeccion-por-vih-para-profesionales-de-atencion-primaria/">AQUÍ</a> per veure tot el programa i per inscriure’t.</p>

<p>28 Noviembre -VIH i Evelliment Ponent: Dra Eugènia Negredo (IrsiCaixa Badalona) Moderador: Dra Nadia Abdulghani (Unitat VIH, Lleida) Accés a...</p>

<!-- This site is optimized with the Yoast SEO plugin v27.5 - https://yoast.com/product/yoast-seo-wordpress/ -->
<title>Actualización sobre el Manejo de la Infección por VIH para Profesionales de Atención Primaria (8/10) - Col·legi Oficial de Metges de Lleida</title>
<meta name="robots" content="index, follow, max-snippet:-1, max-image-preview:large, max-video-preview:-1" />
<link rel="canonical" href="https://www.comll.cat/es/agenda/actualizacion-sobre-el-manejo-de-la-infeccion-por-vih-para-profesionales-de-atencion-primaria-8-10/" />
<meta property="og:locale" content="es_ES" />
<meta property="og:type" content="article" />
<meta property="og:title" content="Actualización sobre el Manejo de la Infección por VIH para Profesionales de Atención Primaria (8/10) - Col·legi Oficial de Metges de Lleida" />
<meta property="og:description" content="28 Noviembre -VIH i Evelliment Ponent: Dra Eugènia Negredo (IrsiCaixa Badalona) Moderador: Dra Nadia Abdulghani (Unitat VIH, Lleida) Accés a..." />
<meta property="og:url" content="https://www.comll.cat/es/agenda/actualizacion-sobre-el-manejo-de-la-infeccion-por-vih-para-profesionales-de-atencion-primaria-8-10/" />
<meta property="og:site_name" content="Col·legi Oficial de Metges de Lleida" />
<meta name="twitter:card" content="summary_large_image" />
<script type="application/ld+json" class="yoast-schema-graph">{"@context":"https:\/\/schema.org","@graph":[{"@type":"WebPage","@id":"https:\/\/www.comll.cat\/es\/agenda\/actualizacion-sobre-el-manejo-de-la-infeccion-por-vih-para-profesionales-de-atencion-primaria-8-10\/","url":"https:\/\/www.comll.cat\/es\/agenda\/actualizacion-sobre-el-manejo-de-la-infeccion-por-vih-para-profesionales-de-atencion-primaria-8-10\/","name":"Actualización sobre el Manejo de la Infección por VIH para Profesionales de Atención Primaria (8\/10) - Col·legi Oficial de Metges de Lleida","isPartOf":{"@id":"https:\/\/www.comll.cat\/es\/#website"},"datePublished":"2019-05-28T16:40:58+00:00","breadcrumb":{"@id":"https:\/\/www.comll.cat\/es\/agenda\/actualizacion-sobre-el-manejo-de-la-infeccion-por-vih-para-profesionales-de-atencion-primaria-8-10\/#breadcrumb"},"inLanguage":"es","potentialAction":[{"@type":"ReadAction","target":["https:\/\/www.comll.cat\/es\/agenda\/actualizacion-sobre-el-manejo-de-la-infeccion-por-vih-para-profesionales-de-atencion-primaria-8-10\/"]}]},{"@type":"BreadcrumbList","@id":"https:\/\/www.comll.cat\/es\/agenda\/actualizacion-sobre-el-manejo-de-la-infeccion-por-vih-para-profesionales-de-atencion-primaria-8-10\/#breadcrumb","itemListElement":[{"@type":"ListItem","position":1,"name":"Portada","item":"https:\/\/www.comll.cat\/es\/"},{"@type":"ListItem","position":2,"name":"Eventos","item":"https:\/\/www.comll.cat\/es\/agenda-c\/"},{"@type":"ListItem","position":3,"name":"Actualización sobre el Manejo de la Infección por VIH para Profesionales de Atención Primaria (8\/10)"}]},{"@type":"WebSite","@id":"https:\/\/www.comll.cat\/es\/#website","url":"https:\/\/www.comll.cat\/es\/","name":"Col·legi Oficial de Metges de Lleida","description":"COMLL","potentialAction":[{"@type":"SearchAction","target":{"@type":"EntryPoint","urlTemplate":"https:\/\/www.comll.cat\/es\/?s={search_term_string}"},"query-input":{"@type":"PropertyValueSpecification","valueRequired":true,"valueName":"search_term_string"}}],"inLanguage":"es"}]}</script>
<!-- / Yoast SEO plugin. -->

Actualización sobre el Manejo de la Infección por VIH para Profesionales de Atención Primaria (8/10) - Col·legi Oficial de Metges de Lleida

28 Noviembre -VIH i Evelliment Ponent: Dra Eugènia Negredo (IrsiCaixa Badalona) Moderador: Dra Nadia Abdulghani (Unitat VIH, Lleida) Accés a...
