{"id":2102,"date":"2019-02-11T10:21:29","date_gmt":"2019-02-11T09:21:29","guid":{"rendered":"https:\/\/www.comll.cat\/agenda\/iniciacio-a-la-recerca-2\/"},"modified":"2019-02-11T10:21:29","modified_gmt":"2019-02-11T09:21:29","slug":"iniciacio-a-la-recerca-2","status":"publish","type":"tribe_events","link":"https:\/\/www.comll.cat\/es\/agenda\/iniciacio-a-la-recerca-2\/","title":{"rendered":"INICIACI\u00d3 A LA RECERCA 2019 (2\/3)"},"content":{"rendered":"<p><strong><em><u>PROGRAMA<\/u><\/em><\/strong><\/p>\n<p><strong><em>Posta en com\u00fa dels articles i resoluci\u00f3 de dubtes. <\/em><\/strong><strong>De 17:00 a 18:00<\/strong>(1 hora pr\u00e0ctica)<em>.<\/em><\/p>\n<p><strong><em>Preparaci\u00f3 de base de dades estad\u00edstics. \u00a0<\/em><\/strong><strong>De 18:00 a 19:00 <\/strong>(1 hora te\u00f2rica).<\/p>\n<p><strong>Dra. Silvia Bielsa Mart\u00edn.<\/strong><\/p>\n<p><strong><em>Com parlar en p\u00fablic<\/em><\/strong><strong>. De 19:00 a 20:00 (1 hora te\u00f2rica).<\/strong><\/p>\n<p>S\u2019oferir\u00e0 preparar un v\u00eddeo o una presentaci\u00f3 oral presencial. \u00a0<strong>De 20:00 a\u00a0<\/strong><strong>21:30<\/strong>(1.5 hores de treball personal).<\/p>\n<p><strong>Dr. Jose Manuel Porcel P\u00e9rez.<\/strong><\/p>\n<p>&nbsp;<\/p>\n<p>Clica\u00a0<a href=\"https:\/\/www.comll.cat\/?page_id=15605&amp;preview=true\">AQU\u00cd<\/a> per veure tot el programa i per inscriure\u2019t.<\/p>\n","protected":false},"excerpt":{"rendered":"<p>PROGRAMA Posta en com\u00fa dels articles i resoluci\u00f3 de dubtes. De 17:00 a 18:00(1 hora pr\u00e0ctica). Preparaci\u00f3 de base de...<\/p>\n","protected":false},"author":1,"featured_media":0,"template":"","meta":{"_acf_changed":false,"inline_featured_image":false,"_tribe_events_status":"","_tribe_events_status_reason":"","_tribe_events_is_hybrid":"","_tribe_events_is_virtual":"","_tribe_events_virtual_video_source":"","_tribe_events_virtual_embed_video":"","_tribe_events_virtual_linked_button_text":"","_tribe_events_virtual_linked_button":"","_tribe_events_virtual_show_embed_at":"","_tribe_events_virtual_show_embed_to":[],"_tribe_events_virtual_show_on_event":"","_tribe_events_virtual_show_on_views":"","_tribe_events_virtual_url":"","footnotes":""},"tags":[],"tribe_events_cat":[],"class_list":["post-2102","tribe_events","type-tribe_events","status-publish","hentry"],"acf":[],"yoast_head":"<!-- This site is optimized with the Yoast SEO plugin v27.5 - https:\/\/yoast.com\/product\/yoast-seo-wordpress\/ -->\n<title>INICIACI\u00d3 A LA RECERCA 2019 (2\/3) - Col\u00b7legi Oficial de Metges de Lleida<\/title>\n<meta name=\"robots\" content=\"index, follow, max-snippet:-1, max-image-preview:large, max-video-preview:-1\" \/>\n<link rel=\"canonical\" href=\"https:\/\/www.comll.cat\/es\/agenda\/iniciacio-a-la-recerca-2\/\" \/>\n<meta property=\"og:locale\" content=\"es_ES\" \/>\n<meta property=\"og:type\" content=\"article\" \/>\n<meta property=\"og:title\" content=\"INICIACI\u00d3 A LA RECERCA 2019 (2\/3) - Col\u00b7legi Oficial de Metges de Lleida\" \/>\n<meta property=\"og:description\" content=\"PROGRAMA Posta en com\u00fa dels articles i resoluci\u00f3 de dubtes. De 17:00 a 18:00(1 hora pr\u00e0ctica). Preparaci\u00f3 de base de...\" \/>\n<meta property=\"og:url\" content=\"https:\/\/www.comll.cat\/es\/agenda\/iniciacio-a-la-recerca-2\/\" \/>\n<meta property=\"og:site_name\" content=\"Col\u00b7legi Oficial de Metges de Lleida\" \/>\n<meta name=\"twitter:card\" content=\"summary_large_image\" \/>\n<script type=\"application\/ld+json\" class=\"yoast-schema-graph\">{\"@context\":\"https:\\\/\\\/schema.org\",\"@graph\":[{\"@type\":\"WebPage\",\"@id\":\"https:\\\/\\\/www.comll.cat\\\/es\\\/agenda\\\/iniciacio-a-la-recerca-2\\\/\",\"url\":\"https:\\\/\\\/www.comll.cat\\\/es\\\/agenda\\\/iniciacio-a-la-recerca-2\\\/\",\"name\":\"INICIACI\u00d3 A LA RECERCA 2019 (2\\\/3) - Col\u00b7legi Oficial de Metges de Lleida\",\"isPartOf\":{\"@id\":\"https:\\\/\\\/www.comll.cat\\\/es\\\/#website\"},\"datePublished\":\"2019-02-11T09:21:29+00:00\",\"breadcrumb\":{\"@id\":\"https:\\\/\\\/www.comll.cat\\\/es\\\/agenda\\\/iniciacio-a-la-recerca-2\\\/#breadcrumb\"},\"inLanguage\":\"es\",\"potentialAction\":[{\"@type\":\"ReadAction\",\"target\":[\"https:\\\/\\\/www.comll.cat\\\/es\\\/agenda\\\/iniciacio-a-la-recerca-2\\\/\"]}]},{\"@type\":\"BreadcrumbList\",\"@id\":\"https:\\\/\\\/www.comll.cat\\\/es\\\/agenda\\\/iniciacio-a-la-recerca-2\\\/#breadcrumb\",\"itemListElement\":[{\"@type\":\"ListItem\",\"position\":1,\"name\":\"Portada\",\"item\":\"https:\\\/\\\/www.comll.cat\\\/es\\\/\"},{\"@type\":\"ListItem\",\"position\":2,\"name\":\"Eventos\",\"item\":\"https:\\\/\\\/www.comll.cat\\\/es\\\/agenda-c\\\/\"},{\"@type\":\"ListItem\",\"position\":3,\"name\":\"INICIACI\u00d3 A LA RECERCA 2019 (2\\\/3)\"}]},{\"@type\":\"WebSite\",\"@id\":\"https:\\\/\\\/www.comll.cat\\\/es\\\/#website\",\"url\":\"https:\\\/\\\/www.comll.cat\\\/es\\\/\",\"name\":\"Col\u00b7legi Oficial de Metges de Lleida\",\"description\":\"COMLL\",\"potentialAction\":[{\"@type\":\"SearchAction\",\"target\":{\"@type\":\"EntryPoint\",\"urlTemplate\":\"https:\\\/\\\/www.comll.cat\\\/es\\\/?s={search_term_string}\"},\"query-input\":{\"@type\":\"PropertyValueSpecification\",\"valueRequired\":true,\"valueName\":\"search_term_string\"}}],\"inLanguage\":\"es\"}]}<\/script>\n<!-- \/ Yoast SEO plugin. -->","yoast_head_json":{"title":"INICIACI\u00d3 A LA RECERCA 2019 (2\/3) - Col\u00b7legi Oficial de Metges de Lleida","robots":{"index":"index","follow":"follow","max-snippet":"max-snippet:-1","max-image-preview":"max-image-preview:large","max-video-preview":"max-video-preview:-1"},"canonical":"https:\/\/www.comll.cat\/es\/agenda\/iniciacio-a-la-recerca-2\/","og_locale":"es_ES","og_type":"article","og_title":"INICIACI\u00d3 A LA RECERCA 2019 (2\/3) - Col\u00b7legi Oficial de Metges de Lleida","og_description":"PROGRAMA Posta en com\u00fa dels articles i resoluci\u00f3 de dubtes. De 17:00 a 18:00(1 hora pr\u00e0ctica). Preparaci\u00f3 de base de...","og_url":"https:\/\/www.comll.cat\/es\/agenda\/iniciacio-a-la-recerca-2\/","og_site_name":"Col\u00b7legi Oficial de Metges de Lleida","twitter_card":"summary_large_image","schema":{"@context":"https:\/\/schema.org","@graph":[{"@type":"WebPage","@id":"https:\/\/www.comll.cat\/es\/agenda\/iniciacio-a-la-recerca-2\/","url":"https:\/\/www.comll.cat\/es\/agenda\/iniciacio-a-la-recerca-2\/","name":"INICIACI\u00d3 A LA RECERCA 2019 (2\/3) - Col\u00b7legi Oficial de Metges de Lleida","isPartOf":{"@id":"https:\/\/www.comll.cat\/es\/#website"},"datePublished":"2019-02-11T09:21:29+00:00","breadcrumb":{"@id":"https:\/\/www.comll.cat\/es\/agenda\/iniciacio-a-la-recerca-2\/#breadcrumb"},"inLanguage":"es","potentialAction":[{"@type":"ReadAction","target":["https:\/\/www.comll.cat\/es\/agenda\/iniciacio-a-la-recerca-2\/"]}]},{"@type":"BreadcrumbList","@id":"https:\/\/www.comll.cat\/es\/agenda\/iniciacio-a-la-recerca-2\/#breadcrumb","itemListElement":[{"@type":"ListItem","position":1,"name":"Portada","item":"https:\/\/www.comll.cat\/es\/"},{"@type":"ListItem","position":2,"name":"Eventos","item":"https:\/\/www.comll.cat\/es\/agenda-c\/"},{"@type":"ListItem","position":3,"name":"INICIACI\u00d3 A LA RECERCA 2019 (2\/3)"}]},{"@type":"WebSite","@id":"https:\/\/www.comll.cat\/es\/#website","url":"https:\/\/www.comll.cat\/es\/","name":"Col\u00b7legi Oficial de Metges de Lleida","description":"COMLL","potentialAction":[{"@type":"SearchAction","target":{"@type":"EntryPoint","urlTemplate":"https:\/\/www.comll.cat\/es\/?s={search_term_string}"},"query-input":{"@type":"PropertyValueSpecification","valueRequired":true,"valueName":"search_term_string"}}],"inLanguage":"es"}]}},"publishpress_future_workflow_manual_trigger":{"enabledWorkflows":[]},"_links":{"self":[{"href":"https:\/\/www.comll.cat\/es\/wp-json\/wp\/v2\/tribe_events\/2102","targetHints":{"allow":["GET"]}}],"collection":[{"href":"https:\/\/www.comll.cat\/es\/wp-json\/wp\/v2\/tribe_events"}],"about":[{"href":"https:\/\/www.comll.cat\/es\/wp-json\/wp\/v2\/types\/tribe_events"}],"author":[{"embeddable":true,"href":"https:\/\/www.comll.cat\/es\/wp-json\/wp\/v2\/users\/1"}],"version-history":[{"count":0,"href":"https:\/\/www.comll.cat\/es\/wp-json\/wp\/v2\/tribe_events\/2102\/revisions"}],"wp:attachment":[{"href":"https:\/\/www.comll.cat\/es\/wp-json\/wp\/v2\/media?parent=2102"}],"wp:term":[{"taxonomy":"post_tag","embeddable":true,"href":"https:\/\/www.comll.cat\/es\/wp-json\/wp\/v2\/tags?post=2102"},{"taxonomy":"tribe_events_cat","embeddable":true,"href":"https:\/\/www.comll.cat\/es\/wp-json\/wp\/v2\/tribe_events_cat?post=2102"}],"curies":[{"name":"wp","href":"https:\/\/api.w.org\/{rel}","templated":true}]}}

INICIACIÓ A LA RECERCA 2019 (2/3)

<p><strong><em><u>PROGRAMA</u></em></strong></p>
<p><strong><em>Posta en comú dels articles i resolució de dubtes. </em></strong><strong>De 17:00 a 18:00</strong>(1 hora pràctica)<em>.</em></p>
<p><strong><em>Preparació de base de dades estadístics.  </em></strong><strong>De 18:00 a 19:00 </strong>(1 hora teòrica).</p>
<p><strong>Dra. Silvia Bielsa Martín.</strong></p>
<p><strong><em>Com parlar en públic</em></strong><strong>. De 19:00 a 20:00 (1 hora teòrica).</strong></p>
<p>S’oferirà preparar un vídeo o una presentació oral presencial.  <strong>De 20:00 a </strong><strong>21:30</strong>(1.5 hores de treball personal).</p>
<p><strong>Dr. Jose Manuel Porcel Pérez.</strong></p>
<p>&nbsp;</p>
<p>Clica <a href="https://www.comll.cat/?page_id=15605&amp;preview=true">AQUÍ</a> per veure tot el programa i per inscriure’t.</p>

<p>PROGRAMA Posta en comú dels articles i resolució de dubtes. De 17:00 a 18:00(1 hora pràctica). Preparació de base de...</p>

<!-- This site is optimized with the Yoast SEO plugin v27.5 - https://yoast.com/product/yoast-seo-wordpress/ -->
<title>INICIACIÓ A LA RECERCA 2019 (2/3) - Col·legi Oficial de Metges de Lleida</title>
<meta name="robots" content="index, follow, max-snippet:-1, max-image-preview:large, max-video-preview:-1" />
<link rel="canonical" href="https://www.comll.cat/es/agenda/iniciacio-a-la-recerca-2/" />
<meta property="og:locale" content="es_ES" />
<meta property="og:type" content="article" />
<meta property="og:title" content="INICIACIÓ A LA RECERCA 2019 (2/3) - Col·legi Oficial de Metges de Lleida" />
<meta property="og:description" content="PROGRAMA Posta en comú dels articles i resolució de dubtes. De 17:00 a 18:00(1 hora pràctica). Preparació de base de..." />
<meta property="og:url" content="https://www.comll.cat/es/agenda/iniciacio-a-la-recerca-2/" />
<meta property="og:site_name" content="Col·legi Oficial de Metges de Lleida" />
<meta name="twitter:card" content="summary_large_image" />
<script type="application/ld+json" class="yoast-schema-graph">{"@context":"https:\/\/schema.org","@graph":[{"@type":"WebPage","@id":"https:\/\/www.comll.cat\/es\/agenda\/iniciacio-a-la-recerca-2\/","url":"https:\/\/www.comll.cat\/es\/agenda\/iniciacio-a-la-recerca-2\/","name":"INICIACIÓ A LA RECERCA 2019 (2\/3) - Col·legi Oficial de Metges de Lleida","isPartOf":{"@id":"https:\/\/www.comll.cat\/es\/#website"},"datePublished":"2019-02-11T09:21:29+00:00","breadcrumb":{"@id":"https:\/\/www.comll.cat\/es\/agenda\/iniciacio-a-la-recerca-2\/#breadcrumb"},"inLanguage":"es","potentialAction":[{"@type":"ReadAction","target":["https:\/\/www.comll.cat\/es\/agenda\/iniciacio-a-la-recerca-2\/"]}]},{"@type":"BreadcrumbList","@id":"https:\/\/www.comll.cat\/es\/agenda\/iniciacio-a-la-recerca-2\/#breadcrumb","itemListElement":[{"@type":"ListItem","position":1,"name":"Portada","item":"https:\/\/www.comll.cat\/es\/"},{"@type":"ListItem","position":2,"name":"Eventos","item":"https:\/\/www.comll.cat\/es\/agenda-c\/"},{"@type":"ListItem","position":3,"name":"INICIACIÓ A LA RECERCA 2019 (2\/3)"}]},{"@type":"WebSite","@id":"https:\/\/www.comll.cat\/es\/#website","url":"https:\/\/www.comll.cat\/es\/","name":"Col·legi Oficial de Metges de Lleida","description":"COMLL","potentialAction":[{"@type":"SearchAction","target":{"@type":"EntryPoint","urlTemplate":"https:\/\/www.comll.cat\/es\/?s={search_term_string}"},"query-input":{"@type":"PropertyValueSpecification","valueRequired":true,"valueName":"search_term_string"}}],"inLanguage":"es"}]}</script>
<!-- / Yoast SEO plugin. -->

INICIACIÓ A LA RECERCA 2019 (2/3) - Col·legi Oficial de Metges de Lleida

PROGRAMA Posta en comú dels articles i resolució de dubtes. De 17:00 a 18:00(1 hora pràctica). Preparació de base de...
