{"id":14572,"date":"2026-04-13T09:24:02","date_gmt":"2026-04-13T07:24:02","guid":{"rendered":"https:\/\/www.comll.cat\/es\/?post_type=tribe_events&#038;p=14572"},"modified":"2026-04-13T09:24:02","modified_gmt":"2026-04-13T07:24:02","slug":"voluntats-anticipades","status":"publish","type":"tribe_events","link":"https:\/\/www.comll.cat\/es\/agenda\/voluntats-anticipades\/","title":{"rendered":"Voluntades anticipadas"},"content":{"rendered":"<p><strong>Programa \"Salut i Comunitat\" para colegiados y abierto al p\u00fablico<\/strong><\/p>\n<ul>\n<li>Organizado por: Secci\u00f3n de M\u00e9dicos Seniors.<\/li>\n<li>Modalidad presencial: sala de formaci\u00f3n del Col\u00b7legi de Metges de Lleida (Av. Rovira Roure, 41 - 25006 Lleida)<\/li>\n<li>Modalidad en l\u00ednea: se enviar\u00e1 el enlace correspondiente previamente a la celebraci\u00f3n del acto<\/li>\n<\/ul>\n<p>Se ruega confirmar asistencia en el formulario adjunto<\/p>\n<p>\u2295 <a href=\"https:\/\/forms.gle\/gvdmRMx9SHrmH5Uo6\"><em>Formulario de asistencia<\/em><\/a><\/p>\n<p>&nbsp;<\/p>\n<p>Con la colaboraci\u00f3n de<\/p>\n<p><img loading=\"lazy\" decoding=\"async\" class=\"alignnone wp-image-17497\" src=\"https:\/\/www.comll.cat\/wp-content\/uploads\/diputacio-de-lleida-e1774950336538-300x138.png\" alt=\"\" width=\"183\" height=\"84\" \/><\/p>\n","protected":false},"excerpt":{"rendered":"<p>Programa \"Salut i Comunitat\" para colegiados y abierto al p\u00fablico Organizado por: Secci\u00f3n de M\u00e9dicos Seniors. Modalidad presencial: sala de...<\/p>\n","protected":false},"author":4,"featured_media":14573,"template":"","meta":{"_acf_changed":false,"inline_featured_image":false,"_tribe_events_status":"","_tribe_events_status_reason":"","_tribe_events_is_hybrid":"","_tribe_events_is_virtual":"","_tribe_events_virtual_video_source":"","_tribe_events_virtual_embed_video":"","_tribe_events_virtual_linked_button_text":"","_tribe_events_virtual_linked_button":"","_tribe_events_virtual_show_embed_at":"","_tribe_events_virtual_show_embed_to":[],"_tribe_events_virtual_show_on_event":"","_tribe_events_virtual_show_on_views":"","_tribe_events_virtual_url":"","footnotes":""},"tags":[],"tribe_events_cat":[153],"class_list":["post-14572","tribe_events","type-tribe_events","status-publish","has-post-thumbnail","hentry","tribe_events_cat-formacion","cat_formacion"],"acf":[],"yoast_head":"<!-- This site is optimized with the Yoast SEO plugin v27.5 - https:\/\/yoast.com\/product\/yoast-seo-wordpress\/ -->\n<title>Voluntades anticipadas - Col\u00b7legi Oficial de Metges de Lleida<\/title>\n<meta name=\"robots\" content=\"index, follow, max-snippet:-1, max-image-preview:large, max-video-preview:-1\" \/>\n<link rel=\"canonical\" href=\"https:\/\/www.comll.cat\/es\/agenda\/voluntats-anticipades\/\" \/>\n<meta property=\"og:locale\" content=\"es_ES\" \/>\n<meta property=\"og:type\" content=\"article\" \/>\n<meta property=\"og:title\" content=\"Voluntades anticipadas - Col\u00b7legi Oficial de Metges de Lleida\" \/>\n<meta property=\"og:description\" content=\"Programa &quot;Salut i Comunitat&quot; para colegiados y abierto al p\u00fablico Organizado por: Secci\u00f3n de M\u00e9dicos Seniors. Modalidad presencial: sala de...\" \/>\n<meta property=\"og:url\" content=\"https:\/\/www.comll.cat\/es\/agenda\/voluntats-anticipades\/\" \/>\n<meta property=\"og:site_name\" content=\"Col\u00b7legi Oficial de Metges de Lleida\" \/>\n<meta property=\"og:image\" content=\"https:\/\/www.comll.cat\/es\/wp-content\/uploads\/sites\/3\/voluntats-anticipades.jpg\" \/>\n\t<meta property=\"og:image:width\" content=\"1348\" \/>\n\t<meta property=\"og:image:height\" content=\"1045\" \/>\n\t<meta property=\"og:image:type\" content=\"image\/jpeg\" \/>\n<meta name=\"twitter:card\" content=\"summary_large_image\" \/>\n<script type=\"application\/ld+json\" class=\"yoast-schema-graph\">{\"@context\":\"https:\\\/\\\/schema.org\",\"@graph\":[{\"@type\":\"WebPage\",\"@id\":\"https:\\\/\\\/www.comll.cat\\\/es\\\/agenda\\\/voluntats-anticipades\\\/\",\"url\":\"https:\\\/\\\/www.comll.cat\\\/es\\\/agenda\\\/voluntats-anticipades\\\/\",\"name\":\"Voluntades anticipadas - Col\u00b7legi Oficial de Metges de Lleida\",\"isPartOf\":{\"@id\":\"https:\\\/\\\/www.comll.cat\\\/es\\\/#website\"},\"primaryImageOfPage\":{\"@id\":\"https:\\\/\\\/www.comll.cat\\\/es\\\/agenda\\\/voluntats-anticipades\\\/#primaryimage\"},\"image\":{\"@id\":\"https:\\\/\\\/www.comll.cat\\\/es\\\/agenda\\\/voluntats-anticipades\\\/#primaryimage\"},\"thumbnailUrl\":\"https:\\\/\\\/www.comll.cat\\\/es\\\/wp-content\\\/uploads\\\/sites\\\/3\\\/voluntats-anticipades.jpg\",\"datePublished\":\"2026-04-13T07:24:02+00:00\",\"breadcrumb\":{\"@id\":\"https:\\\/\\\/www.comll.cat\\\/es\\\/agenda\\\/voluntats-anticipades\\\/#breadcrumb\"},\"inLanguage\":\"es\",\"potentialAction\":[{\"@type\":\"ReadAction\",\"target\":[\"https:\\\/\\\/www.comll.cat\\\/es\\\/agenda\\\/voluntats-anticipades\\\/\"]}]},{\"@type\":\"ImageObject\",\"inLanguage\":\"es\",\"@id\":\"https:\\\/\\\/www.comll.cat\\\/es\\\/agenda\\\/voluntats-anticipades\\\/#primaryimage\",\"url\":\"https:\\\/\\\/www.comll.cat\\\/es\\\/wp-content\\\/uploads\\\/sites\\\/3\\\/voluntats-anticipades.jpg\",\"contentUrl\":\"https:\\\/\\\/www.comll.cat\\\/es\\\/wp-content\\\/uploads\\\/sites\\\/3\\\/voluntats-anticipades.jpg\",\"width\":1348,\"height\":1045},{\"@type\":\"BreadcrumbList\",\"@id\":\"https:\\\/\\\/www.comll.cat\\\/es\\\/agenda\\\/voluntats-anticipades\\\/#breadcrumb\",\"itemListElement\":[{\"@type\":\"ListItem\",\"position\":1,\"name\":\"Portada\",\"item\":\"https:\\\/\\\/www.comll.cat\\\/es\\\/\"},{\"@type\":\"ListItem\",\"position\":2,\"name\":\"Eventos\",\"item\":\"https:\\\/\\\/www.comll.cat\\\/es\\\/agenda-c\\\/\"},{\"@type\":\"ListItem\",\"position\":3,\"name\":\"Voluntades anticipadas\"}]},{\"@type\":\"WebSite\",\"@id\":\"https:\\\/\\\/www.comll.cat\\\/es\\\/#website\",\"url\":\"https:\\\/\\\/www.comll.cat\\\/es\\\/\",\"name\":\"Col\u00b7legi Oficial de Metges de Lleida\",\"description\":\"COMLL\",\"potentialAction\":[{\"@type\":\"SearchAction\",\"target\":{\"@type\":\"EntryPoint\",\"urlTemplate\":\"https:\\\/\\\/www.comll.cat\\\/es\\\/?s={search_term_string}\"},\"query-input\":{\"@type\":\"PropertyValueSpecification\",\"valueRequired\":true,\"valueName\":\"search_term_string\"}}],\"inLanguage\":\"es\"}]}<\/script>\n<!-- \/ Yoast SEO plugin. -->","yoast_head_json":{"title":"Voluntades anticipadas - Col\u00b7legi Oficial de Metges de Lleida","robots":{"index":"index","follow":"follow","max-snippet":"max-snippet:-1","max-image-preview":"max-image-preview:large","max-video-preview":"max-video-preview:-1"},"canonical":"https:\/\/www.comll.cat\/es\/agenda\/voluntats-anticipades\/","og_locale":"es_ES","og_type":"article","og_title":"Voluntades anticipadas - Col\u00b7legi Oficial de Metges de Lleida","og_description":"Programa \"Salut i Comunitat\" para colegiados y abierto al p\u00fablico Organizado por: Secci\u00f3n de M\u00e9dicos Seniors. Modalidad presencial: sala de...","og_url":"https:\/\/www.comll.cat\/es\/agenda\/voluntats-anticipades\/","og_site_name":"Col\u00b7legi Oficial de Metges de Lleida","og_image":[{"width":1348,"height":1045,"url":"https:\/\/www.comll.cat\/es\/wp-content\/uploads\/sites\/3\/voluntats-anticipades.jpg","type":"image\/jpeg"}],"twitter_card":"summary_large_image","schema":{"@context":"https:\/\/schema.org","@graph":[{"@type":"WebPage","@id":"https:\/\/www.comll.cat\/es\/agenda\/voluntats-anticipades\/","url":"https:\/\/www.comll.cat\/es\/agenda\/voluntats-anticipades\/","name":"Voluntades anticipadas - Col\u00b7legi Oficial de Metges de Lleida","isPartOf":{"@id":"https:\/\/www.comll.cat\/es\/#website"},"primaryImageOfPage":{"@id":"https:\/\/www.comll.cat\/es\/agenda\/voluntats-anticipades\/#primaryimage"},"image":{"@id":"https:\/\/www.comll.cat\/es\/agenda\/voluntats-anticipades\/#primaryimage"},"thumbnailUrl":"https:\/\/www.comll.cat\/es\/wp-content\/uploads\/sites\/3\/voluntats-anticipades.jpg","datePublished":"2026-04-13T07:24:02+00:00","breadcrumb":{"@id":"https:\/\/www.comll.cat\/es\/agenda\/voluntats-anticipades\/#breadcrumb"},"inLanguage":"es","potentialAction":[{"@type":"ReadAction","target":["https:\/\/www.comll.cat\/es\/agenda\/voluntats-anticipades\/"]}]},{"@type":"ImageObject","inLanguage":"es","@id":"https:\/\/www.comll.cat\/es\/agenda\/voluntats-anticipades\/#primaryimage","url":"https:\/\/www.comll.cat\/es\/wp-content\/uploads\/sites\/3\/voluntats-anticipades.jpg","contentUrl":"https:\/\/www.comll.cat\/es\/wp-content\/uploads\/sites\/3\/voluntats-anticipades.jpg","width":1348,"height":1045},{"@type":"BreadcrumbList","@id":"https:\/\/www.comll.cat\/es\/agenda\/voluntats-anticipades\/#breadcrumb","itemListElement":[{"@type":"ListItem","position":1,"name":"Portada","item":"https:\/\/www.comll.cat\/es\/"},{"@type":"ListItem","position":2,"name":"Eventos","item":"https:\/\/www.comll.cat\/es\/agenda-c\/"},{"@type":"ListItem","position":3,"name":"Voluntades anticipadas"}]},{"@type":"WebSite","@id":"https:\/\/www.comll.cat\/es\/#website","url":"https:\/\/www.comll.cat\/es\/","name":"Col\u00b7legi Oficial de Metges de Lleida","description":"COMLL","potentialAction":[{"@type":"SearchAction","target":{"@type":"EntryPoint","urlTemplate":"https:\/\/www.comll.cat\/es\/?s={search_term_string}"},"query-input":{"@type":"PropertyValueSpecification","valueRequired":true,"valueName":"search_term_string"}}],"inLanguage":"es"}]}},"publishpress_future_workflow_manual_trigger":{"enabledWorkflows":[]},"_links":{"self":[{"href":"https:\/\/www.comll.cat\/es\/wp-json\/wp\/v2\/tribe_events\/14572","targetHints":{"allow":["GET"]}}],"collection":[{"href":"https:\/\/www.comll.cat\/es\/wp-json\/wp\/v2\/tribe_events"}],"about":[{"href":"https:\/\/www.comll.cat\/es\/wp-json\/wp\/v2\/types\/tribe_events"}],"author":[{"embeddable":true,"href":"https:\/\/www.comll.cat\/es\/wp-json\/wp\/v2\/users\/4"}],"version-history":[{"count":1,"href":"https:\/\/www.comll.cat\/es\/wp-json\/wp\/v2\/tribe_events\/14572\/revisions"}],"predecessor-version":[{"id":14574,"href":"https:\/\/www.comll.cat\/es\/wp-json\/wp\/v2\/tribe_events\/14572\/revisions\/14574"}],"wp:featuredmedia":[{"embeddable":true,"href":"https:\/\/www.comll.cat\/es\/wp-json\/wp\/v2\/media\/14573"}],"wp:attachment":[{"href":"https:\/\/www.comll.cat\/es\/wp-json\/wp\/v2\/media?parent=14572"}],"wp:term":[{"taxonomy":"post_tag","embeddable":true,"href":"https:\/\/www.comll.cat\/es\/wp-json\/wp\/v2\/tags?post=14572"},{"taxonomy":"tribe_events_cat","embeddable":true,"href":"https:\/\/www.comll.cat\/es\/wp-json\/wp\/v2\/tribe_events_cat?post=14572"}],"curies":[{"name":"wp","href":"https:\/\/api.w.org\/{rel}","templated":true}]}}

<p><strong>Programa "Salut i Comunitat" para colegiados y abierto al público</strong></p>
<ul>
<li>Organizado por: Sección de Médicos Seniors.</li>
<li>Modalidad presencial: sala de formación del Col·legi de Metges de Lleida (Av. Rovira Roure, 41 - 25006 Lleida)</li>
<li>Modalidad en línea: se enviará el enlace correspondiente previamente a la celebración del acto</li>
</ul>
<p>Se ruega confirmar asistencia en el formulario adjunto</p>
<p>⊕ <a href="https://forms.gle/gvdmRMx9SHrmH5Uo6"><em>Formulario de asistencia</em></a></p>
<p>&nbsp;</p>
<p>Con la colaboración de</p>
<p><img loading="lazy" decoding="async" class="alignnone wp-image-17497" src="https://www.comll.cat/wp-content/uploads/diputacio-de-lleida-e1774950336538-300x138.png" alt="" width="183" height="84" /></p>

<p>Programa "Salut i Comunitat" para colegiados y abierto al público Organizado por: Sección de Médicos Seniors. Modalidad presencial: sala de...</p>

<!-- This site is optimized with the Yoast SEO plugin v27.5 - https://yoast.com/product/yoast-seo-wordpress/ -->
<title>Voluntades anticipadas - Col·legi Oficial de Metges de Lleida</title>
<meta name="robots" content="index, follow, max-snippet:-1, max-image-preview:large, max-video-preview:-1" />
<link rel="canonical" href="https://www.comll.cat/es/agenda/voluntats-anticipades/" />
<meta property="og:locale" content="es_ES" />
<meta property="og:type" content="article" />
<meta property="og:title" content="Voluntades anticipadas - Col·legi Oficial de Metges de Lleida" />
<meta property="og:description" content="Programa &quot;Salut i Comunitat&quot; para colegiados y abierto al público Organizado por: Sección de Médicos Seniors. Modalidad presencial: sala de..." />
<meta property="og:url" content="https://www.comll.cat/es/agenda/voluntats-anticipades/" />
<meta property="og:site_name" content="Col·legi Oficial de Metges de Lleida" />
<meta property="og:image" content="https://www.comll.cat/es/wp-content/uploads/sites/3/voluntats-anticipades.jpg" />
	<meta property="og:image:width" content="1348" />
	<meta property="og:image:height" content="1045" />
	<meta property="og:image:type" content="image/jpeg" />
<meta name="twitter:card" content="summary_large_image" />
<script type="application/ld+json" class="yoast-schema-graph">{"@context":"https:\/\/schema.org","@graph":[{"@type":"WebPage","@id":"https:\/\/www.comll.cat\/es\/agenda\/voluntats-anticipades\/","url":"https:\/\/www.comll.cat\/es\/agenda\/voluntats-anticipades\/","name":"Voluntades anticipadas - Col·legi Oficial de Metges de Lleida","isPartOf":{"@id":"https:\/\/www.comll.cat\/es\/#website"},"primaryImageOfPage":{"@id":"https:\/\/www.comll.cat\/es\/agenda\/voluntats-anticipades\/#primaryimage"},"image":{"@id":"https:\/\/www.comll.cat\/es\/agenda\/voluntats-anticipades\/#primaryimage"},"thumbnailUrl":"https:\/\/www.comll.cat\/es\/wp-content\/uploads\/sites\/3\/voluntats-anticipades.jpg","datePublished":"2026-04-13T07:24:02+00:00","breadcrumb":{"@id":"https:\/\/www.comll.cat\/es\/agenda\/voluntats-anticipades\/#breadcrumb"},"inLanguage":"es","potentialAction":[{"@type":"ReadAction","target":["https:\/\/www.comll.cat\/es\/agenda\/voluntats-anticipades\/"]}]},{"@type":"ImageObject","inLanguage":"es","@id":"https:\/\/www.comll.cat\/es\/agenda\/voluntats-anticipades\/#primaryimage","url":"https:\/\/www.comll.cat\/es\/wp-content\/uploads\/sites\/3\/voluntats-anticipades.jpg","contentUrl":"https:\/\/www.comll.cat\/es\/wp-content\/uploads\/sites\/3\/voluntats-anticipades.jpg","width":1348,"height":1045},{"@type":"BreadcrumbList","@id":"https:\/\/www.comll.cat\/es\/agenda\/voluntats-anticipades\/#breadcrumb","itemListElement":[{"@type":"ListItem","position":1,"name":"Portada","item":"https:\/\/www.comll.cat\/es\/"},{"@type":"ListItem","position":2,"name":"Eventos","item":"https:\/\/www.comll.cat\/es\/agenda-c\/"},{"@type":"ListItem","position":3,"name":"Voluntades anticipadas"}]},{"@type":"WebSite","@id":"https:\/\/www.comll.cat\/es\/#website","url":"https:\/\/www.comll.cat\/es\/","name":"Col·legi Oficial de Metges de Lleida","description":"COMLL","potentialAction":[{"@type":"SearchAction","target":{"@type":"EntryPoint","urlTemplate":"https:\/\/www.comll.cat\/es\/?s={search_term_string}"},"query-input":{"@type":"PropertyValueSpecification","valueRequired":true,"valueName":"search_term_string"}}],"inLanguage":"es"}]}</script>
<!-- / Yoast SEO plugin. -->

Programa "Salut i Comunitat" para colegiados y abierto al público Organizado por: Sección de Médicos Seniors. Modalidad presencial: sala de...
