{"id":14234,"date":"2026-03-09T09:46:00","date_gmt":"2026-03-09T08:46:00","guid":{"rendered":"https:\/\/www.comll.cat\/es\/?post_type=tribe_events&#038;p=14234"},"modified":"2026-03-09T09:46:00","modified_gmt":"2026-03-09T08:46:00","slug":"sessio-la-importancia-de-la-vacunacio-en-ledat-adulta","status":"publish","type":"tribe_events","link":"https:\/\/www.comll.cat\/es\/agenda\/sessio-la-importancia-de-la-vacunacio-en-ledat-adulta\/","title":{"rendered":"Sesi\u00f3n \"La importancia de la vacunaci\u00f3n en la edad adulta\""},"content":{"rendered":"<p>Organizada por la Secci\u00f3n de M\u00e9dicos Seniors y a cargo de la Sra. Gl\u00f2ria Mirada Masip, jefa de servicio de Promoci\u00f3 de la Salut (Ag\u00e8ncia de Salut P\u00fablica de Catalunya ASPCAT) y vicepresidenta de la Asociaci\u00f3n Espa\u00f1ola de Vacunolog\u00eda.<\/p>\n<p>Sala de actos del COMLL (Av. Rovira Roure, 41 - 25006 Lleida)<\/p>\n<p>\u2295 <a href=\"https:\/\/forms.gle\/rHch6WxP43SSB872A\">Formulario de asistencia<\/a><\/p>\n","protected":false},"excerpt":{"rendered":"<p>Organizada por la Secci\u00f3n de M\u00e9dicos Seniors y a cargo de la Sra. Gl\u00f2ria Mirada Masip, jefa de servicio de...<\/p>\n","protected":false},"author":4,"featured_media":14235,"template":"","meta":{"_acf_changed":false,"inline_featured_image":false,"_tribe_events_status":"","_tribe_events_status_reason":"","_tribe_events_is_hybrid":"","_tribe_events_is_virtual":"","_tribe_events_virtual_video_source":"","_tribe_events_virtual_embed_video":"","_tribe_events_virtual_linked_button_text":"","_tribe_events_virtual_linked_button":"","_tribe_events_virtual_show_embed_at":"","_tribe_events_virtual_show_embed_to":[],"_tribe_events_virtual_show_on_event":"","_tribe_events_virtual_show_on_views":"","_tribe_events_virtual_url":"","footnotes":""},"tags":[],"tribe_events_cat":[],"class_list":["post-14234","tribe_events","type-tribe_events","status-publish","has-post-thumbnail","hentry"],"acf":[],"yoast_head":"<!-- This site is optimized with the Yoast SEO plugin v27.5 - https:\/\/yoast.com\/product\/yoast-seo-wordpress\/ -->\n<title>Sesi\u00f3n &quot;La importancia de la vacunaci\u00f3n en la edad adulta&quot; - Col\u00b7legi Oficial de Metges de Lleida<\/title>\n<meta name=\"robots\" content=\"index, follow, max-snippet:-1, max-image-preview:large, max-video-preview:-1\" \/>\n<link rel=\"canonical\" href=\"https:\/\/www.comll.cat\/es\/agenda\/sessio-la-importancia-de-la-vacunacio-en-ledat-adulta\/\" \/>\n<meta property=\"og:locale\" content=\"es_ES\" \/>\n<meta property=\"og:type\" content=\"article\" \/>\n<meta property=\"og:title\" content=\"Sesi\u00f3n &quot;La importancia de la vacunaci\u00f3n en la edad adulta&quot; - Col\u00b7legi Oficial de Metges de Lleida\" \/>\n<meta property=\"og:description\" content=\"Organizada por la Secci\u00f3n de M\u00e9dicos Seniors y a cargo de la Sra. Gl\u00f2ria Mirada Masip, jefa de servicio de...\" \/>\n<meta property=\"og:url\" content=\"https:\/\/www.comll.cat\/es\/agenda\/sessio-la-importancia-de-la-vacunacio-en-ledat-adulta\/\" \/>\n<meta property=\"og:site_name\" content=\"Col\u00b7legi Oficial de Metges de Lleida\" \/>\n<meta property=\"og:image\" content=\"https:\/\/www.comll.cat\/es\/wp-content\/uploads\/sites\/3\/vacunacio.jpg\" \/>\n\t<meta property=\"og:image:width\" content=\"1875\" \/>\n\t<meta property=\"og:image:height\" content=\"1042\" \/>\n\t<meta property=\"og:image:type\" content=\"image\/jpeg\" \/>\n<meta name=\"twitter:card\" content=\"summary_large_image\" \/>\n<script type=\"application\/ld+json\" class=\"yoast-schema-graph\">{\"@context\":\"https:\\\/\\\/schema.org\",\"@graph\":[{\"@type\":\"WebPage\",\"@id\":\"https:\\\/\\\/www.comll.cat\\\/es\\\/agenda\\\/sessio-la-importancia-de-la-vacunacio-en-ledat-adulta\\\/\",\"url\":\"https:\\\/\\\/www.comll.cat\\\/es\\\/agenda\\\/sessio-la-importancia-de-la-vacunacio-en-ledat-adulta\\\/\",\"name\":\"Sesi\u00f3n \\\"La importancia de la vacunaci\u00f3n en la edad adulta\\\" - Col\u00b7legi Oficial de Metges de Lleida\",\"isPartOf\":{\"@id\":\"https:\\\/\\\/www.comll.cat\\\/es\\\/#website\"},\"primaryImageOfPage\":{\"@id\":\"https:\\\/\\\/www.comll.cat\\\/es\\\/agenda\\\/sessio-la-importancia-de-la-vacunacio-en-ledat-adulta\\\/#primaryimage\"},\"image\":{\"@id\":\"https:\\\/\\\/www.comll.cat\\\/es\\\/agenda\\\/sessio-la-importancia-de-la-vacunacio-en-ledat-adulta\\\/#primaryimage\"},\"thumbnailUrl\":\"https:\\\/\\\/www.comll.cat\\\/es\\\/wp-content\\\/uploads\\\/sites\\\/3\\\/vacunacio.jpg\",\"datePublished\":\"2026-03-09T08:46:00+00:00\",\"breadcrumb\":{\"@id\":\"https:\\\/\\\/www.comll.cat\\\/es\\\/agenda\\\/sessio-la-importancia-de-la-vacunacio-en-ledat-adulta\\\/#breadcrumb\"},\"inLanguage\":\"es\",\"potentialAction\":[{\"@type\":\"ReadAction\",\"target\":[\"https:\\\/\\\/www.comll.cat\\\/es\\\/agenda\\\/sessio-la-importancia-de-la-vacunacio-en-ledat-adulta\\\/\"]}]},{\"@type\":\"ImageObject\",\"inLanguage\":\"es\",\"@id\":\"https:\\\/\\\/www.comll.cat\\\/es\\\/agenda\\\/sessio-la-importancia-de-la-vacunacio-en-ledat-adulta\\\/#primaryimage\",\"url\":\"https:\\\/\\\/www.comll.cat\\\/es\\\/wp-content\\\/uploads\\\/sites\\\/3\\\/vacunacio.jpg\",\"contentUrl\":\"https:\\\/\\\/www.comll.cat\\\/es\\\/wp-content\\\/uploads\\\/sites\\\/3\\\/vacunacio.jpg\",\"width\":1875,\"height\":1042},{\"@type\":\"BreadcrumbList\",\"@id\":\"https:\\\/\\\/www.comll.cat\\\/es\\\/agenda\\\/sessio-la-importancia-de-la-vacunacio-en-ledat-adulta\\\/#breadcrumb\",\"itemListElement\":[{\"@type\":\"ListItem\",\"position\":1,\"name\":\"Portada\",\"item\":\"https:\\\/\\\/www.comll.cat\\\/es\\\/\"},{\"@type\":\"ListItem\",\"position\":2,\"name\":\"Eventos\",\"item\":\"https:\\\/\\\/www.comll.cat\\\/es\\\/agenda-c\\\/\"},{\"@type\":\"ListItem\",\"position\":3,\"name\":\"Sesi\u00f3n \\\"La importancia de la vacunaci\u00f3n en la edad adulta\\\"\"}]},{\"@type\":\"WebSite\",\"@id\":\"https:\\\/\\\/www.comll.cat\\\/es\\\/#website\",\"url\":\"https:\\\/\\\/www.comll.cat\\\/es\\\/\",\"name\":\"Col\u00b7legi Oficial de Metges de Lleida\",\"description\":\"COMLL\",\"potentialAction\":[{\"@type\":\"SearchAction\",\"target\":{\"@type\":\"EntryPoint\",\"urlTemplate\":\"https:\\\/\\\/www.comll.cat\\\/es\\\/?s={search_term_string}\"},\"query-input\":{\"@type\":\"PropertyValueSpecification\",\"valueRequired\":true,\"valueName\":\"search_term_string\"}}],\"inLanguage\":\"es\"}]}<\/script>\n<!-- \/ Yoast SEO plugin. -->","yoast_head_json":{"title":"Sesi\u00f3n \"La importancia de la vacunaci\u00f3n en la edad adulta\" - Col\u00b7legi Oficial de Metges de Lleida","robots":{"index":"index","follow":"follow","max-snippet":"max-snippet:-1","max-image-preview":"max-image-preview:large","max-video-preview":"max-video-preview:-1"},"canonical":"https:\/\/www.comll.cat\/es\/agenda\/sessio-la-importancia-de-la-vacunacio-en-ledat-adulta\/","og_locale":"es_ES","og_type":"article","og_title":"Sesi\u00f3n \"La importancia de la vacunaci\u00f3n en la edad adulta\" - Col\u00b7legi Oficial de Metges de Lleida","og_description":"Organizada por la Secci\u00f3n de M\u00e9dicos Seniors y a cargo de la Sra. Gl\u00f2ria Mirada Masip, jefa de servicio de...","og_url":"https:\/\/www.comll.cat\/es\/agenda\/sessio-la-importancia-de-la-vacunacio-en-ledat-adulta\/","og_site_name":"Col\u00b7legi Oficial de Metges de Lleida","og_image":[{"width":1875,"height":1042,"url":"https:\/\/www.comll.cat\/es\/wp-content\/uploads\/sites\/3\/vacunacio.jpg","type":"image\/jpeg"}],"twitter_card":"summary_large_image","schema":{"@context":"https:\/\/schema.org","@graph":[{"@type":"WebPage","@id":"https:\/\/www.comll.cat\/es\/agenda\/sessio-la-importancia-de-la-vacunacio-en-ledat-adulta\/","url":"https:\/\/www.comll.cat\/es\/agenda\/sessio-la-importancia-de-la-vacunacio-en-ledat-adulta\/","name":"Sesi\u00f3n \"La importancia de la vacunaci\u00f3n en la edad adulta\" - Col\u00b7legi Oficial de Metges de Lleida","isPartOf":{"@id":"https:\/\/www.comll.cat\/es\/#website"},"primaryImageOfPage":{"@id":"https:\/\/www.comll.cat\/es\/agenda\/sessio-la-importancia-de-la-vacunacio-en-ledat-adulta\/#primaryimage"},"image":{"@id":"https:\/\/www.comll.cat\/es\/agenda\/sessio-la-importancia-de-la-vacunacio-en-ledat-adulta\/#primaryimage"},"thumbnailUrl":"https:\/\/www.comll.cat\/es\/wp-content\/uploads\/sites\/3\/vacunacio.jpg","datePublished":"2026-03-09T08:46:00+00:00","breadcrumb":{"@id":"https:\/\/www.comll.cat\/es\/agenda\/sessio-la-importancia-de-la-vacunacio-en-ledat-adulta\/#breadcrumb"},"inLanguage":"es","potentialAction":[{"@type":"ReadAction","target":["https:\/\/www.comll.cat\/es\/agenda\/sessio-la-importancia-de-la-vacunacio-en-ledat-adulta\/"]}]},{"@type":"ImageObject","inLanguage":"es","@id":"https:\/\/www.comll.cat\/es\/agenda\/sessio-la-importancia-de-la-vacunacio-en-ledat-adulta\/#primaryimage","url":"https:\/\/www.comll.cat\/es\/wp-content\/uploads\/sites\/3\/vacunacio.jpg","contentUrl":"https:\/\/www.comll.cat\/es\/wp-content\/uploads\/sites\/3\/vacunacio.jpg","width":1875,"height":1042},{"@type":"BreadcrumbList","@id":"https:\/\/www.comll.cat\/es\/agenda\/sessio-la-importancia-de-la-vacunacio-en-ledat-adulta\/#breadcrumb","itemListElement":[{"@type":"ListItem","position":1,"name":"Portada","item":"https:\/\/www.comll.cat\/es\/"},{"@type":"ListItem","position":2,"name":"Eventos","item":"https:\/\/www.comll.cat\/es\/agenda-c\/"},{"@type":"ListItem","position":3,"name":"Sesi\u00f3n \"La importancia de la vacunaci\u00f3n en la edad adulta\""}]},{"@type":"WebSite","@id":"https:\/\/www.comll.cat\/es\/#website","url":"https:\/\/www.comll.cat\/es\/","name":"Col\u00b7legi Oficial de Metges de Lleida","description":"COMLL","potentialAction":[{"@type":"SearchAction","target":{"@type":"EntryPoint","urlTemplate":"https:\/\/www.comll.cat\/es\/?s={search_term_string}"},"query-input":{"@type":"PropertyValueSpecification","valueRequired":true,"valueName":"search_term_string"}}],"inLanguage":"es"}]}},"publishpress_future_workflow_manual_trigger":{"enabledWorkflows":[]},"_links":{"self":[{"href":"https:\/\/www.comll.cat\/es\/wp-json\/wp\/v2\/tribe_events\/14234","targetHints":{"allow":["GET"]}}],"collection":[{"href":"https:\/\/www.comll.cat\/es\/wp-json\/wp\/v2\/tribe_events"}],"about":[{"href":"https:\/\/www.comll.cat\/es\/wp-json\/wp\/v2\/types\/tribe_events"}],"author":[{"embeddable":true,"href":"https:\/\/www.comll.cat\/es\/wp-json\/wp\/v2\/users\/4"}],"version-history":[{"count":1,"href":"https:\/\/www.comll.cat\/es\/wp-json\/wp\/v2\/tribe_events\/14234\/revisions"}],"predecessor-version":[{"id":14236,"href":"https:\/\/www.comll.cat\/es\/wp-json\/wp\/v2\/tribe_events\/14234\/revisions\/14236"}],"wp:featuredmedia":[{"embeddable":true,"href":"https:\/\/www.comll.cat\/es\/wp-json\/wp\/v2\/media\/14235"}],"wp:attachment":[{"href":"https:\/\/www.comll.cat\/es\/wp-json\/wp\/v2\/media?parent=14234"}],"wp:term":[{"taxonomy":"post_tag","embeddable":true,"href":"https:\/\/www.comll.cat\/es\/wp-json\/wp\/v2\/tags?post=14234"},{"taxonomy":"tribe_events_cat","embeddable":true,"href":"https:\/\/www.comll.cat\/es\/wp-json\/wp\/v2\/tribe_events_cat?post=14234"}],"curies":[{"name":"wp","href":"https:\/\/api.w.org\/{rel}","templated":true}]}}

Sesión "La importancia de la vacunación en la edad adulta"

<p>Organizada por la Sección de Médicos Seniors y a cargo de la Sra. Glòria Mirada Masip, jefa de servicio de Promoció de la Salut (Agència de Salut Pública de Catalunya ASPCAT) y vicepresidenta de la Asociación Española de Vacunología.</p>
<p>Sala de actos del COMLL (Av. Rovira Roure, 41 - 25006 Lleida)</p>
<p>⊕ <a href="https://forms.gle/rHch6WxP43SSB872A">Formulario de asistencia</a></p>

<p>Organizada por la Sección de Médicos Seniors y a cargo de la Sra. Glòria Mirada Masip, jefa de servicio de...</p>

<!-- This site is optimized with the Yoast SEO plugin v27.5 - https://yoast.com/product/yoast-seo-wordpress/ -->
<title>Sesión &quot;La importancia de la vacunación en la edad adulta&quot; - Col·legi Oficial de Metges de Lleida</title>
<meta name="robots" content="index, follow, max-snippet:-1, max-image-preview:large, max-video-preview:-1" />
<link rel="canonical" href="https://www.comll.cat/es/agenda/sessio-la-importancia-de-la-vacunacio-en-ledat-adulta/" />
<meta property="og:locale" content="es_ES" />
<meta property="og:type" content="article" />
<meta property="og:title" content="Sesión &quot;La importancia de la vacunación en la edad adulta&quot; - Col·legi Oficial de Metges de Lleida" />
<meta property="og:description" content="Organizada por la Sección de Médicos Seniors y a cargo de la Sra. Glòria Mirada Masip, jefa de servicio de..." />
<meta property="og:url" content="https://www.comll.cat/es/agenda/sessio-la-importancia-de-la-vacunacio-en-ledat-adulta/" />
<meta property="og:site_name" content="Col·legi Oficial de Metges de Lleida" />
<meta property="og:image" content="https://www.comll.cat/es/wp-content/uploads/sites/3/vacunacio.jpg" />
	<meta property="og:image:width" content="1875" />
	<meta property="og:image:height" content="1042" />
	<meta property="og:image:type" content="image/jpeg" />
<meta name="twitter:card" content="summary_large_image" />
<script type="application/ld+json" class="yoast-schema-graph">{"@context":"https:\/\/schema.org","@graph":[{"@type":"WebPage","@id":"https:\/\/www.comll.cat\/es\/agenda\/sessio-la-importancia-de-la-vacunacio-en-ledat-adulta\/","url":"https:\/\/www.comll.cat\/es\/agenda\/sessio-la-importancia-de-la-vacunacio-en-ledat-adulta\/","name":"Sesión \"La importancia de la vacunación en la edad adulta\" - Col·legi Oficial de Metges de Lleida","isPartOf":{"@id":"https:\/\/www.comll.cat\/es\/#website"},"primaryImageOfPage":{"@id":"https:\/\/www.comll.cat\/es\/agenda\/sessio-la-importancia-de-la-vacunacio-en-ledat-adulta\/#primaryimage"},"image":{"@id":"https:\/\/www.comll.cat\/es\/agenda\/sessio-la-importancia-de-la-vacunacio-en-ledat-adulta\/#primaryimage"},"thumbnailUrl":"https:\/\/www.comll.cat\/es\/wp-content\/uploads\/sites\/3\/vacunacio.jpg","datePublished":"2026-03-09T08:46:00+00:00","breadcrumb":{"@id":"https:\/\/www.comll.cat\/es\/agenda\/sessio-la-importancia-de-la-vacunacio-en-ledat-adulta\/#breadcrumb"},"inLanguage":"es","potentialAction":[{"@type":"ReadAction","target":["https:\/\/www.comll.cat\/es\/agenda\/sessio-la-importancia-de-la-vacunacio-en-ledat-adulta\/"]}]},{"@type":"ImageObject","inLanguage":"es","@id":"https:\/\/www.comll.cat\/es\/agenda\/sessio-la-importancia-de-la-vacunacio-en-ledat-adulta\/#primaryimage","url":"https:\/\/www.comll.cat\/es\/wp-content\/uploads\/sites\/3\/vacunacio.jpg","contentUrl":"https:\/\/www.comll.cat\/es\/wp-content\/uploads\/sites\/3\/vacunacio.jpg","width":1875,"height":1042},{"@type":"BreadcrumbList","@id":"https:\/\/www.comll.cat\/es\/agenda\/sessio-la-importancia-de-la-vacunacio-en-ledat-adulta\/#breadcrumb","itemListElement":[{"@type":"ListItem","position":1,"name":"Portada","item":"https:\/\/www.comll.cat\/es\/"},{"@type":"ListItem","position":2,"name":"Eventos","item":"https:\/\/www.comll.cat\/es\/agenda-c\/"},{"@type":"ListItem","position":3,"name":"Sesión \"La importancia de la vacunación en la edad adulta\""}]},{"@type":"WebSite","@id":"https:\/\/www.comll.cat\/es\/#website","url":"https:\/\/www.comll.cat\/es\/","name":"Col·legi Oficial de Metges de Lleida","description":"COMLL","potentialAction":[{"@type":"SearchAction","target":{"@type":"EntryPoint","urlTemplate":"https:\/\/www.comll.cat\/es\/?s={search_term_string}"},"query-input":{"@type":"PropertyValueSpecification","valueRequired":true,"valueName":"search_term_string"}}],"inLanguage":"es"}]}</script>
<!-- / Yoast SEO plugin. -->

Sesión "La importancia de la vacunación en la edad adulta" - Col·legi Oficial de Metges de Lleida

Organizada por la Sección de Médicos Seniors y a cargo de la Sra. Glòria Mirada Masip, jefa de servicio de...
