{"id":13213,"date":"2025-10-31T09:33:31","date_gmt":"2025-10-31T08:33:31","guid":{"rendered":"https:\/\/www.comll.cat\/es\/?post_type=tribe_events&#038;p=13213"},"modified":"2025-12-18T13:01:21","modified_gmt":"2025-12-18T12:01:21","slug":"assemblea-anual-ordinaria-i-dinar-de-nadal-de-la-seccio-de-metges-seniors","status":"publish","type":"tribe_events","link":"https:\/\/www.comll.cat\/es\/agenda\/assemblea-anual-ordinaria-i-dinar-de-nadal-de-la-seccio-de-metges-seniors\/","title":{"rendered":"Asamblea Anual Ordinaria y almuerzo de Navidad de la Secci\u00f3n de M\u00e9dicos Seniors"},"content":{"rendered":"<p>El viernes <strong>19 de diciembre<\/strong>, a las 12:30 horas en primera convocatoria y a las 13:00 en segunda, tendr\u00e1 lugar en la sede colegial del Avenida Alcalde Rovira Roure 41, de Lleida la Asamblea de la Secci\u00f3n de M\u00e9dicos Seniors. Pr\u00f3ximamente se facilitar\u00e1 el orden del d\u00eda.<\/p>\n<p><a href=\"https:\/\/forms.gle\/MqBMJVPcx39SGP1G8\">\u2295 <strong>Formulario de asistencia (si s\u00f3lo asiste a la asamblea)<\/strong><\/a><\/p>\n<p>Despu\u00e9s de la Asamblea, la secci\u00f3n ha organizado una comida de Navidad en el Casal del Metge de la sede del COMLL a las 14 horas, aproximadamente.<\/p>\n<p><a href=\"https:\/\/www.comll.cat\/wp-content\/uploads\/dinar-nadal-seniors-2025.pdf\">\u2295 Consultar men\u00fa<\/a><\/p>\n<p>\u00daLTIMO D\u00cdA DE RESERVA DEL ALMUERZO: <u>mi\u00e9rcoles 17 de diciembre<\/u><\/p>\n","protected":false},"excerpt":{"rendered":"<p>El viernes 19 de diciembre, a las 12:30 horas en primera convocatoria y a las 13:00 en segunda, tendr\u00e1 lugar...<\/p>\n","protected":false},"author":4,"featured_media":13254,"template":"","meta":{"_acf_changed":false,"inline_featured_image":false,"_tribe_events_status":"","_tribe_events_status_reason":"","_tribe_events_is_hybrid":"","_tribe_events_is_virtual":"","_tribe_events_virtual_video_source":"","_tribe_events_virtual_embed_video":"","_tribe_events_virtual_linked_button_text":"","_tribe_events_virtual_linked_button":"","_tribe_events_virtual_show_embed_at":"","_tribe_events_virtual_show_embed_to":[],"_tribe_events_virtual_show_on_event":"","_tribe_events_virtual_show_on_views":"","_tribe_events_virtual_url":"","footnotes":""},"tags":[],"tribe_events_cat":[152],"class_list":["post-13213","tribe_events","type-tribe_events","status-publish","has-post-thumbnail","hentry","tribe_events_cat-destacado","cat_destacado"],"acf":[],"yoast_head":"<!-- This site is optimized with the Yoast SEO plugin v27.5 - https:\/\/yoast.com\/product\/yoast-seo-wordpress\/ -->\n<title>Asamblea Anual Ordinaria y almuerzo de Navidad de la Secci\u00f3n de M\u00e9dicos Seniors - Col\u00b7legi Oficial de Metges de Lleida<\/title>\n<meta name=\"robots\" content=\"index, follow, max-snippet:-1, max-image-preview:large, max-video-preview:-1\" \/>\n<link rel=\"canonical\" href=\"https:\/\/www.comll.cat\/es\/agenda\/assemblea-anual-ordinaria-i-dinar-de-nadal-de-la-seccio-de-metges-seniors\/\" \/>\n<meta property=\"og:locale\" content=\"es_ES\" \/>\n<meta property=\"og:type\" content=\"article\" \/>\n<meta property=\"og:title\" content=\"Asamblea Anual Ordinaria y almuerzo de Navidad de la Secci\u00f3n de M\u00e9dicos Seniors - Col\u00b7legi Oficial de Metges de Lleida\" \/>\n<meta property=\"og:description\" content=\"El viernes 19 de diciembre, a las 12:30 horas en primera convocatoria y a las 13:00 en segunda, tendr\u00e1 lugar...\" \/>\n<meta property=\"og:url\" content=\"https:\/\/www.comll.cat\/es\/agenda\/assemblea-anual-ordinaria-i-dinar-de-nadal-de-la-seccio-de-metges-seniors\/\" \/>\n<meta property=\"og:site_name\" content=\"Col\u00b7legi Oficial de Metges de Lleida\" \/>\n<meta property=\"article:modified_time\" content=\"2025-12-18T12:01:21+00:00\" \/>\n<meta property=\"og:image\" content=\"https:\/\/www.comll.cat\/es\/wp-content\/uploads\/sites\/3\/dinar-nadal-seniors-1.jpg\" \/>\n\t<meta property=\"og:image:width\" content=\"1600\" \/>\n\t<meta property=\"og:image:height\" content=\"900\" \/>\n\t<meta property=\"og:image:type\" content=\"image\/jpeg\" \/>\n<meta name=\"twitter:card\" content=\"summary_large_image\" \/>\n<script type=\"application\/ld+json\" class=\"yoast-schema-graph\">{\"@context\":\"https:\\\/\\\/schema.org\",\"@graph\":[{\"@type\":\"WebPage\",\"@id\":\"https:\\\/\\\/www.comll.cat\\\/es\\\/agenda\\\/assemblea-anual-ordinaria-i-dinar-de-nadal-de-la-seccio-de-metges-seniors\\\/\",\"url\":\"https:\\\/\\\/www.comll.cat\\\/es\\\/agenda\\\/assemblea-anual-ordinaria-i-dinar-de-nadal-de-la-seccio-de-metges-seniors\\\/\",\"name\":\"Asamblea Anual Ordinaria y almuerzo de Navidad de la Secci\u00f3n de M\u00e9dicos Seniors - Col\u00b7legi Oficial de Metges de Lleida\",\"isPartOf\":{\"@id\":\"https:\\\/\\\/www.comll.cat\\\/es\\\/#website\"},\"primaryImageOfPage\":{\"@id\":\"https:\\\/\\\/www.comll.cat\\\/es\\\/agenda\\\/assemblea-anual-ordinaria-i-dinar-de-nadal-de-la-seccio-de-metges-seniors\\\/#primaryimage\"},\"image\":{\"@id\":\"https:\\\/\\\/www.comll.cat\\\/es\\\/agenda\\\/assemblea-anual-ordinaria-i-dinar-de-nadal-de-la-seccio-de-metges-seniors\\\/#primaryimage\"},\"thumbnailUrl\":\"https:\\\/\\\/www.comll.cat\\\/es\\\/wp-content\\\/uploads\\\/sites\\\/3\\\/dinar-nadal-seniors-1.jpg\",\"datePublished\":\"2025-10-31T08:33:31+00:00\",\"dateModified\":\"2025-12-18T12:01:21+00:00\",\"breadcrumb\":{\"@id\":\"https:\\\/\\\/www.comll.cat\\\/es\\\/agenda\\\/assemblea-anual-ordinaria-i-dinar-de-nadal-de-la-seccio-de-metges-seniors\\\/#breadcrumb\"},\"inLanguage\":\"es\",\"potentialAction\":[{\"@type\":\"ReadAction\",\"target\":[\"https:\\\/\\\/www.comll.cat\\\/es\\\/agenda\\\/assemblea-anual-ordinaria-i-dinar-de-nadal-de-la-seccio-de-metges-seniors\\\/\"]}]},{\"@type\":\"ImageObject\",\"inLanguage\":\"es\",\"@id\":\"https:\\\/\\\/www.comll.cat\\\/es\\\/agenda\\\/assemblea-anual-ordinaria-i-dinar-de-nadal-de-la-seccio-de-metges-seniors\\\/#primaryimage\",\"url\":\"https:\\\/\\\/www.comll.cat\\\/es\\\/wp-content\\\/uploads\\\/sites\\\/3\\\/dinar-nadal-seniors-1.jpg\",\"contentUrl\":\"https:\\\/\\\/www.comll.cat\\\/es\\\/wp-content\\\/uploads\\\/sites\\\/3\\\/dinar-nadal-seniors-1.jpg\",\"width\":1600,\"height\":900},{\"@type\":\"BreadcrumbList\",\"@id\":\"https:\\\/\\\/www.comll.cat\\\/es\\\/agenda\\\/assemblea-anual-ordinaria-i-dinar-de-nadal-de-la-seccio-de-metges-seniors\\\/#breadcrumb\",\"itemListElement\":[{\"@type\":\"ListItem\",\"position\":1,\"name\":\"Portada\",\"item\":\"https:\\\/\\\/www.comll.cat\\\/es\\\/\"},{\"@type\":\"ListItem\",\"position\":2,\"name\":\"Eventos\",\"item\":\"https:\\\/\\\/www.comll.cat\\\/es\\\/agenda-c\\\/\"},{\"@type\":\"ListItem\",\"position\":3,\"name\":\"Asamblea Anual Ordinaria y almuerzo de Navidad de la Secci\u00f3n de M\u00e9dicos Seniors\"}]},{\"@type\":\"WebSite\",\"@id\":\"https:\\\/\\\/www.comll.cat\\\/es\\\/#website\",\"url\":\"https:\\\/\\\/www.comll.cat\\\/es\\\/\",\"name\":\"Col\u00b7legi Oficial de Metges de Lleida\",\"description\":\"COMLL\",\"potentialAction\":[{\"@type\":\"SearchAction\",\"target\":{\"@type\":\"EntryPoint\",\"urlTemplate\":\"https:\\\/\\\/www.comll.cat\\\/es\\\/?s={search_term_string}\"},\"query-input\":{\"@type\":\"PropertyValueSpecification\",\"valueRequired\":true,\"valueName\":\"search_term_string\"}}],\"inLanguage\":\"es\"}]}<\/script>\n<!-- \/ Yoast SEO plugin. -->","yoast_head_json":{"title":"Asamblea Anual Ordinaria y almuerzo de Navidad de la Secci\u00f3n de M\u00e9dicos Seniors - Col\u00b7legi Oficial de Metges de Lleida","robots":{"index":"index","follow":"follow","max-snippet":"max-snippet:-1","max-image-preview":"max-image-preview:large","max-video-preview":"max-video-preview:-1"},"canonical":"https:\/\/www.comll.cat\/es\/agenda\/assemblea-anual-ordinaria-i-dinar-de-nadal-de-la-seccio-de-metges-seniors\/","og_locale":"es_ES","og_type":"article","og_title":"Asamblea Anual Ordinaria y almuerzo de Navidad de la Secci\u00f3n de M\u00e9dicos Seniors - Col\u00b7legi Oficial de Metges de Lleida","og_description":"El viernes 19 de diciembre, a las 12:30 horas en primera convocatoria y a las 13:00 en segunda, tendr\u00e1 lugar...","og_url":"https:\/\/www.comll.cat\/es\/agenda\/assemblea-anual-ordinaria-i-dinar-de-nadal-de-la-seccio-de-metges-seniors\/","og_site_name":"Col\u00b7legi Oficial de Metges de Lleida","article_modified_time":"2025-12-18T12:01:21+00:00","og_image":[{"width":1600,"height":900,"url":"https:\/\/www.comll.cat\/es\/wp-content\/uploads\/sites\/3\/dinar-nadal-seniors-1.jpg","type":"image\/jpeg"}],"twitter_card":"summary_large_image","schema":{"@context":"https:\/\/schema.org","@graph":[{"@type":"WebPage","@id":"https:\/\/www.comll.cat\/es\/agenda\/assemblea-anual-ordinaria-i-dinar-de-nadal-de-la-seccio-de-metges-seniors\/","url":"https:\/\/www.comll.cat\/es\/agenda\/assemblea-anual-ordinaria-i-dinar-de-nadal-de-la-seccio-de-metges-seniors\/","name":"Asamblea Anual Ordinaria y almuerzo de Navidad de la Secci\u00f3n de M\u00e9dicos Seniors - Col\u00b7legi Oficial de Metges de Lleida","isPartOf":{"@id":"https:\/\/www.comll.cat\/es\/#website"},"primaryImageOfPage":{"@id":"https:\/\/www.comll.cat\/es\/agenda\/assemblea-anual-ordinaria-i-dinar-de-nadal-de-la-seccio-de-metges-seniors\/#primaryimage"},"image":{"@id":"https:\/\/www.comll.cat\/es\/agenda\/assemblea-anual-ordinaria-i-dinar-de-nadal-de-la-seccio-de-metges-seniors\/#primaryimage"},"thumbnailUrl":"https:\/\/www.comll.cat\/es\/wp-content\/uploads\/sites\/3\/dinar-nadal-seniors-1.jpg","datePublished":"2025-10-31T08:33:31+00:00","dateModified":"2025-12-18T12:01:21+00:00","breadcrumb":{"@id":"https:\/\/www.comll.cat\/es\/agenda\/assemblea-anual-ordinaria-i-dinar-de-nadal-de-la-seccio-de-metges-seniors\/#breadcrumb"},"inLanguage":"es","potentialAction":[{"@type":"ReadAction","target":["https:\/\/www.comll.cat\/es\/agenda\/assemblea-anual-ordinaria-i-dinar-de-nadal-de-la-seccio-de-metges-seniors\/"]}]},{"@type":"ImageObject","inLanguage":"es","@id":"https:\/\/www.comll.cat\/es\/agenda\/assemblea-anual-ordinaria-i-dinar-de-nadal-de-la-seccio-de-metges-seniors\/#primaryimage","url":"https:\/\/www.comll.cat\/es\/wp-content\/uploads\/sites\/3\/dinar-nadal-seniors-1.jpg","contentUrl":"https:\/\/www.comll.cat\/es\/wp-content\/uploads\/sites\/3\/dinar-nadal-seniors-1.jpg","width":1600,"height":900},{"@type":"BreadcrumbList","@id":"https:\/\/www.comll.cat\/es\/agenda\/assemblea-anual-ordinaria-i-dinar-de-nadal-de-la-seccio-de-metges-seniors\/#breadcrumb","itemListElement":[{"@type":"ListItem","position":1,"name":"Portada","item":"https:\/\/www.comll.cat\/es\/"},{"@type":"ListItem","position":2,"name":"Eventos","item":"https:\/\/www.comll.cat\/es\/agenda-c\/"},{"@type":"ListItem","position":3,"name":"Asamblea Anual Ordinaria y almuerzo de Navidad de la Secci\u00f3n de M\u00e9dicos Seniors"}]},{"@type":"WebSite","@id":"https:\/\/www.comll.cat\/es\/#website","url":"https:\/\/www.comll.cat\/es\/","name":"Col\u00b7legi Oficial de Metges de Lleida","description":"COMLL","potentialAction":[{"@type":"SearchAction","target":{"@type":"EntryPoint","urlTemplate":"https:\/\/www.comll.cat\/es\/?s={search_term_string}"},"query-input":{"@type":"PropertyValueSpecification","valueRequired":true,"valueName":"search_term_string"}}],"inLanguage":"es"}]}},"publishpress_future_workflow_manual_trigger":{"enabledWorkflows":[]},"_links":{"self":[{"href":"https:\/\/www.comll.cat\/es\/wp-json\/wp\/v2\/tribe_events\/13213","targetHints":{"allow":["GET"]}}],"collection":[{"href":"https:\/\/www.comll.cat\/es\/wp-json\/wp\/v2\/tribe_events"}],"about":[{"href":"https:\/\/www.comll.cat\/es\/wp-json\/wp\/v2\/types\/tribe_events"}],"author":[{"embeddable":true,"href":"https:\/\/www.comll.cat\/es\/wp-json\/wp\/v2\/users\/4"}],"version-history":[{"count":6,"href":"https:\/\/www.comll.cat\/es\/wp-json\/wp\/v2\/tribe_events\/13213\/revisions"}],"predecessor-version":[{"id":13557,"href":"https:\/\/www.comll.cat\/es\/wp-json\/wp\/v2\/tribe_events\/13213\/revisions\/13557"}],"wp:featuredmedia":[{"embeddable":true,"href":"https:\/\/www.comll.cat\/es\/wp-json\/wp\/v2\/media\/13254"}],"wp:attachment":[{"href":"https:\/\/www.comll.cat\/es\/wp-json\/wp\/v2\/media?parent=13213"}],"wp:term":[{"taxonomy":"post_tag","embeddable":true,"href":"https:\/\/www.comll.cat\/es\/wp-json\/wp\/v2\/tags?post=13213"},{"taxonomy":"tribe_events_cat","embeddable":true,"href":"https:\/\/www.comll.cat\/es\/wp-json\/wp\/v2\/tribe_events_cat?post=13213"}],"curies":[{"name":"wp","href":"https:\/\/api.w.org\/{rel}","templated":true}]}}

Asamblea Anual Ordinaria y almuerzo de Navidad de la Sección de Médicos Seniors

<p>El viernes <strong>19 de diciembre</strong>, a las 12:30 horas en primera convocatoria y a las 13:00 en segunda, tendrá lugar en la sede colegial del Avenida Alcalde Rovira Roure 41, de Lleida la Asamblea de la Sección de Médicos Seniors. Próximamente se facilitará el orden del día.</p>
<p><a href="https://forms.gle/MqBMJVPcx39SGP1G8">⊕ <strong>Formulario de asistencia (si sólo asiste a la asamblea)</strong></a></p>
<p>Después de la Asamblea, la sección ha organizado una comida de Navidad en el Casal del Metge de la sede del COMLL a las 14 horas, aproximadamente.</p>
<p><a href="https://www.comll.cat/wp-content/uploads/dinar-nadal-seniors-2025.pdf">⊕ Consultar menú</a></p>
<p>ÚLTIMO DÍA DE RESERVA DEL ALMUERZO: <u>miércoles 17 de diciembre</u></p>

<p>El viernes 19 de diciembre, a las 12:30 horas en primera convocatoria y a las 13:00 en segunda, tendrá lugar...</p>

<!-- This site is optimized with the Yoast SEO plugin v27.5 - https://yoast.com/product/yoast-seo-wordpress/ -->
<title>Asamblea Anual Ordinaria y almuerzo de Navidad de la Sección de Médicos Seniors - Col·legi Oficial de Metges de Lleida</title>
<meta name="robots" content="index, follow, max-snippet:-1, max-image-preview:large, max-video-preview:-1" />
<link rel="canonical" href="https://www.comll.cat/es/agenda/assemblea-anual-ordinaria-i-dinar-de-nadal-de-la-seccio-de-metges-seniors/" />
<meta property="og:locale" content="es_ES" />
<meta property="og:type" content="article" />
<meta property="og:title" content="Asamblea Anual Ordinaria y almuerzo de Navidad de la Sección de Médicos Seniors - Col·legi Oficial de Metges de Lleida" />
<meta property="og:description" content="El viernes 19 de diciembre, a las 12:30 horas en primera convocatoria y a las 13:00 en segunda, tendrá lugar..." />
<meta property="og:url" content="https://www.comll.cat/es/agenda/assemblea-anual-ordinaria-i-dinar-de-nadal-de-la-seccio-de-metges-seniors/" />
<meta property="og:site_name" content="Col·legi Oficial de Metges de Lleida" />
<meta property="article:modified_time" content="2025-12-18T12:01:21+00:00" />
<meta property="og:image" content="https://www.comll.cat/es/wp-content/uploads/sites/3/dinar-nadal-seniors-1.jpg" />
	<meta property="og:image:width" content="1600" />
	<meta property="og:image:height" content="900" />
	<meta property="og:image:type" content="image/jpeg" />
<meta name="twitter:card" content="summary_large_image" />
<script type="application/ld+json" class="yoast-schema-graph">{"@context":"https:\/\/schema.org","@graph":[{"@type":"WebPage","@id":"https:\/\/www.comll.cat\/es\/agenda\/assemblea-anual-ordinaria-i-dinar-de-nadal-de-la-seccio-de-metges-seniors\/","url":"https:\/\/www.comll.cat\/es\/agenda\/assemblea-anual-ordinaria-i-dinar-de-nadal-de-la-seccio-de-metges-seniors\/","name":"Asamblea Anual Ordinaria y almuerzo de Navidad de la Sección de Médicos Seniors - Col·legi Oficial de Metges de Lleida","isPartOf":{"@id":"https:\/\/www.comll.cat\/es\/#website"},"primaryImageOfPage":{"@id":"https:\/\/www.comll.cat\/es\/agenda\/assemblea-anual-ordinaria-i-dinar-de-nadal-de-la-seccio-de-metges-seniors\/#primaryimage"},"image":{"@id":"https:\/\/www.comll.cat\/es\/agenda\/assemblea-anual-ordinaria-i-dinar-de-nadal-de-la-seccio-de-metges-seniors\/#primaryimage"},"thumbnailUrl":"https:\/\/www.comll.cat\/es\/wp-content\/uploads\/sites\/3\/dinar-nadal-seniors-1.jpg","datePublished":"2025-10-31T08:33:31+00:00","dateModified":"2025-12-18T12:01:21+00:00","breadcrumb":{"@id":"https:\/\/www.comll.cat\/es\/agenda\/assemblea-anual-ordinaria-i-dinar-de-nadal-de-la-seccio-de-metges-seniors\/#breadcrumb"},"inLanguage":"es","potentialAction":[{"@type":"ReadAction","target":["https:\/\/www.comll.cat\/es\/agenda\/assemblea-anual-ordinaria-i-dinar-de-nadal-de-la-seccio-de-metges-seniors\/"]}]},{"@type":"ImageObject","inLanguage":"es","@id":"https:\/\/www.comll.cat\/es\/agenda\/assemblea-anual-ordinaria-i-dinar-de-nadal-de-la-seccio-de-metges-seniors\/#primaryimage","url":"https:\/\/www.comll.cat\/es\/wp-content\/uploads\/sites\/3\/dinar-nadal-seniors-1.jpg","contentUrl":"https:\/\/www.comll.cat\/es\/wp-content\/uploads\/sites\/3\/dinar-nadal-seniors-1.jpg","width":1600,"height":900},{"@type":"BreadcrumbList","@id":"https:\/\/www.comll.cat\/es\/agenda\/assemblea-anual-ordinaria-i-dinar-de-nadal-de-la-seccio-de-metges-seniors\/#breadcrumb","itemListElement":[{"@type":"ListItem","position":1,"name":"Portada","item":"https:\/\/www.comll.cat\/es\/"},{"@type":"ListItem","position":2,"name":"Eventos","item":"https:\/\/www.comll.cat\/es\/agenda-c\/"},{"@type":"ListItem","position":3,"name":"Asamblea Anual Ordinaria y almuerzo de Navidad de la Sección de Médicos Seniors"}]},{"@type":"WebSite","@id":"https:\/\/www.comll.cat\/es\/#website","url":"https:\/\/www.comll.cat\/es\/","name":"Col·legi Oficial de Metges de Lleida","description":"COMLL","potentialAction":[{"@type":"SearchAction","target":{"@type":"EntryPoint","urlTemplate":"https:\/\/www.comll.cat\/es\/?s={search_term_string}"},"query-input":{"@type":"PropertyValueSpecification","valueRequired":true,"valueName":"search_term_string"}}],"inLanguage":"es"}]}</script>
<!-- / Yoast SEO plugin. -->

Asamblea Anual Ordinaria y almuerzo de Navidad de la Sección de Médicos Seniors - Col·legi Oficial de Metges de Lleida

El viernes 19 de diciembre, a las 12:30 horas en primera convocatoria y a las 13:00 en segunda, tendrá lugar...
