{"id":12748,"date":"2025-09-15T11:48:13","date_gmt":"2025-09-15T09:48:13","guid":{"rendered":"https:\/\/www.comll.cat\/es\/?post_type=tribe_events&#038;p=12748"},"modified":"2025-09-19T12:46:50","modified_gmt":"2025-09-19T10:46:50","slug":"cafe-gips-sobre-salut-digital-a-lleida","status":"publish","type":"tribe_events","link":"https:\/\/www.comll.cat\/es\/agenda\/cafe-gips-sobre-salut-digital-a-lleida\/","title":{"rendered":"CAF\u00c8 GIPS: Sobre Salud Digital en Lleida"},"content":{"rendered":"<p>\u2295 <a href=\"https:\/\/www.comll.cat\/wp-content\/uploads\/invitacio-gips-comll.pdf\">Programa<\/a><\/p>\n<ul>\n<li><strong>16.00 h Bienvenida institucional<\/strong><br \/>\nDr. Ram\u00f3n Mur, presidente del COMLL.<br \/>\nDra. Georgina Vidal, miembro de la junta directiva de la Associaci\u00f3 GIPS y coordinadora de los Caf\u00e8s GIPS.<br \/>\nSr. Guillem Boira, presidente de la demarcaci\u00f3n de Lleida del COEIC.<\/li>\n<li><strong>16.20 h Salud digital en Lleida<\/strong><br \/>\nModeran:<br \/>\nDr. Ricard L\u00f3pez, delegado en el GIPS por la junta de gobierno del COMLL.<br \/>\nSra. Caterina Vidal, miembro de la Comisi\u00f3n de Salud del COEIC.<br \/>\nPonentes:<br \/>\nDr. Oriol Yuguero, jefe de urgencias del Hospital Arnau de Vilanova \u2013 Mediktor, herramienta de triaje.<br \/>\nDra. M. Jos\u00e9 Pelegay, jefe de obstetricia del Hospital Arnau de Vilanova \u2013 Partograma: monitorizaci\u00f3n de partos en el Hospital Arnau de Vilanova y el Hospital del Pallars.<br \/>\nDra. Rosa Mart\u00ed, jefa de la secci\u00f3n de dermatolog\u00eda del Hospital Universitario Arnau de Vilanova \u2013 Teledermatolog\u00eda en las Regiones sanitarias de Lleida y Pirineos.<br \/>\nDr. Francesc Purroy, director cl\u00ednico territorial de neurolog\u00eda \u2013 Teleictus.<br \/>\nSr. Josep Mar\u00edn, ingeniero industrial, director de infraestructuras y servicios generales de Sant Joan de D\u00e9u Terres de Lleida \u2013 Ingenier\u00eda sencilla para grandes territorios, caso sanitario de Lleida.<br \/>\nDebate<br \/>\nCierre<\/li>\n<li><strong>17.45 h Caf\u00e9 Networking<\/strong><\/li>\n<\/ul>\n<p>&nbsp;<\/p>\n<p>\u2295<a href=\"https:\/\/inscripcions.gips.cat\/form\/cafe-gips-lleida\/presencial\"> Inscripci\u00f3n para asistencia presencial<\/a><\/p>\n<p>\u2295 <a href=\"https:\/\/inscripcions.gips.cat\/form\/cafe-gips-lleida\/online\">Inscripci\u00f3n para asistencia online\u00a0<\/a><\/p>\n","protected":false},"excerpt":{"rendered":"<p>\u2295 Programa 16.00 h Bienvenida institucional Dr. Ram\u00f3n Mur, presidente del COMLL. Dra. Georgina Vidal, miembro de la junta directiva...<\/p>\n","protected":false},"author":4,"featured_media":12865,"template":"","meta":{"_acf_changed":false,"inline_featured_image":false,"_tribe_events_status":"","_tribe_events_status_reason":"","_tribe_events_is_hybrid":"","_tribe_events_is_virtual":"","_tribe_events_virtual_video_source":"","_tribe_events_virtual_embed_video":"","_tribe_events_virtual_linked_button_text":"","_tribe_events_virtual_linked_button":"","_tribe_events_virtual_show_embed_at":"","_tribe_events_virtual_show_embed_to":[],"_tribe_events_virtual_show_on_event":"","_tribe_events_virtual_show_on_views":"","_tribe_events_virtual_url":"","footnotes":""},"tags":[],"tribe_events_cat":[152],"class_list":["post-12748","tribe_events","type-tribe_events","status-publish","has-post-thumbnail","hentry","tribe_events_cat-destacado","cat_destacado"],"acf":[],"yoast_head":"<!-- This site is optimized with the Yoast SEO plugin v27.5 - https:\/\/yoast.com\/product\/yoast-seo-wordpress\/ -->\n<title>CAF\u00c8 GIPS: Sobre Salud Digital en Lleida - Col\u00b7legi Oficial de Metges de Lleida<\/title>\n<meta name=\"robots\" content=\"index, follow, max-snippet:-1, max-image-preview:large, max-video-preview:-1\" \/>\n<link rel=\"canonical\" href=\"https:\/\/www.comll.cat\/es\/agenda\/cafe-gips-sobre-salut-digital-a-lleida\/\" \/>\n<meta property=\"og:locale\" content=\"es_ES\" \/>\n<meta property=\"og:type\" content=\"article\" \/>\n<meta property=\"og:title\" content=\"CAF\u00c8 GIPS: Sobre Salud Digital en Lleida - Col\u00b7legi Oficial de Metges de Lleida\" \/>\n<meta property=\"og:description\" content=\"\u2295 Programa 16.00 h Bienvenida institucional Dr. Ram\u00f3n Mur, presidente del COMLL. Dra. Georgina Vidal, miembro de la junta directiva...\" \/>\n<meta property=\"og:url\" content=\"https:\/\/www.comll.cat\/es\/agenda\/cafe-gips-sobre-salut-digital-a-lleida\/\" \/>\n<meta property=\"og:site_name\" content=\"Col\u00b7legi Oficial de Metges de Lleida\" \/>\n<meta property=\"article:modified_time\" content=\"2025-09-19T10:46:50+00:00\" \/>\n<meta property=\"og:image\" content=\"https:\/\/www.comll.cat\/es\/wp-content\/uploads\/sites\/3\/cafe-gips-lleidab.jpg\" \/>\n\t<meta property=\"og:image:width\" content=\"1119\" \/>\n\t<meta property=\"og:image:height\" content=\"703\" \/>\n\t<meta property=\"og:image:type\" content=\"image\/jpeg\" \/>\n<meta name=\"twitter:card\" content=\"summary_large_image\" \/>\n<script type=\"application\/ld+json\" class=\"yoast-schema-graph\">{\"@context\":\"https:\\\/\\\/schema.org\",\"@graph\":[{\"@type\":\"WebPage\",\"@id\":\"https:\\\/\\\/www.comll.cat\\\/es\\\/agenda\\\/cafe-gips-sobre-salut-digital-a-lleida\\\/\",\"url\":\"https:\\\/\\\/www.comll.cat\\\/es\\\/agenda\\\/cafe-gips-sobre-salut-digital-a-lleida\\\/\",\"name\":\"CAF\u00c8 GIPS: Sobre Salud Digital en Lleida - Col\u00b7legi Oficial de Metges de Lleida\",\"isPartOf\":{\"@id\":\"https:\\\/\\\/www.comll.cat\\\/es\\\/#website\"},\"primaryImageOfPage\":{\"@id\":\"https:\\\/\\\/www.comll.cat\\\/es\\\/agenda\\\/cafe-gips-sobre-salut-digital-a-lleida\\\/#primaryimage\"},\"image\":{\"@id\":\"https:\\\/\\\/www.comll.cat\\\/es\\\/agenda\\\/cafe-gips-sobre-salut-digital-a-lleida\\\/#primaryimage\"},\"thumbnailUrl\":\"https:\\\/\\\/www.comll.cat\\\/es\\\/wp-content\\\/uploads\\\/sites\\\/3\\\/cafe-gips-lleidab.jpg\",\"datePublished\":\"2025-09-15T09:48:13+00:00\",\"dateModified\":\"2025-09-19T10:46:50+00:00\",\"breadcrumb\":{\"@id\":\"https:\\\/\\\/www.comll.cat\\\/es\\\/agenda\\\/cafe-gips-sobre-salut-digital-a-lleida\\\/#breadcrumb\"},\"inLanguage\":\"es\",\"potentialAction\":[{\"@type\":\"ReadAction\",\"target\":[\"https:\\\/\\\/www.comll.cat\\\/es\\\/agenda\\\/cafe-gips-sobre-salut-digital-a-lleida\\\/\"]}]},{\"@type\":\"ImageObject\",\"inLanguage\":\"es\",\"@id\":\"https:\\\/\\\/www.comll.cat\\\/es\\\/agenda\\\/cafe-gips-sobre-salut-digital-a-lleida\\\/#primaryimage\",\"url\":\"https:\\\/\\\/www.comll.cat\\\/es\\\/wp-content\\\/uploads\\\/sites\\\/3\\\/cafe-gips-lleidab.jpg\",\"contentUrl\":\"https:\\\/\\\/www.comll.cat\\\/es\\\/wp-content\\\/uploads\\\/sites\\\/3\\\/cafe-gips-lleidab.jpg\",\"width\":1119,\"height\":703},{\"@type\":\"BreadcrumbList\",\"@id\":\"https:\\\/\\\/www.comll.cat\\\/es\\\/agenda\\\/cafe-gips-sobre-salut-digital-a-lleida\\\/#breadcrumb\",\"itemListElement\":[{\"@type\":\"ListItem\",\"position\":1,\"name\":\"Portada\",\"item\":\"https:\\\/\\\/www.comll.cat\\\/es\\\/\"},{\"@type\":\"ListItem\",\"position\":2,\"name\":\"Eventos\",\"item\":\"https:\\\/\\\/www.comll.cat\\\/es\\\/agenda-c\\\/\"},{\"@type\":\"ListItem\",\"position\":3,\"name\":\"CAF\u00c8 GIPS: Sobre Salud Digital en Lleida\"}]},{\"@type\":\"WebSite\",\"@id\":\"https:\\\/\\\/www.comll.cat\\\/es\\\/#website\",\"url\":\"https:\\\/\\\/www.comll.cat\\\/es\\\/\",\"name\":\"Col\u00b7legi Oficial de Metges de Lleida\",\"description\":\"COMLL\",\"potentialAction\":[{\"@type\":\"SearchAction\",\"target\":{\"@type\":\"EntryPoint\",\"urlTemplate\":\"https:\\\/\\\/www.comll.cat\\\/es\\\/?s={search_term_string}\"},\"query-input\":{\"@type\":\"PropertyValueSpecification\",\"valueRequired\":true,\"valueName\":\"search_term_string\"}}],\"inLanguage\":\"es\"}]}<\/script>\n<!-- \/ Yoast SEO plugin. -->","yoast_head_json":{"title":"CAF\u00c8 GIPS: Sobre Salud Digital en Lleida - Col\u00b7legi Oficial de Metges de Lleida","robots":{"index":"index","follow":"follow","max-snippet":"max-snippet:-1","max-image-preview":"max-image-preview:large","max-video-preview":"max-video-preview:-1"},"canonical":"https:\/\/www.comll.cat\/es\/agenda\/cafe-gips-sobre-salut-digital-a-lleida\/","og_locale":"es_ES","og_type":"article","og_title":"CAF\u00c8 GIPS: Sobre Salud Digital en Lleida - Col\u00b7legi Oficial de Metges de Lleida","og_description":"\u2295 Programa 16.00 h Bienvenida institucional Dr. Ram\u00f3n Mur, presidente del COMLL. Dra. Georgina Vidal, miembro de la junta directiva...","og_url":"https:\/\/www.comll.cat\/es\/agenda\/cafe-gips-sobre-salut-digital-a-lleida\/","og_site_name":"Col\u00b7legi Oficial de Metges de Lleida","article_modified_time":"2025-09-19T10:46:50+00:00","og_image":[{"width":1119,"height":703,"url":"https:\/\/www.comll.cat\/es\/wp-content\/uploads\/sites\/3\/cafe-gips-lleidab.jpg","type":"image\/jpeg"}],"twitter_card":"summary_large_image","schema":{"@context":"https:\/\/schema.org","@graph":[{"@type":"WebPage","@id":"https:\/\/www.comll.cat\/es\/agenda\/cafe-gips-sobre-salut-digital-a-lleida\/","url":"https:\/\/www.comll.cat\/es\/agenda\/cafe-gips-sobre-salut-digital-a-lleida\/","name":"CAF\u00c8 GIPS: Sobre Salud Digital en Lleida - Col\u00b7legi Oficial de Metges de Lleida","isPartOf":{"@id":"https:\/\/www.comll.cat\/es\/#website"},"primaryImageOfPage":{"@id":"https:\/\/www.comll.cat\/es\/agenda\/cafe-gips-sobre-salut-digital-a-lleida\/#primaryimage"},"image":{"@id":"https:\/\/www.comll.cat\/es\/agenda\/cafe-gips-sobre-salut-digital-a-lleida\/#primaryimage"},"thumbnailUrl":"https:\/\/www.comll.cat\/es\/wp-content\/uploads\/sites\/3\/cafe-gips-lleidab.jpg","datePublished":"2025-09-15T09:48:13+00:00","dateModified":"2025-09-19T10:46:50+00:00","breadcrumb":{"@id":"https:\/\/www.comll.cat\/es\/agenda\/cafe-gips-sobre-salut-digital-a-lleida\/#breadcrumb"},"inLanguage":"es","potentialAction":[{"@type":"ReadAction","target":["https:\/\/www.comll.cat\/es\/agenda\/cafe-gips-sobre-salut-digital-a-lleida\/"]}]},{"@type":"ImageObject","inLanguage":"es","@id":"https:\/\/www.comll.cat\/es\/agenda\/cafe-gips-sobre-salut-digital-a-lleida\/#primaryimage","url":"https:\/\/www.comll.cat\/es\/wp-content\/uploads\/sites\/3\/cafe-gips-lleidab.jpg","contentUrl":"https:\/\/www.comll.cat\/es\/wp-content\/uploads\/sites\/3\/cafe-gips-lleidab.jpg","width":1119,"height":703},{"@type":"BreadcrumbList","@id":"https:\/\/www.comll.cat\/es\/agenda\/cafe-gips-sobre-salut-digital-a-lleida\/#breadcrumb","itemListElement":[{"@type":"ListItem","position":1,"name":"Portada","item":"https:\/\/www.comll.cat\/es\/"},{"@type":"ListItem","position":2,"name":"Eventos","item":"https:\/\/www.comll.cat\/es\/agenda-c\/"},{"@type":"ListItem","position":3,"name":"CAF\u00c8 GIPS: Sobre Salud Digital en Lleida"}]},{"@type":"WebSite","@id":"https:\/\/www.comll.cat\/es\/#website","url":"https:\/\/www.comll.cat\/es\/","name":"Col\u00b7legi Oficial de Metges de Lleida","description":"COMLL","potentialAction":[{"@type":"SearchAction","target":{"@type":"EntryPoint","urlTemplate":"https:\/\/www.comll.cat\/es\/?s={search_term_string}"},"query-input":{"@type":"PropertyValueSpecification","valueRequired":true,"valueName":"search_term_string"}}],"inLanguage":"es"}]}},"publishpress_future_workflow_manual_trigger":{"enabledWorkflows":[]},"_links":{"self":[{"href":"https:\/\/www.comll.cat\/es\/wp-json\/wp\/v2\/tribe_events\/12748","targetHints":{"allow":["GET"]}}],"collection":[{"href":"https:\/\/www.comll.cat\/es\/wp-json\/wp\/v2\/tribe_events"}],"about":[{"href":"https:\/\/www.comll.cat\/es\/wp-json\/wp\/v2\/types\/tribe_events"}],"author":[{"embeddable":true,"href":"https:\/\/www.comll.cat\/es\/wp-json\/wp\/v2\/users\/4"}],"version-history":[{"count":4,"href":"https:\/\/www.comll.cat\/es\/wp-json\/wp\/v2\/tribe_events\/12748\/revisions"}],"predecessor-version":[{"id":12867,"href":"https:\/\/www.comll.cat\/es\/wp-json\/wp\/v2\/tribe_events\/12748\/revisions\/12867"}],"wp:featuredmedia":[{"embeddable":true,"href":"https:\/\/www.comll.cat\/es\/wp-json\/wp\/v2\/media\/12865"}],"wp:attachment":[{"href":"https:\/\/www.comll.cat\/es\/wp-json\/wp\/v2\/media?parent=12748"}],"wp:term":[{"taxonomy":"post_tag","embeddable":true,"href":"https:\/\/www.comll.cat\/es\/wp-json\/wp\/v2\/tags?post=12748"},{"taxonomy":"tribe_events_cat","embeddable":true,"href":"https:\/\/www.comll.cat\/es\/wp-json\/wp\/v2\/tribe_events_cat?post=12748"}],"curies":[{"name":"wp","href":"https:\/\/api.w.org\/{rel}","templated":true}]}}

CAFÈ GIPS: Sobre Salud Digital en Lleida

<p>⊕ <a href="https://www.comll.cat/wp-content/uploads/invitacio-gips-comll.pdf">Programa</a></p>
<ul>
<li><strong>16.00 h Bienvenida institucional</strong><br />
Dr. Ramón Mur, presidente del COMLL.<br />
Dra. Georgina Vidal, miembro de la junta directiva de la Associació GIPS y coordinadora de los Cafès GIPS.<br />
Sr. Guillem Boira, presidente de la demarcación de Lleida del COEIC.</li>
<li><strong>16.20 h Salud digital en Lleida</strong><br />
Moderan:<br />
Dr. Ricard López, delegado en el GIPS por la junta de gobierno del COMLL.<br />
Sra. Caterina Vidal, miembro de la Comisión de Salud del COEIC.<br />
Ponentes:<br />
Dr. Oriol Yuguero, jefe de urgencias del Hospital Arnau de Vilanova – Mediktor, herramienta de triaje.<br />
Dra. M. José Pelegay, jefe de obstetricia del Hospital Arnau de Vilanova – Partograma: monitorización de partos en el Hospital Arnau de Vilanova y el Hospital del Pallars.<br />
Dra. Rosa Martí, jefa de la sección de dermatología del Hospital Universitario Arnau de Vilanova – Teledermatología en las Regiones sanitarias de Lleida y Pirineos.<br />
Dr. Francesc Purroy, director clínico territorial de neurología – Teleictus.<br />
Sr. Josep Marín, ingeniero industrial, director de infraestructuras y servicios generales de Sant Joan de Déu Terres de Lleida – Ingeniería sencilla para grandes territorios, caso sanitario de Lleida.<br />
Debate<br />
Cierre</li>
<li><strong>17.45 h Café Networking</strong></li>
</ul>
<p>&nbsp;</p>
<p>⊕<a href="https://inscripcions.gips.cat/form/cafe-gips-lleida/presencial"> Inscripción para asistencia presencial</a></p>
<p>⊕ <a href="https://inscripcions.gips.cat/form/cafe-gips-lleida/online">Inscripción para asistencia online </a></p>

<p>⊕ Programa 16.00 h Bienvenida institucional Dr. Ramón Mur, presidente del COMLL. Dra. Georgina Vidal, miembro de la junta directiva...</p>

<!-- This site is optimized with the Yoast SEO plugin v27.5 - https://yoast.com/product/yoast-seo-wordpress/ -->
<title>CAFÈ GIPS: Sobre Salud Digital en Lleida - Col·legi Oficial de Metges de Lleida</title>
<meta name="robots" content="index, follow, max-snippet:-1, max-image-preview:large, max-video-preview:-1" />
<link rel="canonical" href="https://www.comll.cat/es/agenda/cafe-gips-sobre-salut-digital-a-lleida/" />
<meta property="og:locale" content="es_ES" />
<meta property="og:type" content="article" />
<meta property="og:title" content="CAFÈ GIPS: Sobre Salud Digital en Lleida - Col·legi Oficial de Metges de Lleida" />
<meta property="og:description" content="⊕ Programa 16.00 h Bienvenida institucional Dr. Ramón Mur, presidente del COMLL. Dra. Georgina Vidal, miembro de la junta directiva..." />
<meta property="og:url" content="https://www.comll.cat/es/agenda/cafe-gips-sobre-salut-digital-a-lleida/" />
<meta property="og:site_name" content="Col·legi Oficial de Metges de Lleida" />
<meta property="article:modified_time" content="2025-09-19T10:46:50+00:00" />
<meta property="og:image" content="https://www.comll.cat/es/wp-content/uploads/sites/3/cafe-gips-lleidab.jpg" />
	<meta property="og:image:width" content="1119" />
	<meta property="og:image:height" content="703" />
	<meta property="og:image:type" content="image/jpeg" />
<meta name="twitter:card" content="summary_large_image" />
<script type="application/ld+json" class="yoast-schema-graph">{"@context":"https:\/\/schema.org","@graph":[{"@type":"WebPage","@id":"https:\/\/www.comll.cat\/es\/agenda\/cafe-gips-sobre-salut-digital-a-lleida\/","url":"https:\/\/www.comll.cat\/es\/agenda\/cafe-gips-sobre-salut-digital-a-lleida\/","name":"CAFÈ GIPS: Sobre Salud Digital en Lleida - Col·legi Oficial de Metges de Lleida","isPartOf":{"@id":"https:\/\/www.comll.cat\/es\/#website"},"primaryImageOfPage":{"@id":"https:\/\/www.comll.cat\/es\/agenda\/cafe-gips-sobre-salut-digital-a-lleida\/#primaryimage"},"image":{"@id":"https:\/\/www.comll.cat\/es\/agenda\/cafe-gips-sobre-salut-digital-a-lleida\/#primaryimage"},"thumbnailUrl":"https:\/\/www.comll.cat\/es\/wp-content\/uploads\/sites\/3\/cafe-gips-lleidab.jpg","datePublished":"2025-09-15T09:48:13+00:00","dateModified":"2025-09-19T10:46:50+00:00","breadcrumb":{"@id":"https:\/\/www.comll.cat\/es\/agenda\/cafe-gips-sobre-salut-digital-a-lleida\/#breadcrumb"},"inLanguage":"es","potentialAction":[{"@type":"ReadAction","target":["https:\/\/www.comll.cat\/es\/agenda\/cafe-gips-sobre-salut-digital-a-lleida\/"]}]},{"@type":"ImageObject","inLanguage":"es","@id":"https:\/\/www.comll.cat\/es\/agenda\/cafe-gips-sobre-salut-digital-a-lleida\/#primaryimage","url":"https:\/\/www.comll.cat\/es\/wp-content\/uploads\/sites\/3\/cafe-gips-lleidab.jpg","contentUrl":"https:\/\/www.comll.cat\/es\/wp-content\/uploads\/sites\/3\/cafe-gips-lleidab.jpg","width":1119,"height":703},{"@type":"BreadcrumbList","@id":"https:\/\/www.comll.cat\/es\/agenda\/cafe-gips-sobre-salut-digital-a-lleida\/#breadcrumb","itemListElement":[{"@type":"ListItem","position":1,"name":"Portada","item":"https:\/\/www.comll.cat\/es\/"},{"@type":"ListItem","position":2,"name":"Eventos","item":"https:\/\/www.comll.cat\/es\/agenda-c\/"},{"@type":"ListItem","position":3,"name":"CAFÈ GIPS: Sobre Salud Digital en Lleida"}]},{"@type":"WebSite","@id":"https:\/\/www.comll.cat\/es\/#website","url":"https:\/\/www.comll.cat\/es\/","name":"Col·legi Oficial de Metges de Lleida","description":"COMLL","potentialAction":[{"@type":"SearchAction","target":{"@type":"EntryPoint","urlTemplate":"https:\/\/www.comll.cat\/es\/?s={search_term_string}"},"query-input":{"@type":"PropertyValueSpecification","valueRequired":true,"valueName":"search_term_string"}}],"inLanguage":"es"}]}</script>
<!-- / Yoast SEO plugin. -->

CAFÈ GIPS: Sobre Salud Digital en Lleida - Col·legi Oficial de Metges de Lleida

⊕ Programa 16.00 h Bienvenida institucional Dr. Ramón Mur, presidente del COMLL. Dra. Georgina Vidal, miembro de la junta directiva...
