{"id":12745,"date":"2025-09-08T09:34:53","date_gmt":"2025-09-08T07:34:53","guid":{"rendered":"https:\/\/www.comll.cat\/es\/?post_type=tribe_events&#038;p=12745"},"modified":"2025-09-26T11:32:45","modified_gmt":"2025-09-26T09:32:45","slug":"sopar-solidari-en-benefici-de-lleida-pels-refugiats","status":"publish","type":"tribe_events","link":"https:\/\/www.comll.cat\/es\/agenda\/sopar-solidari-en-benefici-de-lleida-pels-refugiats\/","title":{"rendered":"CENA SOLIDARIA en beneficio de Lleida pels Refugiats - COMPLETA!"},"content":{"rendered":"<p><em><a href=\"http:\/\/lleidapelsrefugiats.com\" target=\"_blank\" rel=\"noopener\" data-cke-saved-href=\"http:\/\/lleidapelsrefugiats.com\">Lleida pels Refugiats<\/a> fue fundada en 2016 para sensibilizar y defender los derechos humanos de las personas refugiadas y migradas. Desde entonces, ha desarrollado proyectos de cooperaci\u00f3n y acci\u00f3n humanitaria en lugares como Grecia, Calais, Serbia y los campamentos saharauis de Tinduf.<\/em><\/p>\n<p><strong>La cena solidaria del d\u00eda 3 de octubre tiene como objetivo la financiaci\u00f3n\u00a0del proyecto <u>S\u00c0HARA VIDA<\/u><\/strong>, que comprende tres l\u00edneas de actuaci\u00f3n:<\/p>\n<ul>\n<li><em><strong>Haima Acull<\/strong>: Acogida temporal a ni\u00f1os saharauis con patolog\u00edas complejas, garantizando atenci\u00f3n m\u00e9dica y un entorno seguro en Lleida.<\/em><\/li>\n<li><em><strong>Comisiones Sanitarias<\/strong>: Equipo de profesionales catalanes y saharauis para mejorar la salud en los campamentos.<\/em><\/li>\n<li><em><strong>Taun S\u00e0hara<\/strong>: Fomenta la salud f\u00edsica y emocional de los ni\u00f1os mediante una metodolog\u00eda participativa e intercultural con comunidades locales y la Universitat de Lleida.<\/em><\/li>\n<\/ul>\n<p>&nbsp;<\/p>\n<p>\u2295 Formulario de reserva CERRADO<\/p>\n<p>&nbsp;<\/p>\n<p>Agradecemos la gran aceptaci\u00f3n de esta iniciativa solidaria entre todos los colegiados y ciudadan\u00eda de Lleida.<\/p>\n<p>Lamentamos no poder acoger m\u00e1s comensales en esta cena, por temas de espacio y comodidad para los asistentes.<\/p>\n<p>Los recordamos que pueden hacer sus donativos a Lleida pels Refugiats por Bizum al n\u00famero 11858.<\/p>\n<p>Muchas gracias por su inter\u00e9s.<\/p>\n","protected":false},"excerpt":{"rendered":"<p>Lleida pels Refugiats fue fundada en 2016 para sensibilizar y defender los derechos humanos de las personas refugiadas y migradas....<\/p>\n","protected":false},"author":4,"featured_media":12894,"template":"","meta":{"_acf_changed":false,"inline_featured_image":false,"_tribe_events_status":"","_tribe_events_status_reason":"","_tribe_events_is_hybrid":"","_tribe_events_is_virtual":"","_tribe_events_virtual_video_source":"","_tribe_events_virtual_embed_video":"","_tribe_events_virtual_linked_button_text":"","_tribe_events_virtual_linked_button":"","_tribe_events_virtual_show_embed_at":"","_tribe_events_virtual_show_embed_to":[],"_tribe_events_virtual_show_on_event":"","_tribe_events_virtual_show_on_views":"","_tribe_events_virtual_url":"","footnotes":""},"tags":[],"tribe_events_cat":[152],"class_list":["post-12745","tribe_events","type-tribe_events","status-publish","has-post-thumbnail","hentry","tribe_events_cat-destacado","cat_destacado"],"acf":[],"yoast_head":"<!-- This site is optimized with the Yoast SEO plugin v27.4 - https:\/\/yoast.com\/product\/yoast-seo-wordpress\/ -->\n<title>CENA SOLIDARIA en beneficio de Lleida pels Refugiats - COMPLETA! - Col\u00b7legi Oficial de Metges de Lleida<\/title>\n<meta name=\"robots\" content=\"index, follow, max-snippet:-1, max-image-preview:large, max-video-preview:-1\" \/>\n<link rel=\"canonical\" href=\"https:\/\/www.comll.cat\/es\/agenda\/sopar-solidari-en-benefici-de-lleida-pels-refugiats\/\" \/>\n<meta property=\"og:locale\" content=\"es_ES\" \/>\n<meta property=\"og:type\" content=\"article\" \/>\n<meta property=\"og:title\" content=\"CENA SOLIDARIA en beneficio de Lleida pels Refugiats - COMPLETA! - Col\u00b7legi Oficial de Metges de Lleida\" \/>\n<meta property=\"og:description\" content=\"Lleida pels Refugiats fue fundada en 2016 para sensibilizar y defender los derechos humanos de las personas refugiadas y migradas....\" \/>\n<meta property=\"og:url\" content=\"https:\/\/www.comll.cat\/es\/agenda\/sopar-solidari-en-benefici-de-lleida-pels-refugiats\/\" \/>\n<meta property=\"og:site_name\" content=\"Col\u00b7legi Oficial de Metges de Lleida\" \/>\n<meta property=\"article:modified_time\" content=\"2025-09-26T09:32:45+00:00\" \/>\n<meta property=\"og:image\" content=\"https:\/\/www.comll.cat\/es\/wp-content\/uploads\/sites\/3\/banner-sopar-solidari-1.jpg\" \/>\n\t<meta property=\"og:image:width\" content=\"1600\" \/>\n\t<meta property=\"og:image:height\" content=\"900\" \/>\n\t<meta property=\"og:image:type\" content=\"image\/jpeg\" \/>\n<meta name=\"twitter:card\" content=\"summary_large_image\" \/>\n<script type=\"application\/ld+json\" class=\"yoast-schema-graph\">{\"@context\":\"https:\\\/\\\/schema.org\",\"@graph\":[{\"@type\":\"WebPage\",\"@id\":\"https:\\\/\\\/www.comll.cat\\\/es\\\/agenda\\\/sopar-solidari-en-benefici-de-lleida-pels-refugiats\\\/\",\"url\":\"https:\\\/\\\/www.comll.cat\\\/es\\\/agenda\\\/sopar-solidari-en-benefici-de-lleida-pels-refugiats\\\/\",\"name\":\"CENA SOLIDARIA en beneficio de Lleida pels Refugiats - COMPLETA! - Col\u00b7legi Oficial de Metges de Lleida\",\"isPartOf\":{\"@id\":\"https:\\\/\\\/www.comll.cat\\\/es\\\/#website\"},\"primaryImageOfPage\":{\"@id\":\"https:\\\/\\\/www.comll.cat\\\/es\\\/agenda\\\/sopar-solidari-en-benefici-de-lleida-pels-refugiats\\\/#primaryimage\"},\"image\":{\"@id\":\"https:\\\/\\\/www.comll.cat\\\/es\\\/agenda\\\/sopar-solidari-en-benefici-de-lleida-pels-refugiats\\\/#primaryimage\"},\"thumbnailUrl\":\"https:\\\/\\\/www.comll.cat\\\/es\\\/wp-content\\\/uploads\\\/sites\\\/3\\\/banner-sopar-solidari-1.jpg\",\"datePublished\":\"2025-09-08T07:34:53+00:00\",\"dateModified\":\"2025-09-26T09:32:45+00:00\",\"breadcrumb\":{\"@id\":\"https:\\\/\\\/www.comll.cat\\\/es\\\/agenda\\\/sopar-solidari-en-benefici-de-lleida-pels-refugiats\\\/#breadcrumb\"},\"inLanguage\":\"es\",\"potentialAction\":[{\"@type\":\"ReadAction\",\"target\":[\"https:\\\/\\\/www.comll.cat\\\/es\\\/agenda\\\/sopar-solidari-en-benefici-de-lleida-pels-refugiats\\\/\"]}]},{\"@type\":\"ImageObject\",\"inLanguage\":\"es\",\"@id\":\"https:\\\/\\\/www.comll.cat\\\/es\\\/agenda\\\/sopar-solidari-en-benefici-de-lleida-pels-refugiats\\\/#primaryimage\",\"url\":\"https:\\\/\\\/www.comll.cat\\\/es\\\/wp-content\\\/uploads\\\/sites\\\/3\\\/banner-sopar-solidari-1.jpg\",\"contentUrl\":\"https:\\\/\\\/www.comll.cat\\\/es\\\/wp-content\\\/uploads\\\/sites\\\/3\\\/banner-sopar-solidari-1.jpg\",\"width\":1600,\"height\":900},{\"@type\":\"BreadcrumbList\",\"@id\":\"https:\\\/\\\/www.comll.cat\\\/es\\\/agenda\\\/sopar-solidari-en-benefici-de-lleida-pels-refugiats\\\/#breadcrumb\",\"itemListElement\":[{\"@type\":\"ListItem\",\"position\":1,\"name\":\"Portada\",\"item\":\"https:\\\/\\\/www.comll.cat\\\/es\\\/\"},{\"@type\":\"ListItem\",\"position\":2,\"name\":\"Eventos\",\"item\":\"https:\\\/\\\/www.comll.cat\\\/es\\\/agenda-c\\\/\"},{\"@type\":\"ListItem\",\"position\":3,\"name\":\"CENA SOLIDARIA en beneficio de Lleida pels Refugiats - COMPLETA!\"}]},{\"@type\":\"WebSite\",\"@id\":\"https:\\\/\\\/www.comll.cat\\\/es\\\/#website\",\"url\":\"https:\\\/\\\/www.comll.cat\\\/es\\\/\",\"name\":\"Col\u00b7legi Oficial de Metges de Lleida\",\"description\":\"COMLL\",\"potentialAction\":[{\"@type\":\"SearchAction\",\"target\":{\"@type\":\"EntryPoint\",\"urlTemplate\":\"https:\\\/\\\/www.comll.cat\\\/es\\\/?s={search_term_string}\"},\"query-input\":{\"@type\":\"PropertyValueSpecification\",\"valueRequired\":true,\"valueName\":\"search_term_string\"}}],\"inLanguage\":\"es\"}]}<\/script>\n<!-- \/ Yoast SEO plugin. -->","yoast_head_json":{"title":"CENA SOLIDARIA en beneficio de Lleida pels Refugiats - COMPLETA! - Col\u00b7legi Oficial de Metges de Lleida","robots":{"index":"index","follow":"follow","max-snippet":"max-snippet:-1","max-image-preview":"max-image-preview:large","max-video-preview":"max-video-preview:-1"},"canonical":"https:\/\/www.comll.cat\/es\/agenda\/sopar-solidari-en-benefici-de-lleida-pels-refugiats\/","og_locale":"es_ES","og_type":"article","og_title":"CENA SOLIDARIA en beneficio de Lleida pels Refugiats - COMPLETA! - Col\u00b7legi Oficial de Metges de Lleida","og_description":"Lleida pels Refugiats fue fundada en 2016 para sensibilizar y defender los derechos humanos de las personas refugiadas y migradas....","og_url":"https:\/\/www.comll.cat\/es\/agenda\/sopar-solidari-en-benefici-de-lleida-pels-refugiats\/","og_site_name":"Col\u00b7legi Oficial de Metges de Lleida","article_modified_time":"2025-09-26T09:32:45+00:00","og_image":[{"width":1600,"height":900,"url":"https:\/\/www.comll.cat\/es\/wp-content\/uploads\/sites\/3\/banner-sopar-solidari-1.jpg","type":"image\/jpeg"}],"twitter_card":"summary_large_image","schema":{"@context":"https:\/\/schema.org","@graph":[{"@type":"WebPage","@id":"https:\/\/www.comll.cat\/es\/agenda\/sopar-solidari-en-benefici-de-lleida-pels-refugiats\/","url":"https:\/\/www.comll.cat\/es\/agenda\/sopar-solidari-en-benefici-de-lleida-pels-refugiats\/","name":"CENA SOLIDARIA en beneficio de Lleida pels Refugiats - COMPLETA! - Col\u00b7legi Oficial de Metges de Lleida","isPartOf":{"@id":"https:\/\/www.comll.cat\/es\/#website"},"primaryImageOfPage":{"@id":"https:\/\/www.comll.cat\/es\/agenda\/sopar-solidari-en-benefici-de-lleida-pels-refugiats\/#primaryimage"},"image":{"@id":"https:\/\/www.comll.cat\/es\/agenda\/sopar-solidari-en-benefici-de-lleida-pels-refugiats\/#primaryimage"},"thumbnailUrl":"https:\/\/www.comll.cat\/es\/wp-content\/uploads\/sites\/3\/banner-sopar-solidari-1.jpg","datePublished":"2025-09-08T07:34:53+00:00","dateModified":"2025-09-26T09:32:45+00:00","breadcrumb":{"@id":"https:\/\/www.comll.cat\/es\/agenda\/sopar-solidari-en-benefici-de-lleida-pels-refugiats\/#breadcrumb"},"inLanguage":"es","potentialAction":[{"@type":"ReadAction","target":["https:\/\/www.comll.cat\/es\/agenda\/sopar-solidari-en-benefici-de-lleida-pels-refugiats\/"]}]},{"@type":"ImageObject","inLanguage":"es","@id":"https:\/\/www.comll.cat\/es\/agenda\/sopar-solidari-en-benefici-de-lleida-pels-refugiats\/#primaryimage","url":"https:\/\/www.comll.cat\/es\/wp-content\/uploads\/sites\/3\/banner-sopar-solidari-1.jpg","contentUrl":"https:\/\/www.comll.cat\/es\/wp-content\/uploads\/sites\/3\/banner-sopar-solidari-1.jpg","width":1600,"height":900},{"@type":"BreadcrumbList","@id":"https:\/\/www.comll.cat\/es\/agenda\/sopar-solidari-en-benefici-de-lleida-pels-refugiats\/#breadcrumb","itemListElement":[{"@type":"ListItem","position":1,"name":"Portada","item":"https:\/\/www.comll.cat\/es\/"},{"@type":"ListItem","position":2,"name":"Eventos","item":"https:\/\/www.comll.cat\/es\/agenda-c\/"},{"@type":"ListItem","position":3,"name":"CENA SOLIDARIA en beneficio de Lleida pels Refugiats - COMPLETA!"}]},{"@type":"WebSite","@id":"https:\/\/www.comll.cat\/es\/#website","url":"https:\/\/www.comll.cat\/es\/","name":"Col\u00b7legi Oficial de Metges de Lleida","description":"COMLL","potentialAction":[{"@type":"SearchAction","target":{"@type":"EntryPoint","urlTemplate":"https:\/\/www.comll.cat\/es\/?s={search_term_string}"},"query-input":{"@type":"PropertyValueSpecification","valueRequired":true,"valueName":"search_term_string"}}],"inLanguage":"es"}]}},"publishpress_future_workflow_manual_trigger":{"enabledWorkflows":[]},"_links":{"self":[{"href":"https:\/\/www.comll.cat\/es\/wp-json\/wp\/v2\/tribe_events\/12745","targetHints":{"allow":["GET"]}}],"collection":[{"href":"https:\/\/www.comll.cat\/es\/wp-json\/wp\/v2\/tribe_events"}],"about":[{"href":"https:\/\/www.comll.cat\/es\/wp-json\/wp\/v2\/types\/tribe_events"}],"author":[{"embeddable":true,"href":"https:\/\/www.comll.cat\/es\/wp-json\/wp\/v2\/users\/4"}],"version-history":[{"count":8,"href":"https:\/\/www.comll.cat\/es\/wp-json\/wp\/v2\/tribe_events\/12745\/revisions"}],"predecessor-version":[{"id":12919,"href":"https:\/\/www.comll.cat\/es\/wp-json\/wp\/v2\/tribe_events\/12745\/revisions\/12919"}],"wp:featuredmedia":[{"embeddable":true,"href":"https:\/\/www.comll.cat\/es\/wp-json\/wp\/v2\/media\/12894"}],"wp:attachment":[{"href":"https:\/\/www.comll.cat\/es\/wp-json\/wp\/v2\/media?parent=12745"}],"wp:term":[{"taxonomy":"post_tag","embeddable":true,"href":"https:\/\/www.comll.cat\/es\/wp-json\/wp\/v2\/tags?post=12745"},{"taxonomy":"tribe_events_cat","embeddable":true,"href":"https:\/\/www.comll.cat\/es\/wp-json\/wp\/v2\/tribe_events_cat?post=12745"}],"curies":[{"name":"wp","href":"https:\/\/api.w.org\/{rel}","templated":true}]}}

<p><em><a href="http://lleidapelsrefugiats.com" target="_blank" rel="noopener" data-cke-saved-href="http://lleidapelsrefugiats.com">Lleida pels Refugiats</a> fue fundada en 2016 para sensibilizar y defender los derechos humanos de las personas refugiadas y migradas. Desde entonces, ha desarrollado proyectos de cooperación y acción humanitaria en lugares como Grecia, Calais, Serbia y los campamentos saharauis de Tinduf.</em></p>
<p><strong>La cena solidaria del día 3 de octubre tiene como objetivo la financiación del proyecto <u>SÀHARA VIDA</u></strong>, que comprende tres líneas de actuación:</p>
<ul>
<li><em><strong>Haima Acull</strong>: Acogida temporal a niños saharauis con patologías complejas, garantizando atención médica y un entorno seguro en Lleida.</em></li>
<li><em><strong>Comisiones Sanitarias</strong>: Equipo de profesionales catalanes y saharauis para mejorar la salud en los campamentos.</em></li>
<li><em><strong>Taun Sàhara</strong>: Fomenta la salud física y emocional de los niños mediante una metodología participativa e intercultural con comunidades locales y la Universitat de Lleida.</em></li>
</ul>
<p>&nbsp;</p>
<p>⊕ Formulario de reserva CERRADO</p>
<p>&nbsp;</p>
<p>Agradecemos la gran aceptación de esta iniciativa solidaria entre todos los colegiados y ciudadanía de Lleida.</p>
<p>Lamentamos no poder acoger más comensales en esta cena, por temas de espacio y comodidad para los asistentes.</p>
<p>Los recordamos que pueden hacer sus donativos a Lleida pels Refugiats por Bizum al número 11858.</p>
<p>Muchas gracias por su interés.</p>
