{"id":11697,"date":"2025-04-03T11:21:42","date_gmt":"2025-04-03T09:21:42","guid":{"rendered":"https:\/\/www.comll.cat\/es\/agenda\/xiii-jornada-cultural-ccmc-tarragona\/"},"modified":"2025-04-29T10:21:13","modified_gmt":"2025-04-29T08:21:13","slug":"xiii-jornada-cultural-ccmc-tarragona","status":"publish","type":"tribe_events","link":"https:\/\/www.comll.cat\/es\/agenda\/xiii-jornada-cultural-ccmc-tarragona\/","title":{"rendered":"XIII Jornada Cultural CCMC, Tarragona"},"content":{"rendered":"<p>XIII Jornada Cultural del Consell de Col\u00b7legis de Metges de Catalunya que se celebrar\u00e1 en Tarragona el\u00a0 21 de mayo de 2025.<\/p>\n<p>En el marco de la misma, tendr\u00e1 lugar el acto de proclamaci\u00f3n y entrega de los premios de los XXIII Concursos Art\u00edsticos para M\u00e9dicos.<\/p>\n<p>\u2295 <a href=\"https:\/\/comt.cat\/es\/producte\/concursos-artistics-per-a-metges-2025-xiii-edicio\/\">Informaci\u00f3n e inscripciones <\/a>\u00a0 (Plazas limitadas)<\/p>\n","protected":false},"excerpt":{"rendered":"<p>XIII Jornada Cultural del Consell de Col\u00b7legis de Metges de Catalunya que se celebrar\u00e1 en Tarragona el\u00a0 21 de mayo...<\/p>\n","protected":false},"author":4,"featured_media":11501,"template":"","meta":{"_acf_changed":false,"inline_featured_image":false,"_tribe_events_status":"","_tribe_events_status_reason":"","_tribe_events_is_hybrid":"","_tribe_events_is_virtual":"","_tribe_events_virtual_video_source":"","_tribe_events_virtual_embed_video":"","_tribe_events_virtual_linked_button_text":"","_tribe_events_virtual_linked_button":"","_tribe_events_virtual_show_embed_at":"","_tribe_events_virtual_show_embed_to":[],"_tribe_events_virtual_show_on_event":"","_tribe_events_virtual_show_on_views":"","_tribe_events_virtual_url":"","footnotes":""},"tags":[],"tribe_events_cat":[152],"class_list":["post-11697","tribe_events","type-tribe_events","status-publish","has-post-thumbnail","hentry","tribe_events_cat-destacado","cat_destacado"],"acf":[],"yoast_head":"<!-- This site is optimized with the Yoast SEO plugin v27.5 - https:\/\/yoast.com\/product\/yoast-seo-wordpress\/ -->\n<title>XIII Jornada Cultural CCMC, Tarragona - Col\u00b7legi Oficial de Metges de Lleida<\/title>\n<meta name=\"robots\" content=\"index, follow, max-snippet:-1, max-image-preview:large, max-video-preview:-1\" \/>\n<link rel=\"canonical\" href=\"https:\/\/www.comll.cat\/es\/agenda\/xiii-jornada-cultural-ccmc-tarragona\/\" \/>\n<meta property=\"og:locale\" content=\"es_ES\" \/>\n<meta property=\"og:type\" content=\"article\" \/>\n<meta property=\"og:title\" content=\"XIII Jornada Cultural CCMC, Tarragona - Col\u00b7legi Oficial de Metges de Lleida\" \/>\n<meta property=\"og:description\" content=\"XIII Jornada Cultural del Consell de Col\u00b7legis de Metges de Catalunya que se celebrar\u00e1 en Tarragona el\u00a0 21 de mayo...\" \/>\n<meta property=\"og:url\" content=\"https:\/\/www.comll.cat\/es\/agenda\/xiii-jornada-cultural-ccmc-tarragona\/\" \/>\n<meta property=\"og:site_name\" content=\"Col\u00b7legi Oficial de Metges de Lleida\" \/>\n<meta property=\"article:modified_time\" content=\"2025-04-29T08:21:13+00:00\" \/>\n<meta property=\"og:image\" content=\"https:\/\/www.comll.cat\/es\/wp-content\/uploads\/sites\/3\/pastilla-concursos-2025.jpg\" \/>\n\t<meta property=\"og:image:width\" content=\"1220\" \/>\n\t<meta property=\"og:image:height\" content=\"674\" \/>\n\t<meta property=\"og:image:type\" content=\"image\/jpeg\" \/>\n<meta name=\"twitter:card\" content=\"summary_large_image\" \/>\n<script type=\"application\/ld+json\" class=\"yoast-schema-graph\">{\"@context\":\"https:\\\/\\\/schema.org\",\"@graph\":[{\"@type\":\"WebPage\",\"@id\":\"https:\\\/\\\/www.comll.cat\\\/es\\\/agenda\\\/xiii-jornada-cultural-ccmc-tarragona\\\/\",\"url\":\"https:\\\/\\\/www.comll.cat\\\/es\\\/agenda\\\/xiii-jornada-cultural-ccmc-tarragona\\\/\",\"name\":\"XIII Jornada Cultural CCMC, Tarragona - Col\u00b7legi Oficial de Metges de Lleida\",\"isPartOf\":{\"@id\":\"https:\\\/\\\/www.comll.cat\\\/es\\\/#website\"},\"primaryImageOfPage\":{\"@id\":\"https:\\\/\\\/www.comll.cat\\\/es\\\/agenda\\\/xiii-jornada-cultural-ccmc-tarragona\\\/#primaryimage\"},\"image\":{\"@id\":\"https:\\\/\\\/www.comll.cat\\\/es\\\/agenda\\\/xiii-jornada-cultural-ccmc-tarragona\\\/#primaryimage\"},\"thumbnailUrl\":\"https:\\\/\\\/www.comll.cat\\\/es\\\/wp-content\\\/uploads\\\/sites\\\/3\\\/pastilla-concursos-2025.jpg\",\"datePublished\":\"2025-04-03T09:21:42+00:00\",\"dateModified\":\"2025-04-29T08:21:13+00:00\",\"breadcrumb\":{\"@id\":\"https:\\\/\\\/www.comll.cat\\\/es\\\/agenda\\\/xiii-jornada-cultural-ccmc-tarragona\\\/#breadcrumb\"},\"inLanguage\":\"es\",\"potentialAction\":[{\"@type\":\"ReadAction\",\"target\":[\"https:\\\/\\\/www.comll.cat\\\/es\\\/agenda\\\/xiii-jornada-cultural-ccmc-tarragona\\\/\"]}]},{\"@type\":\"ImageObject\",\"inLanguage\":\"es\",\"@id\":\"https:\\\/\\\/www.comll.cat\\\/es\\\/agenda\\\/xiii-jornada-cultural-ccmc-tarragona\\\/#primaryimage\",\"url\":\"https:\\\/\\\/www.comll.cat\\\/es\\\/wp-content\\\/uploads\\\/sites\\\/3\\\/pastilla-concursos-2025.jpg\",\"contentUrl\":\"https:\\\/\\\/www.comll.cat\\\/es\\\/wp-content\\\/uploads\\\/sites\\\/3\\\/pastilla-concursos-2025.jpg\",\"width\":1220,\"height\":674},{\"@type\":\"BreadcrumbList\",\"@id\":\"https:\\\/\\\/www.comll.cat\\\/es\\\/agenda\\\/xiii-jornada-cultural-ccmc-tarragona\\\/#breadcrumb\",\"itemListElement\":[{\"@type\":\"ListItem\",\"position\":1,\"name\":\"Portada\",\"item\":\"https:\\\/\\\/www.comll.cat\\\/es\\\/\"},{\"@type\":\"ListItem\",\"position\":2,\"name\":\"Eventos\",\"item\":\"https:\\\/\\\/www.comll.cat\\\/es\\\/agenda-c\\\/\"},{\"@type\":\"ListItem\",\"position\":3,\"name\":\"XIII Jornada Cultural CCMC, Tarragona\"}]},{\"@type\":\"WebSite\",\"@id\":\"https:\\\/\\\/www.comll.cat\\\/es\\\/#website\",\"url\":\"https:\\\/\\\/www.comll.cat\\\/es\\\/\",\"name\":\"Col\u00b7legi Oficial de Metges de Lleida\",\"description\":\"COMLL\",\"potentialAction\":[{\"@type\":\"SearchAction\",\"target\":{\"@type\":\"EntryPoint\",\"urlTemplate\":\"https:\\\/\\\/www.comll.cat\\\/es\\\/?s={search_term_string}\"},\"query-input\":{\"@type\":\"PropertyValueSpecification\",\"valueRequired\":true,\"valueName\":\"search_term_string\"}}],\"inLanguage\":\"es\"}]}<\/script>\n<!-- \/ Yoast SEO plugin. -->","yoast_head_json":{"title":"XIII Jornada Cultural CCMC, Tarragona - Col\u00b7legi Oficial de Metges de Lleida","robots":{"index":"index","follow":"follow","max-snippet":"max-snippet:-1","max-image-preview":"max-image-preview:large","max-video-preview":"max-video-preview:-1"},"canonical":"https:\/\/www.comll.cat\/es\/agenda\/xiii-jornada-cultural-ccmc-tarragona\/","og_locale":"es_ES","og_type":"article","og_title":"XIII Jornada Cultural CCMC, Tarragona - Col\u00b7legi Oficial de Metges de Lleida","og_description":"XIII Jornada Cultural del Consell de Col\u00b7legis de Metges de Catalunya que se celebrar\u00e1 en Tarragona el\u00a0 21 de mayo...","og_url":"https:\/\/www.comll.cat\/es\/agenda\/xiii-jornada-cultural-ccmc-tarragona\/","og_site_name":"Col\u00b7legi Oficial de Metges de Lleida","article_modified_time":"2025-04-29T08:21:13+00:00","og_image":[{"width":1220,"height":674,"url":"https:\/\/www.comll.cat\/es\/wp-content\/uploads\/sites\/3\/pastilla-concursos-2025.jpg","type":"image\/jpeg"}],"twitter_card":"summary_large_image","schema":{"@context":"https:\/\/schema.org","@graph":[{"@type":"WebPage","@id":"https:\/\/www.comll.cat\/es\/agenda\/xiii-jornada-cultural-ccmc-tarragona\/","url":"https:\/\/www.comll.cat\/es\/agenda\/xiii-jornada-cultural-ccmc-tarragona\/","name":"XIII Jornada Cultural CCMC, Tarragona - Col\u00b7legi Oficial de Metges de Lleida","isPartOf":{"@id":"https:\/\/www.comll.cat\/es\/#website"},"primaryImageOfPage":{"@id":"https:\/\/www.comll.cat\/es\/agenda\/xiii-jornada-cultural-ccmc-tarragona\/#primaryimage"},"image":{"@id":"https:\/\/www.comll.cat\/es\/agenda\/xiii-jornada-cultural-ccmc-tarragona\/#primaryimage"},"thumbnailUrl":"https:\/\/www.comll.cat\/es\/wp-content\/uploads\/sites\/3\/pastilla-concursos-2025.jpg","datePublished":"2025-04-03T09:21:42+00:00","dateModified":"2025-04-29T08:21:13+00:00","breadcrumb":{"@id":"https:\/\/www.comll.cat\/es\/agenda\/xiii-jornada-cultural-ccmc-tarragona\/#breadcrumb"},"inLanguage":"es","potentialAction":[{"@type":"ReadAction","target":["https:\/\/www.comll.cat\/es\/agenda\/xiii-jornada-cultural-ccmc-tarragona\/"]}]},{"@type":"ImageObject","inLanguage":"es","@id":"https:\/\/www.comll.cat\/es\/agenda\/xiii-jornada-cultural-ccmc-tarragona\/#primaryimage","url":"https:\/\/www.comll.cat\/es\/wp-content\/uploads\/sites\/3\/pastilla-concursos-2025.jpg","contentUrl":"https:\/\/www.comll.cat\/es\/wp-content\/uploads\/sites\/3\/pastilla-concursos-2025.jpg","width":1220,"height":674},{"@type":"BreadcrumbList","@id":"https:\/\/www.comll.cat\/es\/agenda\/xiii-jornada-cultural-ccmc-tarragona\/#breadcrumb","itemListElement":[{"@type":"ListItem","position":1,"name":"Portada","item":"https:\/\/www.comll.cat\/es\/"},{"@type":"ListItem","position":2,"name":"Eventos","item":"https:\/\/www.comll.cat\/es\/agenda-c\/"},{"@type":"ListItem","position":3,"name":"XIII Jornada Cultural CCMC, Tarragona"}]},{"@type":"WebSite","@id":"https:\/\/www.comll.cat\/es\/#website","url":"https:\/\/www.comll.cat\/es\/","name":"Col\u00b7legi Oficial de Metges de Lleida","description":"COMLL","potentialAction":[{"@type":"SearchAction","target":{"@type":"EntryPoint","urlTemplate":"https:\/\/www.comll.cat\/es\/?s={search_term_string}"},"query-input":{"@type":"PropertyValueSpecification","valueRequired":true,"valueName":"search_term_string"}}],"inLanguage":"es"}]}},"publishpress_future_workflow_manual_trigger":{"enabledWorkflows":[]},"_links":{"self":[{"href":"https:\/\/www.comll.cat\/es\/wp-json\/wp\/v2\/tribe_events\/11697","targetHints":{"allow":["GET"]}}],"collection":[{"href":"https:\/\/www.comll.cat\/es\/wp-json\/wp\/v2\/tribe_events"}],"about":[{"href":"https:\/\/www.comll.cat\/es\/wp-json\/wp\/v2\/types\/tribe_events"}],"author":[{"embeddable":true,"href":"https:\/\/www.comll.cat\/es\/wp-json\/wp\/v2\/users\/4"}],"version-history":[{"count":3,"href":"https:\/\/www.comll.cat\/es\/wp-json\/wp\/v2\/tribe_events\/11697\/revisions"}],"predecessor-version":[{"id":11871,"href":"https:\/\/www.comll.cat\/es\/wp-json\/wp\/v2\/tribe_events\/11697\/revisions\/11871"}],"wp:featuredmedia":[{"embeddable":true,"href":"https:\/\/www.comll.cat\/es\/wp-json\/wp\/v2\/media\/11501"}],"wp:attachment":[{"href":"https:\/\/www.comll.cat\/es\/wp-json\/wp\/v2\/media?parent=11697"}],"wp:term":[{"taxonomy":"post_tag","embeddable":true,"href":"https:\/\/www.comll.cat\/es\/wp-json\/wp\/v2\/tags?post=11697"},{"taxonomy":"tribe_events_cat","embeddable":true,"href":"https:\/\/www.comll.cat\/es\/wp-json\/wp\/v2\/tribe_events_cat?post=11697"}],"curies":[{"name":"wp","href":"https:\/\/api.w.org\/{rel}","templated":true}]}}

<p>XIII Jornada Cultural del Consell de Col·legis de Metges de Catalunya que se celebrará en Tarragona el  21 de mayo de 2025.</p>
<p>En el marco de la misma, tendrá lugar el acto de proclamación y entrega de los premios de los XXIII Concursos Artísticos para Médicos.</p>
<p>⊕ <a href="https://comt.cat/es/producte/concursos-artistics-per-a-metges-2025-xiii-edicio/">Información e inscripciones </a>  (Plazas limitadas)</p>

<p>XIII Jornada Cultural del Consell de Col·legis de Metges de Catalunya que se celebrará en Tarragona el  21 de mayo...</p>

<!-- This site is optimized with the Yoast SEO plugin v27.5 - https://yoast.com/product/yoast-seo-wordpress/ -->
<title>XIII Jornada Cultural CCMC, Tarragona - Col·legi Oficial de Metges de Lleida</title>
<meta name="robots" content="index, follow, max-snippet:-1, max-image-preview:large, max-video-preview:-1" />
<link rel="canonical" href="https://www.comll.cat/es/agenda/xiii-jornada-cultural-ccmc-tarragona/" />
<meta property="og:locale" content="es_ES" />
<meta property="og:type" content="article" />
<meta property="og:title" content="XIII Jornada Cultural CCMC, Tarragona - Col·legi Oficial de Metges de Lleida" />
<meta property="og:description" content="XIII Jornada Cultural del Consell de Col·legis de Metges de Catalunya que se celebrará en Tarragona el  21 de mayo..." />
<meta property="og:url" content="https://www.comll.cat/es/agenda/xiii-jornada-cultural-ccmc-tarragona/" />
<meta property="og:site_name" content="Col·legi Oficial de Metges de Lleida" />
<meta property="article:modified_time" content="2025-04-29T08:21:13+00:00" />
<meta property="og:image" content="https://www.comll.cat/es/wp-content/uploads/sites/3/pastilla-concursos-2025.jpg" />
	<meta property="og:image:width" content="1220" />
	<meta property="og:image:height" content="674" />
	<meta property="og:image:type" content="image/jpeg" />
<meta name="twitter:card" content="summary_large_image" />
<script type="application/ld+json" class="yoast-schema-graph">{"@context":"https:\/\/schema.org","@graph":[{"@type":"WebPage","@id":"https:\/\/www.comll.cat\/es\/agenda\/xiii-jornada-cultural-ccmc-tarragona\/","url":"https:\/\/www.comll.cat\/es\/agenda\/xiii-jornada-cultural-ccmc-tarragona\/","name":"XIII Jornada Cultural CCMC, Tarragona - Col·legi Oficial de Metges de Lleida","isPartOf":{"@id":"https:\/\/www.comll.cat\/es\/#website"},"primaryImageOfPage":{"@id":"https:\/\/www.comll.cat\/es\/agenda\/xiii-jornada-cultural-ccmc-tarragona\/#primaryimage"},"image":{"@id":"https:\/\/www.comll.cat\/es\/agenda\/xiii-jornada-cultural-ccmc-tarragona\/#primaryimage"},"thumbnailUrl":"https:\/\/www.comll.cat\/es\/wp-content\/uploads\/sites\/3\/pastilla-concursos-2025.jpg","datePublished":"2025-04-03T09:21:42+00:00","dateModified":"2025-04-29T08:21:13+00:00","breadcrumb":{"@id":"https:\/\/www.comll.cat\/es\/agenda\/xiii-jornada-cultural-ccmc-tarragona\/#breadcrumb"},"inLanguage":"es","potentialAction":[{"@type":"ReadAction","target":["https:\/\/www.comll.cat\/es\/agenda\/xiii-jornada-cultural-ccmc-tarragona\/"]}]},{"@type":"ImageObject","inLanguage":"es","@id":"https:\/\/www.comll.cat\/es\/agenda\/xiii-jornada-cultural-ccmc-tarragona\/#primaryimage","url":"https:\/\/www.comll.cat\/es\/wp-content\/uploads\/sites\/3\/pastilla-concursos-2025.jpg","contentUrl":"https:\/\/www.comll.cat\/es\/wp-content\/uploads\/sites\/3\/pastilla-concursos-2025.jpg","width":1220,"height":674},{"@type":"BreadcrumbList","@id":"https:\/\/www.comll.cat\/es\/agenda\/xiii-jornada-cultural-ccmc-tarragona\/#breadcrumb","itemListElement":[{"@type":"ListItem","position":1,"name":"Portada","item":"https:\/\/www.comll.cat\/es\/"},{"@type":"ListItem","position":2,"name":"Eventos","item":"https:\/\/www.comll.cat\/es\/agenda-c\/"},{"@type":"ListItem","position":3,"name":"XIII Jornada Cultural CCMC, Tarragona"}]},{"@type":"WebSite","@id":"https:\/\/www.comll.cat\/es\/#website","url":"https:\/\/www.comll.cat\/es\/","name":"Col·legi Oficial de Metges de Lleida","description":"COMLL","potentialAction":[{"@type":"SearchAction","target":{"@type":"EntryPoint","urlTemplate":"https:\/\/www.comll.cat\/es\/?s={search_term_string}"},"query-input":{"@type":"PropertyValueSpecification","valueRequired":true,"valueName":"search_term_string"}}],"inLanguage":"es"}]}</script>
<!-- / Yoast SEO plugin. -->

XIII Jornada Cultural del Consell de Col·legis de Metges de Catalunya que se celebrará en Tarragona el  21 de mayo...
