{"id":11607,"date":"2025-03-25T12:34:46","date_gmt":"2025-03-25T11:34:46","guid":{"rendered":"https:\/\/www.comll.cat\/es\/?post_type=tribe_events&#038;p=11607"},"modified":"2025-04-30T09:19:24","modified_gmt":"2025-04-30T07:19:24","slug":"senderisme-saludable","status":"publish","type":"tribe_events","link":"https:\/\/www.comll.cat\/es\/agenda\/senderisme-saludable\/","title":{"rendered":"Senderismo saludable"},"content":{"rendered":"<p>Actividad organizada por la Secci\u00f3n de M\u00e9dicos S\u00e9niors<\/p>\n<ul dir=\"ltr\">\n<li data-pm-slice=\"1 1 []\">Dia: martes 6 de mayo<\/li>\n<li>Hora: 8:30<\/li>\n<li>Punto de encuentro: Av. Joana Raspall (a la altura de la pasarela de la Universidad)<\/li>\n<li>Actividad coordinada por el Dr. Agust\u00ed Ardiaca.<\/li>\n<\/ul>\n<p>\u2295 <a href=\"https:\/\/forms.gle\/kkTU4cBTm9WxmTyu7\">Formulario de inscripci\u00f3n<\/a><\/p>\n<p>&nbsp;<\/p>\n<p>&nbsp;<\/p>\n","protected":false},"excerpt":{"rendered":"<p>Actividad organizada por la Secci\u00f3n de M\u00e9dicos S\u00e9niors Dia: martes 6 de mayo Hora: 8:30 Punto de encuentro: Av. Joana...<\/p>\n","protected":false},"author":4,"featured_media":11511,"template":"","meta":{"_acf_changed":false,"inline_featured_image":false,"_tribe_events_status":"","_tribe_events_status_reason":"","_tribe_events_is_hybrid":"","_tribe_events_is_virtual":"","_tribe_events_virtual_video_source":"","_tribe_events_virtual_embed_video":"","_tribe_events_virtual_linked_button_text":"","_tribe_events_virtual_linked_button":"","_tribe_events_virtual_show_embed_at":"","_tribe_events_virtual_show_embed_to":[],"_tribe_events_virtual_show_on_event":"","_tribe_events_virtual_show_on_views":"","_tribe_events_virtual_url":"","footnotes":""},"tags":[],"tribe_events_cat":[152],"class_list":["post-11607","tribe_events","type-tribe_events","status-publish","has-post-thumbnail","hentry","tribe_events_cat-destacado","cat_destacado"],"acf":[],"yoast_head":"<!-- This site is optimized with the Yoast SEO plugin v27.5 - https:\/\/yoast.com\/product\/yoast-seo-wordpress\/ -->\n<title>Senderismo saludable - Col\u00b7legi Oficial de Metges de Lleida<\/title>\n<meta name=\"robots\" content=\"index, follow, max-snippet:-1, max-image-preview:large, max-video-preview:-1\" \/>\n<link rel=\"canonical\" href=\"https:\/\/www.comll.cat\/es\/agenda\/senderisme-saludable\/\" \/>\n<meta property=\"og:locale\" content=\"es_ES\" \/>\n<meta property=\"og:type\" content=\"article\" \/>\n<meta property=\"og:title\" content=\"Senderismo saludable - Col\u00b7legi Oficial de Metges de Lleida\" \/>\n<meta property=\"og:description\" content=\"Actividad organizada por la Secci\u00f3n de M\u00e9dicos S\u00e9niors Dia: martes 6 de mayo Hora: 8:30 Punto de encuentro: Av. Joana...\" \/>\n<meta property=\"og:url\" content=\"https:\/\/www.comll.cat\/es\/agenda\/senderisme-saludable\/\" \/>\n<meta property=\"og:site_name\" content=\"Col\u00b7legi Oficial de Metges de Lleida\" \/>\n<meta property=\"article:modified_time\" content=\"2025-04-30T07:19:24+00:00\" \/>\n<meta property=\"og:image\" content=\"https:\/\/www.comll.cat\/es\/wp-content\/uploads\/sites\/3\/caminada.png\" \/>\n\t<meta property=\"og:image:width\" content=\"1000\" \/>\n\t<meta property=\"og:image:height\" content=\"300\" \/>\n\t<meta property=\"og:image:type\" content=\"image\/png\" \/>\n<meta name=\"twitter:card\" content=\"summary_large_image\" \/>\n<script type=\"application\/ld+json\" class=\"yoast-schema-graph\">{\"@context\":\"https:\\\/\\\/schema.org\",\"@graph\":[{\"@type\":\"WebPage\",\"@id\":\"https:\\\/\\\/www.comll.cat\\\/es\\\/agenda\\\/senderisme-saludable\\\/\",\"url\":\"https:\\\/\\\/www.comll.cat\\\/es\\\/agenda\\\/senderisme-saludable\\\/\",\"name\":\"Senderismo saludable - Col\u00b7legi Oficial de Metges de Lleida\",\"isPartOf\":{\"@id\":\"https:\\\/\\\/www.comll.cat\\\/es\\\/#website\"},\"primaryImageOfPage\":{\"@id\":\"https:\\\/\\\/www.comll.cat\\\/es\\\/agenda\\\/senderisme-saludable\\\/#primaryimage\"},\"image\":{\"@id\":\"https:\\\/\\\/www.comll.cat\\\/es\\\/agenda\\\/senderisme-saludable\\\/#primaryimage\"},\"thumbnailUrl\":\"https:\\\/\\\/www.comll.cat\\\/es\\\/wp-content\\\/uploads\\\/sites\\\/3\\\/caminada.png\",\"datePublished\":\"2025-03-25T11:34:46+00:00\",\"dateModified\":\"2025-04-30T07:19:24+00:00\",\"breadcrumb\":{\"@id\":\"https:\\\/\\\/www.comll.cat\\\/es\\\/agenda\\\/senderisme-saludable\\\/#breadcrumb\"},\"inLanguage\":\"es\",\"potentialAction\":[{\"@type\":\"ReadAction\",\"target\":[\"https:\\\/\\\/www.comll.cat\\\/es\\\/agenda\\\/senderisme-saludable\\\/\"]}]},{\"@type\":\"ImageObject\",\"inLanguage\":\"es\",\"@id\":\"https:\\\/\\\/www.comll.cat\\\/es\\\/agenda\\\/senderisme-saludable\\\/#primaryimage\",\"url\":\"https:\\\/\\\/www.comll.cat\\\/es\\\/wp-content\\\/uploads\\\/sites\\\/3\\\/caminada.png\",\"contentUrl\":\"https:\\\/\\\/www.comll.cat\\\/es\\\/wp-content\\\/uploads\\\/sites\\\/3\\\/caminada.png\",\"width\":1000,\"height\":300},{\"@type\":\"BreadcrumbList\",\"@id\":\"https:\\\/\\\/www.comll.cat\\\/es\\\/agenda\\\/senderisme-saludable\\\/#breadcrumb\",\"itemListElement\":[{\"@type\":\"ListItem\",\"position\":1,\"name\":\"Portada\",\"item\":\"https:\\\/\\\/www.comll.cat\\\/es\\\/\"},{\"@type\":\"ListItem\",\"position\":2,\"name\":\"Eventos\",\"item\":\"https:\\\/\\\/www.comll.cat\\\/es\\\/agenda-c\\\/\"},{\"@type\":\"ListItem\",\"position\":3,\"name\":\"Senderismo saludable\"}]},{\"@type\":\"WebSite\",\"@id\":\"https:\\\/\\\/www.comll.cat\\\/es\\\/#website\",\"url\":\"https:\\\/\\\/www.comll.cat\\\/es\\\/\",\"name\":\"Col\u00b7legi Oficial de Metges de Lleida\",\"description\":\"COMLL\",\"potentialAction\":[{\"@type\":\"SearchAction\",\"target\":{\"@type\":\"EntryPoint\",\"urlTemplate\":\"https:\\\/\\\/www.comll.cat\\\/es\\\/?s={search_term_string}\"},\"query-input\":{\"@type\":\"PropertyValueSpecification\",\"valueRequired\":true,\"valueName\":\"search_term_string\"}}],\"inLanguage\":\"es\"}]}<\/script>\n<!-- \/ Yoast SEO plugin. -->","yoast_head_json":{"title":"Senderismo saludable - Col\u00b7legi Oficial de Metges de Lleida","robots":{"index":"index","follow":"follow","max-snippet":"max-snippet:-1","max-image-preview":"max-image-preview:large","max-video-preview":"max-video-preview:-1"},"canonical":"https:\/\/www.comll.cat\/es\/agenda\/senderisme-saludable\/","og_locale":"es_ES","og_type":"article","og_title":"Senderismo saludable - Col\u00b7legi Oficial de Metges de Lleida","og_description":"Actividad organizada por la Secci\u00f3n de M\u00e9dicos S\u00e9niors Dia: martes 6 de mayo Hora: 8:30 Punto de encuentro: Av. Joana...","og_url":"https:\/\/www.comll.cat\/es\/agenda\/senderisme-saludable\/","og_site_name":"Col\u00b7legi Oficial de Metges de Lleida","article_modified_time":"2025-04-30T07:19:24+00:00","og_image":[{"width":1000,"height":300,"url":"https:\/\/www.comll.cat\/es\/wp-content\/uploads\/sites\/3\/caminada.png","type":"image\/png"}],"twitter_card":"summary_large_image","schema":{"@context":"https:\/\/schema.org","@graph":[{"@type":"WebPage","@id":"https:\/\/www.comll.cat\/es\/agenda\/senderisme-saludable\/","url":"https:\/\/www.comll.cat\/es\/agenda\/senderisme-saludable\/","name":"Senderismo saludable - Col\u00b7legi Oficial de Metges de Lleida","isPartOf":{"@id":"https:\/\/www.comll.cat\/es\/#website"},"primaryImageOfPage":{"@id":"https:\/\/www.comll.cat\/es\/agenda\/senderisme-saludable\/#primaryimage"},"image":{"@id":"https:\/\/www.comll.cat\/es\/agenda\/senderisme-saludable\/#primaryimage"},"thumbnailUrl":"https:\/\/www.comll.cat\/es\/wp-content\/uploads\/sites\/3\/caminada.png","datePublished":"2025-03-25T11:34:46+00:00","dateModified":"2025-04-30T07:19:24+00:00","breadcrumb":{"@id":"https:\/\/www.comll.cat\/es\/agenda\/senderisme-saludable\/#breadcrumb"},"inLanguage":"es","potentialAction":[{"@type":"ReadAction","target":["https:\/\/www.comll.cat\/es\/agenda\/senderisme-saludable\/"]}]},{"@type":"ImageObject","inLanguage":"es","@id":"https:\/\/www.comll.cat\/es\/agenda\/senderisme-saludable\/#primaryimage","url":"https:\/\/www.comll.cat\/es\/wp-content\/uploads\/sites\/3\/caminada.png","contentUrl":"https:\/\/www.comll.cat\/es\/wp-content\/uploads\/sites\/3\/caminada.png","width":1000,"height":300},{"@type":"BreadcrumbList","@id":"https:\/\/www.comll.cat\/es\/agenda\/senderisme-saludable\/#breadcrumb","itemListElement":[{"@type":"ListItem","position":1,"name":"Portada","item":"https:\/\/www.comll.cat\/es\/"},{"@type":"ListItem","position":2,"name":"Eventos","item":"https:\/\/www.comll.cat\/es\/agenda-c\/"},{"@type":"ListItem","position":3,"name":"Senderismo saludable"}]},{"@type":"WebSite","@id":"https:\/\/www.comll.cat\/es\/#website","url":"https:\/\/www.comll.cat\/es\/","name":"Col\u00b7legi Oficial de Metges de Lleida","description":"COMLL","potentialAction":[{"@type":"SearchAction","target":{"@type":"EntryPoint","urlTemplate":"https:\/\/www.comll.cat\/es\/?s={search_term_string}"},"query-input":{"@type":"PropertyValueSpecification","valueRequired":true,"valueName":"search_term_string"}}],"inLanguage":"es"}]}},"publishpress_future_workflow_manual_trigger":{"enabledWorkflows":[]},"_links":{"self":[{"href":"https:\/\/www.comll.cat\/es\/wp-json\/wp\/v2\/tribe_events\/11607","targetHints":{"allow":["GET"]}}],"collection":[{"href":"https:\/\/www.comll.cat\/es\/wp-json\/wp\/v2\/tribe_events"}],"about":[{"href":"https:\/\/www.comll.cat\/es\/wp-json\/wp\/v2\/types\/tribe_events"}],"author":[{"embeddable":true,"href":"https:\/\/www.comll.cat\/es\/wp-json\/wp\/v2\/users\/4"}],"version-history":[{"count":3,"href":"https:\/\/www.comll.cat\/es\/wp-json\/wp\/v2\/tribe_events\/11607\/revisions"}],"predecessor-version":[{"id":11875,"href":"https:\/\/www.comll.cat\/es\/wp-json\/wp\/v2\/tribe_events\/11607\/revisions\/11875"}],"wp:featuredmedia":[{"embeddable":true,"href":"https:\/\/www.comll.cat\/es\/wp-json\/wp\/v2\/media\/11511"}],"wp:attachment":[{"href":"https:\/\/www.comll.cat\/es\/wp-json\/wp\/v2\/media?parent=11607"}],"wp:term":[{"taxonomy":"post_tag","embeddable":true,"href":"https:\/\/www.comll.cat\/es\/wp-json\/wp\/v2\/tags?post=11607"},{"taxonomy":"tribe_events_cat","embeddable":true,"href":"https:\/\/www.comll.cat\/es\/wp-json\/wp\/v2\/tribe_events_cat?post=11607"}],"curies":[{"name":"wp","href":"https:\/\/api.w.org\/{rel}","templated":true}]}}

<p>Actividad organizada por la Sección de Médicos Séniors</p>
<ul dir="ltr">
<li data-pm-slice="1 1 []">Dia: martes 6 de mayo</li>
<li>Hora: 8:30</li>
<li>Punto de encuentro: Av. Joana Raspall (a la altura de la pasarela de la Universidad)</li>
<li>Actividad coordinada por el Dr. Agustí Ardiaca.</li>
</ul>
<p>⊕ <a href="https://forms.gle/kkTU4cBTm9WxmTyu7">Formulario de inscripción</a></p>
<p>&nbsp;</p>
<p>&nbsp;</p>

<p>Actividad organizada por la Sección de Médicos Séniors Dia: martes 6 de mayo Hora: 8:30 Punto de encuentro: Av. Joana...</p>

<!-- This site is optimized with the Yoast SEO plugin v27.5 - https://yoast.com/product/yoast-seo-wordpress/ -->
<title>Senderismo saludable - Col·legi Oficial de Metges de Lleida</title>
<meta name="robots" content="index, follow, max-snippet:-1, max-image-preview:large, max-video-preview:-1" />
<link rel="canonical" href="https://www.comll.cat/es/agenda/senderisme-saludable/" />
<meta property="og:locale" content="es_ES" />
<meta property="og:type" content="article" />
<meta property="og:title" content="Senderismo saludable - Col·legi Oficial de Metges de Lleida" />
<meta property="og:description" content="Actividad organizada por la Sección de Médicos Séniors Dia: martes 6 de mayo Hora: 8:30 Punto de encuentro: Av. Joana..." />
<meta property="og:url" content="https://www.comll.cat/es/agenda/senderisme-saludable/" />
<meta property="og:site_name" content="Col·legi Oficial de Metges de Lleida" />
<meta property="article:modified_time" content="2025-04-30T07:19:24+00:00" />
<meta property="og:image" content="https://www.comll.cat/es/wp-content/uploads/sites/3/caminada.png" />
	<meta property="og:image:width" content="1000" />
	<meta property="og:image:height" content="300" />
	<meta property="og:image:type" content="image/png" />
<meta name="twitter:card" content="summary_large_image" />
<script type="application/ld+json" class="yoast-schema-graph">{"@context":"https:\/\/schema.org","@graph":[{"@type":"WebPage","@id":"https:\/\/www.comll.cat\/es\/agenda\/senderisme-saludable\/","url":"https:\/\/www.comll.cat\/es\/agenda\/senderisme-saludable\/","name":"Senderismo saludable - Col·legi Oficial de Metges de Lleida","isPartOf":{"@id":"https:\/\/www.comll.cat\/es\/#website"},"primaryImageOfPage":{"@id":"https:\/\/www.comll.cat\/es\/agenda\/senderisme-saludable\/#primaryimage"},"image":{"@id":"https:\/\/www.comll.cat\/es\/agenda\/senderisme-saludable\/#primaryimage"},"thumbnailUrl":"https:\/\/www.comll.cat\/es\/wp-content\/uploads\/sites\/3\/caminada.png","datePublished":"2025-03-25T11:34:46+00:00","dateModified":"2025-04-30T07:19:24+00:00","breadcrumb":{"@id":"https:\/\/www.comll.cat\/es\/agenda\/senderisme-saludable\/#breadcrumb"},"inLanguage":"es","potentialAction":[{"@type":"ReadAction","target":["https:\/\/www.comll.cat\/es\/agenda\/senderisme-saludable\/"]}]},{"@type":"ImageObject","inLanguage":"es","@id":"https:\/\/www.comll.cat\/es\/agenda\/senderisme-saludable\/#primaryimage","url":"https:\/\/www.comll.cat\/es\/wp-content\/uploads\/sites\/3\/caminada.png","contentUrl":"https:\/\/www.comll.cat\/es\/wp-content\/uploads\/sites\/3\/caminada.png","width":1000,"height":300},{"@type":"BreadcrumbList","@id":"https:\/\/www.comll.cat\/es\/agenda\/senderisme-saludable\/#breadcrumb","itemListElement":[{"@type":"ListItem","position":1,"name":"Portada","item":"https:\/\/www.comll.cat\/es\/"},{"@type":"ListItem","position":2,"name":"Eventos","item":"https:\/\/www.comll.cat\/es\/agenda-c\/"},{"@type":"ListItem","position":3,"name":"Senderismo saludable"}]},{"@type":"WebSite","@id":"https:\/\/www.comll.cat\/es\/#website","url":"https:\/\/www.comll.cat\/es\/","name":"Col·legi Oficial de Metges de Lleida","description":"COMLL","potentialAction":[{"@type":"SearchAction","target":{"@type":"EntryPoint","urlTemplate":"https:\/\/www.comll.cat\/es\/?s={search_term_string}"},"query-input":{"@type":"PropertyValueSpecification","valueRequired":true,"valueName":"search_term_string"}}],"inLanguage":"es"}]}</script>
<!-- / Yoast SEO plugin. -->

Actividad organizada por la Sección de Médicos Séniors Dia: martes 6 de mayo Hora: 8:30 Punto de encuentro: Av. Joana...
