{"id":11099,"date":"2025-01-28T10:13:09","date_gmt":"2025-01-28T09:13:09","guid":{"rendered":"https:\/\/www.comll.cat\/es\/?post_type=tribe_events&#038;p=11099"},"modified":"2025-01-29T12:49:52","modified_gmt":"2025-01-29T11:49:52","slug":"cicle-cinema-i-medicina-las-confesiones-del-dr-sachs","status":"publish","type":"tribe_events","link":"https:\/\/www.comll.cat\/es\/agenda\/cicle-cinema-i-medicina-las-confesiones-del-dr-sachs\/","title":{"rendered":"Ciclo Cine y Medicina, otra mirada: Las confesiones del Dr. Sachs"},"content":{"rendered":"<p><em>El Dr. Sachs, m\u00e9dico rural, escucha a sus pacientes y ah\u00ed radica en gran medida su eficacia terap\u00e9utica. <\/em>Director: Michel Deville, Fran\u00e7a, 1999, 1h 47 min<\/p>\n<p>Presentaci\u00f3n y comentarios: Juan Ferrer, cr\u00edtico cinematogr\u00e1fico<\/p>\n<p>Sala de formaci\u00f3n del COMLL, 18 horas. Actividad coordinada por la Secci\u00f3n de M\u00e9dicos Seniors.<\/p>\n<p>Se recomienda inscribirse en esta actividad.<\/p>\n<p><a href=\"https:\/\/forms.gle\/GW2yTC7CxfY2ikwg7\">\u2295 Inscripciones<\/a><\/p>\n<p>&nbsp;<\/p>\n<p>&nbsp;<\/p>\n","protected":false},"excerpt":{"rendered":"<p>El Dr. Sachs, m\u00e9dico rural, escucha a sus pacientes y ah\u00ed radica en gran medida su eficacia terap\u00e9utica. Director: Michel...<\/p>\n","protected":false},"author":4,"featured_media":11100,"template":"","meta":{"_acf_changed":false,"inline_featured_image":false,"_tribe_events_status":"","_tribe_events_status_reason":"","_tribe_events_is_hybrid":"","_tribe_events_is_virtual":"","_tribe_events_virtual_video_source":"","_tribe_events_virtual_embed_video":"","_tribe_events_virtual_linked_button_text":"","_tribe_events_virtual_linked_button":"","_tribe_events_virtual_show_embed_at":"","_tribe_events_virtual_show_embed_to":[],"_tribe_events_virtual_show_on_event":"","_tribe_events_virtual_show_on_views":"","_tribe_events_virtual_url":"","footnotes":""},"tags":[],"tribe_events_cat":[138],"class_list":["post-11099","tribe_events","type-tribe_events","status-publish","has-post-thumbnail","hentry","tribe_events_cat-destacat","cat_destacat"],"acf":[],"yoast_head":"<!-- This site is optimized with the Yoast SEO plugin v27.5 - https:\/\/yoast.com\/product\/yoast-seo-wordpress\/ -->\n<title>Ciclo Cine y Medicina, otra mirada: Las confesiones del Dr. Sachs - Col\u00b7legi Oficial de Metges de Lleida<\/title>\n<meta name=\"robots\" content=\"index, follow, max-snippet:-1, max-image-preview:large, max-video-preview:-1\" \/>\n<link rel=\"canonical\" href=\"https:\/\/www.comll.cat\/es\/agenda\/cicle-cinema-i-medicina-las-confesiones-del-dr-sachs\/\" \/>\n<meta property=\"og:locale\" content=\"es_ES\" \/>\n<meta property=\"og:type\" content=\"article\" \/>\n<meta property=\"og:title\" content=\"Ciclo Cine y Medicina, otra mirada: Las confesiones del Dr. Sachs - Col\u00b7legi Oficial de Metges de Lleida\" \/>\n<meta property=\"og:description\" content=\"El Dr. Sachs, m\u00e9dico rural, escucha a sus pacientes y ah\u00ed radica en gran medida su eficacia terap\u00e9utica. Director: Michel...\" \/>\n<meta property=\"og:url\" content=\"https:\/\/www.comll.cat\/es\/agenda\/cicle-cinema-i-medicina-las-confesiones-del-dr-sachs\/\" \/>\n<meta property=\"og:site_name\" content=\"Col\u00b7legi Oficial de Metges de Lleida\" \/>\n<meta property=\"article:modified_time\" content=\"2025-01-29T11:49:52+00:00\" \/>\n<meta property=\"og:image\" content=\"https:\/\/www.comll.cat\/es\/wp-content\/uploads\/sites\/3\/dr-sachs.jpg\" \/>\n\t<meta property=\"og:image:width\" content=\"516\" \/>\n\t<meta property=\"og:image:height\" content=\"249\" \/>\n\t<meta property=\"og:image:type\" content=\"image\/jpeg\" \/>\n<meta name=\"twitter:card\" content=\"summary_large_image\" \/>\n<script type=\"application\/ld+json\" class=\"yoast-schema-graph\">{\"@context\":\"https:\\\/\\\/schema.org\",\"@graph\":[{\"@type\":\"WebPage\",\"@id\":\"https:\\\/\\\/www.comll.cat\\\/es\\\/agenda\\\/cicle-cinema-i-medicina-las-confesiones-del-dr-sachs\\\/\",\"url\":\"https:\\\/\\\/www.comll.cat\\\/es\\\/agenda\\\/cicle-cinema-i-medicina-las-confesiones-del-dr-sachs\\\/\",\"name\":\"Ciclo Cine y Medicina, otra mirada: Las confesiones del Dr. Sachs - Col\u00b7legi Oficial de Metges de Lleida\",\"isPartOf\":{\"@id\":\"https:\\\/\\\/www.comll.cat\\\/es\\\/#website\"},\"primaryImageOfPage\":{\"@id\":\"https:\\\/\\\/www.comll.cat\\\/es\\\/agenda\\\/cicle-cinema-i-medicina-las-confesiones-del-dr-sachs\\\/#primaryimage\"},\"image\":{\"@id\":\"https:\\\/\\\/www.comll.cat\\\/es\\\/agenda\\\/cicle-cinema-i-medicina-las-confesiones-del-dr-sachs\\\/#primaryimage\"},\"thumbnailUrl\":\"https:\\\/\\\/www.comll.cat\\\/es\\\/wp-content\\\/uploads\\\/sites\\\/3\\\/dr-sachs.jpg\",\"datePublished\":\"2025-01-28T09:13:09+00:00\",\"dateModified\":\"2025-01-29T11:49:52+00:00\",\"breadcrumb\":{\"@id\":\"https:\\\/\\\/www.comll.cat\\\/es\\\/agenda\\\/cicle-cinema-i-medicina-las-confesiones-del-dr-sachs\\\/#breadcrumb\"},\"inLanguage\":\"es\",\"potentialAction\":[{\"@type\":\"ReadAction\",\"target\":[\"https:\\\/\\\/www.comll.cat\\\/es\\\/agenda\\\/cicle-cinema-i-medicina-las-confesiones-del-dr-sachs\\\/\"]}]},{\"@type\":\"ImageObject\",\"inLanguage\":\"es\",\"@id\":\"https:\\\/\\\/www.comll.cat\\\/es\\\/agenda\\\/cicle-cinema-i-medicina-las-confesiones-del-dr-sachs\\\/#primaryimage\",\"url\":\"https:\\\/\\\/www.comll.cat\\\/es\\\/wp-content\\\/uploads\\\/sites\\\/3\\\/dr-sachs.jpg\",\"contentUrl\":\"https:\\\/\\\/www.comll.cat\\\/es\\\/wp-content\\\/uploads\\\/sites\\\/3\\\/dr-sachs.jpg\",\"width\":516,\"height\":249,\"caption\":\"1999 - Las confesiones del Dr. Sachs - La Maladie De Sachs - tt0210167-001-167777-81171-Espa\u00f1ol\"},{\"@type\":\"BreadcrumbList\",\"@id\":\"https:\\\/\\\/www.comll.cat\\\/es\\\/agenda\\\/cicle-cinema-i-medicina-las-confesiones-del-dr-sachs\\\/#breadcrumb\",\"itemListElement\":[{\"@type\":\"ListItem\",\"position\":1,\"name\":\"Portada\",\"item\":\"https:\\\/\\\/www.comll.cat\\\/es\\\/\"},{\"@type\":\"ListItem\",\"position\":2,\"name\":\"Eventos\",\"item\":\"https:\\\/\\\/www.comll.cat\\\/es\\\/agenda-c\\\/\"},{\"@type\":\"ListItem\",\"position\":3,\"name\":\"Ciclo Cine y Medicina, otra mirada: Las confesiones del Dr. Sachs\"}]},{\"@type\":\"WebSite\",\"@id\":\"https:\\\/\\\/www.comll.cat\\\/es\\\/#website\",\"url\":\"https:\\\/\\\/www.comll.cat\\\/es\\\/\",\"name\":\"Col\u00b7legi Oficial de Metges de Lleida\",\"description\":\"COMLL\",\"potentialAction\":[{\"@type\":\"SearchAction\",\"target\":{\"@type\":\"EntryPoint\",\"urlTemplate\":\"https:\\\/\\\/www.comll.cat\\\/es\\\/?s={search_term_string}\"},\"query-input\":{\"@type\":\"PropertyValueSpecification\",\"valueRequired\":true,\"valueName\":\"search_term_string\"}}],\"inLanguage\":\"es\"}]}<\/script>\n<!-- \/ Yoast SEO plugin. -->","yoast_head_json":{"title":"Ciclo Cine y Medicina, otra mirada: Las confesiones del Dr. Sachs - Col\u00b7legi Oficial de Metges de Lleida","robots":{"index":"index","follow":"follow","max-snippet":"max-snippet:-1","max-image-preview":"max-image-preview:large","max-video-preview":"max-video-preview:-1"},"canonical":"https:\/\/www.comll.cat\/es\/agenda\/cicle-cinema-i-medicina-las-confesiones-del-dr-sachs\/","og_locale":"es_ES","og_type":"article","og_title":"Ciclo Cine y Medicina, otra mirada: Las confesiones del Dr. Sachs - Col\u00b7legi Oficial de Metges de Lleida","og_description":"El Dr. Sachs, m\u00e9dico rural, escucha a sus pacientes y ah\u00ed radica en gran medida su eficacia terap\u00e9utica. Director: Michel...","og_url":"https:\/\/www.comll.cat\/es\/agenda\/cicle-cinema-i-medicina-las-confesiones-del-dr-sachs\/","og_site_name":"Col\u00b7legi Oficial de Metges de Lleida","article_modified_time":"2025-01-29T11:49:52+00:00","og_image":[{"width":516,"height":249,"url":"https:\/\/www.comll.cat\/es\/wp-content\/uploads\/sites\/3\/dr-sachs.jpg","type":"image\/jpeg"}],"twitter_card":"summary_large_image","schema":{"@context":"https:\/\/schema.org","@graph":[{"@type":"WebPage","@id":"https:\/\/www.comll.cat\/es\/agenda\/cicle-cinema-i-medicina-las-confesiones-del-dr-sachs\/","url":"https:\/\/www.comll.cat\/es\/agenda\/cicle-cinema-i-medicina-las-confesiones-del-dr-sachs\/","name":"Ciclo Cine y Medicina, otra mirada: Las confesiones del Dr. Sachs - Col\u00b7legi Oficial de Metges de Lleida","isPartOf":{"@id":"https:\/\/www.comll.cat\/es\/#website"},"primaryImageOfPage":{"@id":"https:\/\/www.comll.cat\/es\/agenda\/cicle-cinema-i-medicina-las-confesiones-del-dr-sachs\/#primaryimage"},"image":{"@id":"https:\/\/www.comll.cat\/es\/agenda\/cicle-cinema-i-medicina-las-confesiones-del-dr-sachs\/#primaryimage"},"thumbnailUrl":"https:\/\/www.comll.cat\/es\/wp-content\/uploads\/sites\/3\/dr-sachs.jpg","datePublished":"2025-01-28T09:13:09+00:00","dateModified":"2025-01-29T11:49:52+00:00","breadcrumb":{"@id":"https:\/\/www.comll.cat\/es\/agenda\/cicle-cinema-i-medicina-las-confesiones-del-dr-sachs\/#breadcrumb"},"inLanguage":"es","potentialAction":[{"@type":"ReadAction","target":["https:\/\/www.comll.cat\/es\/agenda\/cicle-cinema-i-medicina-las-confesiones-del-dr-sachs\/"]}]},{"@type":"ImageObject","inLanguage":"es","@id":"https:\/\/www.comll.cat\/es\/agenda\/cicle-cinema-i-medicina-las-confesiones-del-dr-sachs\/#primaryimage","url":"https:\/\/www.comll.cat\/es\/wp-content\/uploads\/sites\/3\/dr-sachs.jpg","contentUrl":"https:\/\/www.comll.cat\/es\/wp-content\/uploads\/sites\/3\/dr-sachs.jpg","width":516,"height":249,"caption":"1999 - Las confesiones del Dr. Sachs - La Maladie De Sachs - tt0210167-001-167777-81171-Espa\u00f1ol"},{"@type":"BreadcrumbList","@id":"https:\/\/www.comll.cat\/es\/agenda\/cicle-cinema-i-medicina-las-confesiones-del-dr-sachs\/#breadcrumb","itemListElement":[{"@type":"ListItem","position":1,"name":"Portada","item":"https:\/\/www.comll.cat\/es\/"},{"@type":"ListItem","position":2,"name":"Eventos","item":"https:\/\/www.comll.cat\/es\/agenda-c\/"},{"@type":"ListItem","position":3,"name":"Ciclo Cine y Medicina, otra mirada: Las confesiones del Dr. Sachs"}]},{"@type":"WebSite","@id":"https:\/\/www.comll.cat\/es\/#website","url":"https:\/\/www.comll.cat\/es\/","name":"Col\u00b7legi Oficial de Metges de Lleida","description":"COMLL","potentialAction":[{"@type":"SearchAction","target":{"@type":"EntryPoint","urlTemplate":"https:\/\/www.comll.cat\/es\/?s={search_term_string}"},"query-input":{"@type":"PropertyValueSpecification","valueRequired":true,"valueName":"search_term_string"}}],"inLanguage":"es"}]}},"publishpress_future_workflow_manual_trigger":{"enabledWorkflows":[]},"_links":{"self":[{"href":"https:\/\/www.comll.cat\/es\/wp-json\/wp\/v2\/tribe_events\/11099","targetHints":{"allow":["GET"]}}],"collection":[{"href":"https:\/\/www.comll.cat\/es\/wp-json\/wp\/v2\/tribe_events"}],"about":[{"href":"https:\/\/www.comll.cat\/es\/wp-json\/wp\/v2\/types\/tribe_events"}],"author":[{"embeddable":true,"href":"https:\/\/www.comll.cat\/es\/wp-json\/wp\/v2\/users\/4"}],"version-history":[{"count":2,"href":"https:\/\/www.comll.cat\/es\/wp-json\/wp\/v2\/tribe_events\/11099\/revisions"}],"predecessor-version":[{"id":11119,"href":"https:\/\/www.comll.cat\/es\/wp-json\/wp\/v2\/tribe_events\/11099\/revisions\/11119"}],"wp:featuredmedia":[{"embeddable":true,"href":"https:\/\/www.comll.cat\/es\/wp-json\/wp\/v2\/media\/11100"}],"wp:attachment":[{"href":"https:\/\/www.comll.cat\/es\/wp-json\/wp\/v2\/media?parent=11099"}],"wp:term":[{"taxonomy":"post_tag","embeddable":true,"href":"https:\/\/www.comll.cat\/es\/wp-json\/wp\/v2\/tags?post=11099"},{"taxonomy":"tribe_events_cat","embeddable":true,"href":"https:\/\/www.comll.cat\/es\/wp-json\/wp\/v2\/tribe_events_cat?post=11099"}],"curies":[{"name":"wp","href":"https:\/\/api.w.org\/{rel}","templated":true}]}}

<p><em>El Dr. Sachs, médico rural, escucha a sus pacientes y ahí radica en gran medida su eficacia terapéutica. </em>Director: Michel Deville, França, 1999, 1h 47 min</p>
<p>Presentación y comentarios: Juan Ferrer, crítico cinematográfico</p>
<p>Sala de formación del COMLL, 18 horas. Actividad coordinada por la Sección de Médicos Seniors.</p>
<p>Se recomienda inscribirse en esta actividad.</p>
<p><a href="https://forms.gle/GW2yTC7CxfY2ikwg7">⊕ Inscripciones</a></p>
<p>&nbsp;</p>
<p>&nbsp;</p>

<p>El Dr. Sachs, médico rural, escucha a sus pacientes y ahí radica en gran medida su eficacia terapéutica. Director: Michel...</p>

<!-- This site is optimized with the Yoast SEO plugin v27.5 - https://yoast.com/product/yoast-seo-wordpress/ -->
<title>Ciclo Cine y Medicina, otra mirada: Las confesiones del Dr. Sachs - Col·legi Oficial de Metges de Lleida</title>
<meta name="robots" content="index, follow, max-snippet:-1, max-image-preview:large, max-video-preview:-1" />
<link rel="canonical" href="https://www.comll.cat/es/agenda/cicle-cinema-i-medicina-las-confesiones-del-dr-sachs/" />
<meta property="og:locale" content="es_ES" />
<meta property="og:type" content="article" />
<meta property="og:title" content="Ciclo Cine y Medicina, otra mirada: Las confesiones del Dr. Sachs - Col·legi Oficial de Metges de Lleida" />
<meta property="og:description" content="El Dr. Sachs, médico rural, escucha a sus pacientes y ahí radica en gran medida su eficacia terapéutica. Director: Michel..." />
<meta property="og:url" content="https://www.comll.cat/es/agenda/cicle-cinema-i-medicina-las-confesiones-del-dr-sachs/" />
<meta property="og:site_name" content="Col·legi Oficial de Metges de Lleida" />
<meta property="article:modified_time" content="2025-01-29T11:49:52+00:00" />
<meta property="og:image" content="https://www.comll.cat/es/wp-content/uploads/sites/3/dr-sachs.jpg" />
	<meta property="og:image:width" content="516" />
	<meta property="og:image:height" content="249" />
	<meta property="og:image:type" content="image/jpeg" />
<meta name="twitter:card" content="summary_large_image" />
<script type="application/ld+json" class="yoast-schema-graph">{"@context":"https:\/\/schema.org","@graph":[{"@type":"WebPage","@id":"https:\/\/www.comll.cat\/es\/agenda\/cicle-cinema-i-medicina-las-confesiones-del-dr-sachs\/","url":"https:\/\/www.comll.cat\/es\/agenda\/cicle-cinema-i-medicina-las-confesiones-del-dr-sachs\/","name":"Ciclo Cine y Medicina, otra mirada: Las confesiones del Dr. Sachs - Col·legi Oficial de Metges de Lleida","isPartOf":{"@id":"https:\/\/www.comll.cat\/es\/#website"},"primaryImageOfPage":{"@id":"https:\/\/www.comll.cat\/es\/agenda\/cicle-cinema-i-medicina-las-confesiones-del-dr-sachs\/#primaryimage"},"image":{"@id":"https:\/\/www.comll.cat\/es\/agenda\/cicle-cinema-i-medicina-las-confesiones-del-dr-sachs\/#primaryimage"},"thumbnailUrl":"https:\/\/www.comll.cat\/es\/wp-content\/uploads\/sites\/3\/dr-sachs.jpg","datePublished":"2025-01-28T09:13:09+00:00","dateModified":"2025-01-29T11:49:52+00:00","breadcrumb":{"@id":"https:\/\/www.comll.cat\/es\/agenda\/cicle-cinema-i-medicina-las-confesiones-del-dr-sachs\/#breadcrumb"},"inLanguage":"es","potentialAction":[{"@type":"ReadAction","target":["https:\/\/www.comll.cat\/es\/agenda\/cicle-cinema-i-medicina-las-confesiones-del-dr-sachs\/"]}]},{"@type":"ImageObject","inLanguage":"es","@id":"https:\/\/www.comll.cat\/es\/agenda\/cicle-cinema-i-medicina-las-confesiones-del-dr-sachs\/#primaryimage","url":"https:\/\/www.comll.cat\/es\/wp-content\/uploads\/sites\/3\/dr-sachs.jpg","contentUrl":"https:\/\/www.comll.cat\/es\/wp-content\/uploads\/sites\/3\/dr-sachs.jpg","width":516,"height":249,"caption":"1999 - Las confesiones del Dr. Sachs - La Maladie De Sachs - tt0210167-001-167777-81171-Español"},{"@type":"BreadcrumbList","@id":"https:\/\/www.comll.cat\/es\/agenda\/cicle-cinema-i-medicina-las-confesiones-del-dr-sachs\/#breadcrumb","itemListElement":[{"@type":"ListItem","position":1,"name":"Portada","item":"https:\/\/www.comll.cat\/es\/"},{"@type":"ListItem","position":2,"name":"Eventos","item":"https:\/\/www.comll.cat\/es\/agenda-c\/"},{"@type":"ListItem","position":3,"name":"Ciclo Cine y Medicina, otra mirada: Las confesiones del Dr. Sachs"}]},{"@type":"WebSite","@id":"https:\/\/www.comll.cat\/es\/#website","url":"https:\/\/www.comll.cat\/es\/","name":"Col·legi Oficial de Metges de Lleida","description":"COMLL","potentialAction":[{"@type":"SearchAction","target":{"@type":"EntryPoint","urlTemplate":"https:\/\/www.comll.cat\/es\/?s={search_term_string}"},"query-input":{"@type":"PropertyValueSpecification","valueRequired":true,"valueName":"search_term_string"}}],"inLanguage":"es"}]}</script>
<!-- / Yoast SEO plugin. -->

El Dr. Sachs, médico rural, escucha a sus pacientes y ahí radica en gran medida su eficacia terapéutica. Director: Michel...

1999 - Las confesiones del Dr. Sachs - La Maladie De Sachs - tt0210167-001-167777-81171-Español
