{"id":10796,"date":"2025-01-02T10:39:11","date_gmt":"2025-01-02T09:39:11","guid":{"rendered":"https:\/\/www.comll.cat\/es\/?post_type=tribe_events&#038;p=10796"},"modified":"2025-01-13T13:50:42","modified_gmt":"2025-01-13T12:50:42","slug":"conferencia-escriptores-catalanes-als-camps-nazis","status":"publish","type":"tribe_events","link":"https:\/\/www.comll.cat\/es\/agenda\/conferencia-escriptores-catalanes-als-camps-nazis\/","title":{"rendered":"Conferencia ESCRITORAS CATALANAS EN LOS CAMPOS NAZIS"},"content":{"rendered":"<p>Organizada por la secci\u00f3n de M\u00e9dicos S\u00e9niors.<\/p>\n<p>Ponente: Ana M. Mart\u00ed<\/p>\n<p>&nbsp;<\/p>\n<h3>\u2295 <a href=\"https:\/\/forms.gle\/sa1Qx57qccsoUwKs7\">Inscripciones<\/a><\/h3>\n","protected":false},"excerpt":{"rendered":"<p>Organizada por la secci\u00f3n de M\u00e9dicos S\u00e9niors. Ponente: Ana M. Mart\u00ed &nbsp; \u2295 Inscripciones<\/p>\n","protected":false},"author":4,"featured_media":10797,"template":"","meta":{"_acf_changed":false,"inline_featured_image":false,"_tribe_events_status":"","_tribe_events_status_reason":"","_tribe_events_is_hybrid":"","_tribe_events_is_virtual":"","_tribe_events_virtual_video_source":"","_tribe_events_virtual_embed_video":"","_tribe_events_virtual_linked_button_text":"","_tribe_events_virtual_linked_button":"","_tribe_events_virtual_show_embed_at":"","_tribe_events_virtual_show_embed_to":[],"_tribe_events_virtual_show_on_event":"","_tribe_events_virtual_show_on_views":"","_tribe_events_virtual_url":"","footnotes":""},"tags":[],"tribe_events_cat":[152],"class_list":["post-10796","tribe_events","type-tribe_events","status-publish","has-post-thumbnail","hentry","tribe_events_cat-destacado","cat_destacado"],"acf":[],"yoast_head":"<!-- This site is optimized with the Yoast SEO plugin v27.5 - https:\/\/yoast.com\/product\/yoast-seo-wordpress\/ -->\n<title>Conferencia ESCRITORAS CATALANAS EN LOS CAMPOS NAZIS - Col\u00b7legi Oficial de Metges de Lleida<\/title>\n<meta name=\"robots\" content=\"index, follow, max-snippet:-1, max-image-preview:large, max-video-preview:-1\" \/>\n<link rel=\"canonical\" href=\"https:\/\/www.comll.cat\/es\/agenda\/conferencia-escriptores-catalanes-als-camps-nazis\/\" \/>\n<meta property=\"og:locale\" content=\"es_ES\" \/>\n<meta property=\"og:type\" content=\"article\" \/>\n<meta property=\"og:title\" content=\"Conferencia ESCRITORAS CATALANAS EN LOS CAMPOS NAZIS - Col\u00b7legi Oficial de Metges de Lleida\" \/>\n<meta property=\"og:description\" content=\"Organizada por la secci\u00f3n de M\u00e9dicos S\u00e9niors. Ponente: Ana M. Mart\u00ed &nbsp; \u2295 Inscripciones\" \/>\n<meta property=\"og:url\" content=\"https:\/\/www.comll.cat\/es\/agenda\/conferencia-escriptores-catalanes-als-camps-nazis\/\" \/>\n<meta property=\"og:site_name\" content=\"Col\u00b7legi Oficial de Metges de Lleida\" \/>\n<meta property=\"article:modified_time\" content=\"2025-01-13T12:50:42+00:00\" \/>\n<meta property=\"og:image\" content=\"https:\/\/www.comll.cat\/es\/wp-content\/uploads\/sites\/3\/escriptores-camps-nazis.png\" \/>\n\t<meta property=\"og:image:width\" content=\"864\" \/>\n\t<meta property=\"og:image:height\" content=\"486\" \/>\n\t<meta property=\"og:image:type\" content=\"image\/png\" \/>\n<meta name=\"twitter:card\" content=\"summary_large_image\" \/>\n<script type=\"application\/ld+json\" class=\"yoast-schema-graph\">{\"@context\":\"https:\\\/\\\/schema.org\",\"@graph\":[{\"@type\":\"WebPage\",\"@id\":\"https:\\\/\\\/www.comll.cat\\\/es\\\/agenda\\\/conferencia-escriptores-catalanes-als-camps-nazis\\\/\",\"url\":\"https:\\\/\\\/www.comll.cat\\\/es\\\/agenda\\\/conferencia-escriptores-catalanes-als-camps-nazis\\\/\",\"name\":\"Conferencia ESCRITORAS CATALANAS EN LOS CAMPOS NAZIS - Col\u00b7legi Oficial de Metges de Lleida\",\"isPartOf\":{\"@id\":\"https:\\\/\\\/www.comll.cat\\\/es\\\/#website\"},\"primaryImageOfPage\":{\"@id\":\"https:\\\/\\\/www.comll.cat\\\/es\\\/agenda\\\/conferencia-escriptores-catalanes-als-camps-nazis\\\/#primaryimage\"},\"image\":{\"@id\":\"https:\\\/\\\/www.comll.cat\\\/es\\\/agenda\\\/conferencia-escriptores-catalanes-als-camps-nazis\\\/#primaryimage\"},\"thumbnailUrl\":\"https:\\\/\\\/www.comll.cat\\\/es\\\/wp-content\\\/uploads\\\/sites\\\/3\\\/escriptores-camps-nazis.png\",\"datePublished\":\"2025-01-02T09:39:11+00:00\",\"dateModified\":\"2025-01-13T12:50:42+00:00\",\"breadcrumb\":{\"@id\":\"https:\\\/\\\/www.comll.cat\\\/es\\\/agenda\\\/conferencia-escriptores-catalanes-als-camps-nazis\\\/#breadcrumb\"},\"inLanguage\":\"es\",\"potentialAction\":[{\"@type\":\"ReadAction\",\"target\":[\"https:\\\/\\\/www.comll.cat\\\/es\\\/agenda\\\/conferencia-escriptores-catalanes-als-camps-nazis\\\/\"]}]},{\"@type\":\"ImageObject\",\"inLanguage\":\"es\",\"@id\":\"https:\\\/\\\/www.comll.cat\\\/es\\\/agenda\\\/conferencia-escriptores-catalanes-als-camps-nazis\\\/#primaryimage\",\"url\":\"https:\\\/\\\/www.comll.cat\\\/es\\\/wp-content\\\/uploads\\\/sites\\\/3\\\/escriptores-camps-nazis.png\",\"contentUrl\":\"https:\\\/\\\/www.comll.cat\\\/es\\\/wp-content\\\/uploads\\\/sites\\\/3\\\/escriptores-camps-nazis.png\",\"width\":864,\"height\":486},{\"@type\":\"BreadcrumbList\",\"@id\":\"https:\\\/\\\/www.comll.cat\\\/es\\\/agenda\\\/conferencia-escriptores-catalanes-als-camps-nazis\\\/#breadcrumb\",\"itemListElement\":[{\"@type\":\"ListItem\",\"position\":1,\"name\":\"Portada\",\"item\":\"https:\\\/\\\/www.comll.cat\\\/es\\\/\"},{\"@type\":\"ListItem\",\"position\":2,\"name\":\"Eventos\",\"item\":\"https:\\\/\\\/www.comll.cat\\\/es\\\/agenda-c\\\/\"},{\"@type\":\"ListItem\",\"position\":3,\"name\":\"Conferencia ESCRITORAS CATALANAS EN LOS CAMPOS NAZIS\"}]},{\"@type\":\"WebSite\",\"@id\":\"https:\\\/\\\/www.comll.cat\\\/es\\\/#website\",\"url\":\"https:\\\/\\\/www.comll.cat\\\/es\\\/\",\"name\":\"Col\u00b7legi Oficial de Metges de Lleida\",\"description\":\"COMLL\",\"potentialAction\":[{\"@type\":\"SearchAction\",\"target\":{\"@type\":\"EntryPoint\",\"urlTemplate\":\"https:\\\/\\\/www.comll.cat\\\/es\\\/?s={search_term_string}\"},\"query-input\":{\"@type\":\"PropertyValueSpecification\",\"valueRequired\":true,\"valueName\":\"search_term_string\"}}],\"inLanguage\":\"es\"}]}<\/script>\n<!-- \/ Yoast SEO plugin. -->","yoast_head_json":{"title":"Conferencia ESCRITORAS CATALANAS EN LOS CAMPOS NAZIS - Col\u00b7legi Oficial de Metges de Lleida","robots":{"index":"index","follow":"follow","max-snippet":"max-snippet:-1","max-image-preview":"max-image-preview:large","max-video-preview":"max-video-preview:-1"},"canonical":"https:\/\/www.comll.cat\/es\/agenda\/conferencia-escriptores-catalanes-als-camps-nazis\/","og_locale":"es_ES","og_type":"article","og_title":"Conferencia ESCRITORAS CATALANAS EN LOS CAMPOS NAZIS - Col\u00b7legi Oficial de Metges de Lleida","og_description":"Organizada por la secci\u00f3n de M\u00e9dicos S\u00e9niors. Ponente: Ana M. Mart\u00ed &nbsp; \u2295 Inscripciones","og_url":"https:\/\/www.comll.cat\/es\/agenda\/conferencia-escriptores-catalanes-als-camps-nazis\/","og_site_name":"Col\u00b7legi Oficial de Metges de Lleida","article_modified_time":"2025-01-13T12:50:42+00:00","og_image":[{"width":864,"height":486,"url":"https:\/\/www.comll.cat\/es\/wp-content\/uploads\/sites\/3\/escriptores-camps-nazis.png","type":"image\/png"}],"twitter_card":"summary_large_image","schema":{"@context":"https:\/\/schema.org","@graph":[{"@type":"WebPage","@id":"https:\/\/www.comll.cat\/es\/agenda\/conferencia-escriptores-catalanes-als-camps-nazis\/","url":"https:\/\/www.comll.cat\/es\/agenda\/conferencia-escriptores-catalanes-als-camps-nazis\/","name":"Conferencia ESCRITORAS CATALANAS EN LOS CAMPOS NAZIS - Col\u00b7legi Oficial de Metges de Lleida","isPartOf":{"@id":"https:\/\/www.comll.cat\/es\/#website"},"primaryImageOfPage":{"@id":"https:\/\/www.comll.cat\/es\/agenda\/conferencia-escriptores-catalanes-als-camps-nazis\/#primaryimage"},"image":{"@id":"https:\/\/www.comll.cat\/es\/agenda\/conferencia-escriptores-catalanes-als-camps-nazis\/#primaryimage"},"thumbnailUrl":"https:\/\/www.comll.cat\/es\/wp-content\/uploads\/sites\/3\/escriptores-camps-nazis.png","datePublished":"2025-01-02T09:39:11+00:00","dateModified":"2025-01-13T12:50:42+00:00","breadcrumb":{"@id":"https:\/\/www.comll.cat\/es\/agenda\/conferencia-escriptores-catalanes-als-camps-nazis\/#breadcrumb"},"inLanguage":"es","potentialAction":[{"@type":"ReadAction","target":["https:\/\/www.comll.cat\/es\/agenda\/conferencia-escriptores-catalanes-als-camps-nazis\/"]}]},{"@type":"ImageObject","inLanguage":"es","@id":"https:\/\/www.comll.cat\/es\/agenda\/conferencia-escriptores-catalanes-als-camps-nazis\/#primaryimage","url":"https:\/\/www.comll.cat\/es\/wp-content\/uploads\/sites\/3\/escriptores-camps-nazis.png","contentUrl":"https:\/\/www.comll.cat\/es\/wp-content\/uploads\/sites\/3\/escriptores-camps-nazis.png","width":864,"height":486},{"@type":"BreadcrumbList","@id":"https:\/\/www.comll.cat\/es\/agenda\/conferencia-escriptores-catalanes-als-camps-nazis\/#breadcrumb","itemListElement":[{"@type":"ListItem","position":1,"name":"Portada","item":"https:\/\/www.comll.cat\/es\/"},{"@type":"ListItem","position":2,"name":"Eventos","item":"https:\/\/www.comll.cat\/es\/agenda-c\/"},{"@type":"ListItem","position":3,"name":"Conferencia ESCRITORAS CATALANAS EN LOS CAMPOS NAZIS"}]},{"@type":"WebSite","@id":"https:\/\/www.comll.cat\/es\/#website","url":"https:\/\/www.comll.cat\/es\/","name":"Col\u00b7legi Oficial de Metges de Lleida","description":"COMLL","potentialAction":[{"@type":"SearchAction","target":{"@type":"EntryPoint","urlTemplate":"https:\/\/www.comll.cat\/es\/?s={search_term_string}"},"query-input":{"@type":"PropertyValueSpecification","valueRequired":true,"valueName":"search_term_string"}}],"inLanguage":"es"}]}},"publishpress_future_workflow_manual_trigger":{"enabledWorkflows":[]},"_links":{"self":[{"href":"https:\/\/www.comll.cat\/es\/wp-json\/wp\/v2\/tribe_events\/10796","targetHints":{"allow":["GET"]}}],"collection":[{"href":"https:\/\/www.comll.cat\/es\/wp-json\/wp\/v2\/tribe_events"}],"about":[{"href":"https:\/\/www.comll.cat\/es\/wp-json\/wp\/v2\/types\/tribe_events"}],"author":[{"embeddable":true,"href":"https:\/\/www.comll.cat\/es\/wp-json\/wp\/v2\/users\/4"}],"version-history":[{"count":3,"href":"https:\/\/www.comll.cat\/es\/wp-json\/wp\/v2\/tribe_events\/10796\/revisions"}],"predecessor-version":[{"id":10806,"href":"https:\/\/www.comll.cat\/es\/wp-json\/wp\/v2\/tribe_events\/10796\/revisions\/10806"}],"wp:featuredmedia":[{"embeddable":true,"href":"https:\/\/www.comll.cat\/es\/wp-json\/wp\/v2\/media\/10797"}],"wp:attachment":[{"href":"https:\/\/www.comll.cat\/es\/wp-json\/wp\/v2\/media?parent=10796"}],"wp:term":[{"taxonomy":"post_tag","embeddable":true,"href":"https:\/\/www.comll.cat\/es\/wp-json\/wp\/v2\/tags?post=10796"},{"taxonomy":"tribe_events_cat","embeddable":true,"href":"https:\/\/www.comll.cat\/es\/wp-json\/wp\/v2\/tribe_events_cat?post=10796"}],"curies":[{"name":"wp","href":"https:\/\/api.w.org\/{rel}","templated":true}]}}

<p>Organizada por la sección de Médicos Séniors.</p>
<p>Ponente: Ana M. Martí</p>
<p>&nbsp;</p>
<h3>⊕ <a href="https://forms.gle/sa1Qx57qccsoUwKs7">Inscripciones</a></h3>

<p>Organizada por la sección de Médicos Séniors. Ponente: Ana M. Martí &nbsp; ⊕ Inscripciones</p>

<!-- This site is optimized with the Yoast SEO plugin v27.5 - https://yoast.com/product/yoast-seo-wordpress/ -->
<title>Conferencia ESCRITORAS CATALANAS EN LOS CAMPOS NAZIS - Col·legi Oficial de Metges de Lleida</title>
<meta name="robots" content="index, follow, max-snippet:-1, max-image-preview:large, max-video-preview:-1" />
<link rel="canonical" href="https://www.comll.cat/es/agenda/conferencia-escriptores-catalanes-als-camps-nazis/" />
<meta property="og:locale" content="es_ES" />
<meta property="og:type" content="article" />
<meta property="og:title" content="Conferencia ESCRITORAS CATALANAS EN LOS CAMPOS NAZIS - Col·legi Oficial de Metges de Lleida" />
<meta property="og:description" content="Organizada por la sección de Médicos Séniors. Ponente: Ana M. Martí &nbsp; ⊕ Inscripciones" />
<meta property="og:url" content="https://www.comll.cat/es/agenda/conferencia-escriptores-catalanes-als-camps-nazis/" />
<meta property="og:site_name" content="Col·legi Oficial de Metges de Lleida" />
<meta property="article:modified_time" content="2025-01-13T12:50:42+00:00" />
<meta property="og:image" content="https://www.comll.cat/es/wp-content/uploads/sites/3/escriptores-camps-nazis.png" />
	<meta property="og:image:width" content="864" />
	<meta property="og:image:height" content="486" />
	<meta property="og:image:type" content="image/png" />
<meta name="twitter:card" content="summary_large_image" />
<script type="application/ld+json" class="yoast-schema-graph">{"@context":"https:\/\/schema.org","@graph":[{"@type":"WebPage","@id":"https:\/\/www.comll.cat\/es\/agenda\/conferencia-escriptores-catalanes-als-camps-nazis\/","url":"https:\/\/www.comll.cat\/es\/agenda\/conferencia-escriptores-catalanes-als-camps-nazis\/","name":"Conferencia ESCRITORAS CATALANAS EN LOS CAMPOS NAZIS - Col·legi Oficial de Metges de Lleida","isPartOf":{"@id":"https:\/\/www.comll.cat\/es\/#website"},"primaryImageOfPage":{"@id":"https:\/\/www.comll.cat\/es\/agenda\/conferencia-escriptores-catalanes-als-camps-nazis\/#primaryimage"},"image":{"@id":"https:\/\/www.comll.cat\/es\/agenda\/conferencia-escriptores-catalanes-als-camps-nazis\/#primaryimage"},"thumbnailUrl":"https:\/\/www.comll.cat\/es\/wp-content\/uploads\/sites\/3\/escriptores-camps-nazis.png","datePublished":"2025-01-02T09:39:11+00:00","dateModified":"2025-01-13T12:50:42+00:00","breadcrumb":{"@id":"https:\/\/www.comll.cat\/es\/agenda\/conferencia-escriptores-catalanes-als-camps-nazis\/#breadcrumb"},"inLanguage":"es","potentialAction":[{"@type":"ReadAction","target":["https:\/\/www.comll.cat\/es\/agenda\/conferencia-escriptores-catalanes-als-camps-nazis\/"]}]},{"@type":"ImageObject","inLanguage":"es","@id":"https:\/\/www.comll.cat\/es\/agenda\/conferencia-escriptores-catalanes-als-camps-nazis\/#primaryimage","url":"https:\/\/www.comll.cat\/es\/wp-content\/uploads\/sites\/3\/escriptores-camps-nazis.png","contentUrl":"https:\/\/www.comll.cat\/es\/wp-content\/uploads\/sites\/3\/escriptores-camps-nazis.png","width":864,"height":486},{"@type":"BreadcrumbList","@id":"https:\/\/www.comll.cat\/es\/agenda\/conferencia-escriptores-catalanes-als-camps-nazis\/#breadcrumb","itemListElement":[{"@type":"ListItem","position":1,"name":"Portada","item":"https:\/\/www.comll.cat\/es\/"},{"@type":"ListItem","position":2,"name":"Eventos","item":"https:\/\/www.comll.cat\/es\/agenda-c\/"},{"@type":"ListItem","position":3,"name":"Conferencia ESCRITORAS CATALANAS EN LOS CAMPOS NAZIS"}]},{"@type":"WebSite","@id":"https:\/\/www.comll.cat\/es\/#website","url":"https:\/\/www.comll.cat\/es\/","name":"Col·legi Oficial de Metges de Lleida","description":"COMLL","potentialAction":[{"@type":"SearchAction","target":{"@type":"EntryPoint","urlTemplate":"https:\/\/www.comll.cat\/es\/?s={search_term_string}"},"query-input":{"@type":"PropertyValueSpecification","valueRequired":true,"valueName":"search_term_string"}}],"inLanguage":"es"}]}</script>
<!-- / Yoast SEO plugin. -->

Organizada por la sección de Médicos Séniors. Ponente: Ana M. Martí &nbsp; ⊕ Inscripciones
