{"id":10795,"date":"2025-01-02T10:20:36","date_gmt":"2025-01-02T09:20:36","guid":{"rendered":"https:\/\/www.comll.cat\/es\/?post_type=tribe_events&#038;p=10795"},"modified":"2025-02-20T13:53:27","modified_gmt":"2025-02-20T12:53:27","slug":"art-i-salut","status":"publish","type":"tribe_events","link":"https:\/\/www.comll.cat\/es\/agenda\/art-i-salut\/","title":{"rendered":"ARTES en SALUD"},"content":{"rendered":"<p>Les invitamos a conocer proyectos innovadores en el \u00e1mbito de las Artes en Salud el pr\u00f3ximo d\u00eda 20 de febrero a las 18 horas en el sal\u00f3n de actos de la sede colegial, con la intervenci\u00f3n de:<\/p>\n<ul>\n<li>Dr. Josep Maria Argimon, doctor en medicina y ex consejero de Salud de la Generalitat de Catalunya<\/li>\n<li>Dr. Mois\u00e9s Mira, jefe del Servicio de Oncolog\u00eda Radioter\u00e1pica del Hospital Universitario Arnau de Vilanova de Lleida.<\/li>\n<li>Sr. Guillem de Efak, Licenciado en Humanidades y m\u00e1ster en Historia por la Universitat Pompeu Fabra (UPF). Responsable de Acci\u00f3n Comunitaria, Programas P\u00fablicos y Comunicaci\u00f3n del Museo Nacional de Arte de Catalunya (MNAC).<\/li>\n<li>Sra. Roser Sanjuan, Historiadora del arte por la Universitat de Lleida (UdL), M\u00e1ster en gesti\u00f3n cultural y Posgrado Arte Actual por la UB. Responsable de Programas P\u00fablicos del Centro de Arte la Panera (Lleida).<\/li>\n<\/ul>\n<p>La Organizaci\u00f3n Mundial de la Salud (OMS) define la Salud como el estado de completo bienestar f\u00edsico, mental y social, y no solo la ausencia de afecciones o enfermedades. Esta visi\u00f3n hol\u00edstica entiende la salud en t\u00e9rminos de una combinaci\u00f3n de factores biol\u00f3gicos, psicol\u00f3gicos y sociales, que tienen un rol significativo de la actividad humana en un contexto de enfermedad o discapacidad. Las Artes en Salud integran la creatividad y la expresi\u00f3n art\u00edstica como herramientas poderosas para promover el bienestar emocional, f\u00edsico y mental, favoreciendo la salud y el equilibrio integral de las personas.<\/p>\n<p>PROGRAMA<\/p>\n<p>\u2022 17:45 Presentaci\u00f3n de la obra \"Breve diccionario de M\u00cd c\u00e1ncer\", de la artista Josune Urrutia Asua<br \/>\n\u2022 18:00 INICIO DE LA CONFERENCIA<br \/>\no 18:00 h Bienvenida por parte Dr. Ramon Mur, presidente del COMLL.<br \/>\no 18:10h Presentaci\u00f3n y moderaci\u00f3n asistentes, Dra. Puig, presidenta de la Secci\u00f3n de M\u00e9dicos S\u00e9niors del COMLL<br \/>\no 18:15 \u2013 18:35 h: Dr. Argimon. Introducci\u00f3n desde un marco general como la medicina puede encontrar puntos de colaboraci\u00f3n en la cultura en todas sus manifestaciones (artes visuales, artes vivas, literatura, cine, teatro..) en la comunicaci\u00f3n del paciente, en la visibilizaci\u00f3n hacia el resto de la comunidad sanitaria y fuera de esta de la enfermedad, a la vez de buscar v\u00edas de autorepresentaci\u00f3n, o cualquier otro motivo que pueda ser beneficioso por el paciente, su familia o la comunidad en general.<br \/>\no 18:35 \u2013 18:55 h: Sr. Guillem de Efak. Como desarrollar estrategias desde el \u00e1mbito sanitario en proyectos entre la salud y las artes. Aprendizajes de casos pr\u00e1cticos.<br \/>\no 19:00 - 19:40 Dr. Mois\u00e9s Mira y Sra. Roser Sanjuan. Aprendizajes de Radiaci\u00f3n+++ por parte de los agentes sanitarios y culturales que participaron.<br \/>\no 19:40 \u2013 20:00 h: Mesa redonda con todos los ponentes<\/p>\n<p>&nbsp;<\/p>\n","protected":false},"excerpt":{"rendered":"<p>Les invitamos a conocer proyectos innovadores en el \u00e1mbito de las Artes en Salud el pr\u00f3ximo d\u00eda 20 de febrero...<\/p>\n","protected":false},"author":4,"featured_media":11066,"template":"","meta":{"_acf_changed":false,"inline_featured_image":false,"_tribe_events_status":"","_tribe_events_status_reason":"","_tribe_events_is_hybrid":"","_tribe_events_is_virtual":"","_tribe_events_virtual_video_source":"","_tribe_events_virtual_embed_video":"","_tribe_events_virtual_linked_button_text":"","_tribe_events_virtual_linked_button":"","_tribe_events_virtual_show_embed_at":"","_tribe_events_virtual_show_embed_to":[],"_tribe_events_virtual_show_on_event":"","_tribe_events_virtual_show_on_views":"","_tribe_events_virtual_url":"","footnotes":""},"tags":[],"tribe_events_cat":[152],"class_list":["post-10795","tribe_events","type-tribe_events","status-publish","has-post-thumbnail","hentry","tribe_events_cat-destacado","cat_destacado"],"acf":[],"yoast_head":"<!-- This site is optimized with the Yoast SEO plugin v27.5 - https:\/\/yoast.com\/product\/yoast-seo-wordpress\/ -->\n<title>ARTES en SALUD - Col\u00b7legi Oficial de Metges de Lleida<\/title>\n<meta name=\"robots\" content=\"index, follow, max-snippet:-1, max-image-preview:large, max-video-preview:-1\" \/>\n<link rel=\"canonical\" href=\"https:\/\/www.comll.cat\/es\/agenda\/art-i-salut\/\" \/>\n<meta property=\"og:locale\" content=\"es_ES\" \/>\n<meta property=\"og:type\" content=\"article\" \/>\n<meta property=\"og:title\" content=\"ARTES en SALUD - Col\u00b7legi Oficial de Metges de Lleida\" \/>\n<meta property=\"og:description\" content=\"Les invitamos a conocer proyectos innovadores en el \u00e1mbito de las Artes en Salud el pr\u00f3ximo d\u00eda 20 de febrero...\" \/>\n<meta property=\"og:url\" content=\"https:\/\/www.comll.cat\/es\/agenda\/art-i-salut\/\" \/>\n<meta property=\"og:site_name\" content=\"Col\u00b7legi Oficial de Metges de Lleida\" \/>\n<meta property=\"article:modified_time\" content=\"2025-02-20T12:53:27+00:00\" \/>\n<meta property=\"og:image\" content=\"https:\/\/www.comll.cat\/es\/wp-content\/uploads\/sites\/3\/arts-en-salut-web.png\" \/>\n\t<meta property=\"og:image:width\" content=\"880\" \/>\n\t<meta property=\"og:image:height\" content=\"495\" \/>\n\t<meta property=\"og:image:type\" content=\"image\/png\" \/>\n<meta name=\"twitter:card\" content=\"summary_large_image\" \/>\n<script type=\"application\/ld+json\" class=\"yoast-schema-graph\">{\"@context\":\"https:\\\/\\\/schema.org\",\"@graph\":[{\"@type\":\"WebPage\",\"@id\":\"https:\\\/\\\/www.comll.cat\\\/es\\\/agenda\\\/art-i-salut\\\/\",\"url\":\"https:\\\/\\\/www.comll.cat\\\/es\\\/agenda\\\/art-i-salut\\\/\",\"name\":\"ARTES en SALUD - Col\u00b7legi Oficial de Metges de Lleida\",\"isPartOf\":{\"@id\":\"https:\\\/\\\/www.comll.cat\\\/es\\\/#website\"},\"primaryImageOfPage\":{\"@id\":\"https:\\\/\\\/www.comll.cat\\\/es\\\/agenda\\\/art-i-salut\\\/#primaryimage\"},\"image\":{\"@id\":\"https:\\\/\\\/www.comll.cat\\\/es\\\/agenda\\\/art-i-salut\\\/#primaryimage\"},\"thumbnailUrl\":\"https:\\\/\\\/www.comll.cat\\\/es\\\/wp-content\\\/uploads\\\/sites\\\/3\\\/arts-en-salut-web.png\",\"datePublished\":\"2025-01-02T09:20:36+00:00\",\"dateModified\":\"2025-02-20T12:53:27+00:00\",\"breadcrumb\":{\"@id\":\"https:\\\/\\\/www.comll.cat\\\/es\\\/agenda\\\/art-i-salut\\\/#breadcrumb\"},\"inLanguage\":\"es\",\"potentialAction\":[{\"@type\":\"ReadAction\",\"target\":[\"https:\\\/\\\/www.comll.cat\\\/es\\\/agenda\\\/art-i-salut\\\/\"]}]},{\"@type\":\"ImageObject\",\"inLanguage\":\"es\",\"@id\":\"https:\\\/\\\/www.comll.cat\\\/es\\\/agenda\\\/art-i-salut\\\/#primaryimage\",\"url\":\"https:\\\/\\\/www.comll.cat\\\/es\\\/wp-content\\\/uploads\\\/sites\\\/3\\\/arts-en-salut-web.png\",\"contentUrl\":\"https:\\\/\\\/www.comll.cat\\\/es\\\/wp-content\\\/uploads\\\/sites\\\/3\\\/arts-en-salut-web.png\",\"width\":880,\"height\":495},{\"@type\":\"BreadcrumbList\",\"@id\":\"https:\\\/\\\/www.comll.cat\\\/es\\\/agenda\\\/art-i-salut\\\/#breadcrumb\",\"itemListElement\":[{\"@type\":\"ListItem\",\"position\":1,\"name\":\"Portada\",\"item\":\"https:\\\/\\\/www.comll.cat\\\/es\\\/\"},{\"@type\":\"ListItem\",\"position\":2,\"name\":\"Eventos\",\"item\":\"https:\\\/\\\/www.comll.cat\\\/es\\\/agenda-c\\\/\"},{\"@type\":\"ListItem\",\"position\":3,\"name\":\"ARTES en SALUD\"}]},{\"@type\":\"WebSite\",\"@id\":\"https:\\\/\\\/www.comll.cat\\\/es\\\/#website\",\"url\":\"https:\\\/\\\/www.comll.cat\\\/es\\\/\",\"name\":\"Col\u00b7legi Oficial de Metges de Lleida\",\"description\":\"COMLL\",\"potentialAction\":[{\"@type\":\"SearchAction\",\"target\":{\"@type\":\"EntryPoint\",\"urlTemplate\":\"https:\\\/\\\/www.comll.cat\\\/es\\\/?s={search_term_string}\"},\"query-input\":{\"@type\":\"PropertyValueSpecification\",\"valueRequired\":true,\"valueName\":\"search_term_string\"}}],\"inLanguage\":\"es\"}]}<\/script>\n<!-- \/ Yoast SEO plugin. -->","yoast_head_json":{"title":"ARTES en SALUD - Col\u00b7legi Oficial de Metges de Lleida","robots":{"index":"index","follow":"follow","max-snippet":"max-snippet:-1","max-image-preview":"max-image-preview:large","max-video-preview":"max-video-preview:-1"},"canonical":"https:\/\/www.comll.cat\/es\/agenda\/art-i-salut\/","og_locale":"es_ES","og_type":"article","og_title":"ARTES en SALUD - Col\u00b7legi Oficial de Metges de Lleida","og_description":"Les invitamos a conocer proyectos innovadores en el \u00e1mbito de las Artes en Salud el pr\u00f3ximo d\u00eda 20 de febrero...","og_url":"https:\/\/www.comll.cat\/es\/agenda\/art-i-salut\/","og_site_name":"Col\u00b7legi Oficial de Metges de Lleida","article_modified_time":"2025-02-20T12:53:27+00:00","og_image":[{"width":880,"height":495,"url":"https:\/\/www.comll.cat\/es\/wp-content\/uploads\/sites\/3\/arts-en-salut-web.png","type":"image\/png"}],"twitter_card":"summary_large_image","schema":{"@context":"https:\/\/schema.org","@graph":[{"@type":"WebPage","@id":"https:\/\/www.comll.cat\/es\/agenda\/art-i-salut\/","url":"https:\/\/www.comll.cat\/es\/agenda\/art-i-salut\/","name":"ARTES en SALUD - Col\u00b7legi Oficial de Metges de Lleida","isPartOf":{"@id":"https:\/\/www.comll.cat\/es\/#website"},"primaryImageOfPage":{"@id":"https:\/\/www.comll.cat\/es\/agenda\/art-i-salut\/#primaryimage"},"image":{"@id":"https:\/\/www.comll.cat\/es\/agenda\/art-i-salut\/#primaryimage"},"thumbnailUrl":"https:\/\/www.comll.cat\/es\/wp-content\/uploads\/sites\/3\/arts-en-salut-web.png","datePublished":"2025-01-02T09:20:36+00:00","dateModified":"2025-02-20T12:53:27+00:00","breadcrumb":{"@id":"https:\/\/www.comll.cat\/es\/agenda\/art-i-salut\/#breadcrumb"},"inLanguage":"es","potentialAction":[{"@type":"ReadAction","target":["https:\/\/www.comll.cat\/es\/agenda\/art-i-salut\/"]}]},{"@type":"ImageObject","inLanguage":"es","@id":"https:\/\/www.comll.cat\/es\/agenda\/art-i-salut\/#primaryimage","url":"https:\/\/www.comll.cat\/es\/wp-content\/uploads\/sites\/3\/arts-en-salut-web.png","contentUrl":"https:\/\/www.comll.cat\/es\/wp-content\/uploads\/sites\/3\/arts-en-salut-web.png","width":880,"height":495},{"@type":"BreadcrumbList","@id":"https:\/\/www.comll.cat\/es\/agenda\/art-i-salut\/#breadcrumb","itemListElement":[{"@type":"ListItem","position":1,"name":"Portada","item":"https:\/\/www.comll.cat\/es\/"},{"@type":"ListItem","position":2,"name":"Eventos","item":"https:\/\/www.comll.cat\/es\/agenda-c\/"},{"@type":"ListItem","position":3,"name":"ARTES en SALUD"}]},{"@type":"WebSite","@id":"https:\/\/www.comll.cat\/es\/#website","url":"https:\/\/www.comll.cat\/es\/","name":"Col\u00b7legi Oficial de Metges de Lleida","description":"COMLL","potentialAction":[{"@type":"SearchAction","target":{"@type":"EntryPoint","urlTemplate":"https:\/\/www.comll.cat\/es\/?s={search_term_string}"},"query-input":{"@type":"PropertyValueSpecification","valueRequired":true,"valueName":"search_term_string"}}],"inLanguage":"es"}]}},"publishpress_future_workflow_manual_trigger":{"enabledWorkflows":[]},"_links":{"self":[{"href":"https:\/\/www.comll.cat\/es\/wp-json\/wp\/v2\/tribe_events\/10795","targetHints":{"allow":["GET"]}}],"collection":[{"href":"https:\/\/www.comll.cat\/es\/wp-json\/wp\/v2\/tribe_events"}],"about":[{"href":"https:\/\/www.comll.cat\/es\/wp-json\/wp\/v2\/types\/tribe_events"}],"author":[{"embeddable":true,"href":"https:\/\/www.comll.cat\/es\/wp-json\/wp\/v2\/users\/4"}],"version-history":[{"count":5,"href":"https:\/\/www.comll.cat\/es\/wp-json\/wp\/v2\/tribe_events\/10795\/revisions"}],"predecessor-version":[{"id":11280,"href":"https:\/\/www.comll.cat\/es\/wp-json\/wp\/v2\/tribe_events\/10795\/revisions\/11280"}],"wp:featuredmedia":[{"embeddable":true,"href":"https:\/\/www.comll.cat\/es\/wp-json\/wp\/v2\/media\/11066"}],"wp:attachment":[{"href":"https:\/\/www.comll.cat\/es\/wp-json\/wp\/v2\/media?parent=10795"}],"wp:term":[{"taxonomy":"post_tag","embeddable":true,"href":"https:\/\/www.comll.cat\/es\/wp-json\/wp\/v2\/tags?post=10795"},{"taxonomy":"tribe_events_cat","embeddable":true,"href":"https:\/\/www.comll.cat\/es\/wp-json\/wp\/v2\/tribe_events_cat?post=10795"}],"curies":[{"name":"wp","href":"https:\/\/api.w.org\/{rel}","templated":true}]}}

<p>Les invitamos a conocer proyectos innovadores en el ámbito de las Artes en Salud el próximo día 20 de febrero a las 18 horas en el salón de actos de la sede colegial, con la intervención de:</p>
<ul>
<li>Dr. Josep Maria Argimon, doctor en medicina y ex consejero de Salud de la Generalitat de Catalunya</li>
<li>Dr. Moisés Mira, jefe del Servicio de Oncología Radioterápica del Hospital Universitario Arnau de Vilanova de Lleida.</li>
<li>Sr. Guillem de Efak, Licenciado en Humanidades y máster en Historia por la Universitat Pompeu Fabra (UPF). Responsable de Acción Comunitaria, Programas Públicos y Comunicación del Museo Nacional de Arte de Catalunya (MNAC).</li>
<li>Sra. Roser Sanjuan, Historiadora del arte por la Universitat de Lleida (UdL), Máster en gestión cultural y Posgrado Arte Actual por la UB. Responsable de Programas Públicos del Centro de Arte la Panera (Lleida).</li>
</ul>
<p>La Organización Mundial de la Salud (OMS) define la Salud como el estado de completo bienestar físico, mental y social, y no solo la ausencia de afecciones o enfermedades. Esta visión holística entiende la salud en términos de una combinación de factores biológicos, psicológicos y sociales, que tienen un rol significativo de la actividad humana en un contexto de enfermedad o discapacidad. Las Artes en Salud integran la creatividad y la expresión artística como herramientas poderosas para promover el bienestar emocional, físico y mental, favoreciendo la salud y el equilibrio integral de las personas.</p>
<p>PROGRAMA</p>
<p>• 17:45 Presentación de la obra "Breve diccionario de MÍ cáncer", de la artista Josune Urrutia Asua<br />
• 18:00 INICIO DE LA CONFERENCIA<br />
o 18:00 h Bienvenida por parte Dr. Ramon Mur, presidente del COMLL.<br />
o 18:10h Presentación y moderación asistentes, Dra. Puig, presidenta de la Sección de Médicos Séniors del COMLL<br />
o 18:15 – 18:35 h: Dr. Argimon. Introducción desde un marco general como la medicina puede encontrar puntos de colaboración en la cultura en todas sus manifestaciones (artes visuales, artes vivas, literatura, cine, teatro..) en la comunicación del paciente, en la visibilización hacia el resto de la comunidad sanitaria y fuera de esta de la enfermedad, a la vez de buscar vías de autorepresentación, o cualquier otro motivo que pueda ser beneficioso por el paciente, su familia o la comunidad en general.<br />
o 18:35 – 18:55 h: Sr. Guillem de Efak. Como desarrollar estrategias desde el ámbito sanitario en proyectos entre la salud y las artes. Aprendizajes de casos prácticos.<br />
o 19:00 - 19:40 Dr. Moisés Mira y Sra. Roser Sanjuan. Aprendizajes de Radiación+++ por parte de los agentes sanitarios y culturales que participaron.<br />
o 19:40 – 20:00 h: Mesa redonda con todos los ponentes</p>
<p>&nbsp;</p>

<p>Les invitamos a conocer proyectos innovadores en el ámbito de las Artes en Salud el próximo día 20 de febrero...</p>

<!-- This site is optimized with the Yoast SEO plugin v27.5 - https://yoast.com/product/yoast-seo-wordpress/ -->
<title>ARTES en SALUD - Col·legi Oficial de Metges de Lleida</title>
<meta name="robots" content="index, follow, max-snippet:-1, max-image-preview:large, max-video-preview:-1" />
<link rel="canonical" href="https://www.comll.cat/es/agenda/art-i-salut/" />
<meta property="og:locale" content="es_ES" />
<meta property="og:type" content="article" />
<meta property="og:title" content="ARTES en SALUD - Col·legi Oficial de Metges de Lleida" />
<meta property="og:description" content="Les invitamos a conocer proyectos innovadores en el ámbito de las Artes en Salud el próximo día 20 de febrero..." />
<meta property="og:url" content="https://www.comll.cat/es/agenda/art-i-salut/" />
<meta property="og:site_name" content="Col·legi Oficial de Metges de Lleida" />
<meta property="article:modified_time" content="2025-02-20T12:53:27+00:00" />
<meta property="og:image" content="https://www.comll.cat/es/wp-content/uploads/sites/3/arts-en-salut-web.png" />
	<meta property="og:image:width" content="880" />
	<meta property="og:image:height" content="495" />
	<meta property="og:image:type" content="image/png" />
<meta name="twitter:card" content="summary_large_image" />
<script type="application/ld+json" class="yoast-schema-graph">{"@context":"https:\/\/schema.org","@graph":[{"@type":"WebPage","@id":"https:\/\/www.comll.cat\/es\/agenda\/art-i-salut\/","url":"https:\/\/www.comll.cat\/es\/agenda\/art-i-salut\/","name":"ARTES en SALUD - Col·legi Oficial de Metges de Lleida","isPartOf":{"@id":"https:\/\/www.comll.cat\/es\/#website"},"primaryImageOfPage":{"@id":"https:\/\/www.comll.cat\/es\/agenda\/art-i-salut\/#primaryimage"},"image":{"@id":"https:\/\/www.comll.cat\/es\/agenda\/art-i-salut\/#primaryimage"},"thumbnailUrl":"https:\/\/www.comll.cat\/es\/wp-content\/uploads\/sites\/3\/arts-en-salut-web.png","datePublished":"2025-01-02T09:20:36+00:00","dateModified":"2025-02-20T12:53:27+00:00","breadcrumb":{"@id":"https:\/\/www.comll.cat\/es\/agenda\/art-i-salut\/#breadcrumb"},"inLanguage":"es","potentialAction":[{"@type":"ReadAction","target":["https:\/\/www.comll.cat\/es\/agenda\/art-i-salut\/"]}]},{"@type":"ImageObject","inLanguage":"es","@id":"https:\/\/www.comll.cat\/es\/agenda\/art-i-salut\/#primaryimage","url":"https:\/\/www.comll.cat\/es\/wp-content\/uploads\/sites\/3\/arts-en-salut-web.png","contentUrl":"https:\/\/www.comll.cat\/es\/wp-content\/uploads\/sites\/3\/arts-en-salut-web.png","width":880,"height":495},{"@type":"BreadcrumbList","@id":"https:\/\/www.comll.cat\/es\/agenda\/art-i-salut\/#breadcrumb","itemListElement":[{"@type":"ListItem","position":1,"name":"Portada","item":"https:\/\/www.comll.cat\/es\/"},{"@type":"ListItem","position":2,"name":"Eventos","item":"https:\/\/www.comll.cat\/es\/agenda-c\/"},{"@type":"ListItem","position":3,"name":"ARTES en SALUD"}]},{"@type":"WebSite","@id":"https:\/\/www.comll.cat\/es\/#website","url":"https:\/\/www.comll.cat\/es\/","name":"Col·legi Oficial de Metges de Lleida","description":"COMLL","potentialAction":[{"@type":"SearchAction","target":{"@type":"EntryPoint","urlTemplate":"https:\/\/www.comll.cat\/es\/?s={search_term_string}"},"query-input":{"@type":"PropertyValueSpecification","valueRequired":true,"valueName":"search_term_string"}}],"inLanguage":"es"}]}</script>
<!-- / Yoast SEO plugin. -->

Les invitamos a conocer proyectos innovadores en el ámbito de las Artes en Salud el próximo día 20 de febrero...
