{"id":10000277,"date":"2023-03-09T13:43:13","date_gmt":"2023-03-09T12:43:13","guid":{"rendered":"https:\/\/www.comll.cat\/es\/?post_type=tribe_events&#038;p=7094"},"modified":"2023-03-10T15:08:48","modified_gmt":"2023-03-10T14:08:48","slug":"curso-herramientas-basicas-en-informatica","status":"publish","type":"tribe_events","link":"https:\/\/www.comll.cat\/es\/agenda\/curso-herramientas-basicas-en-informatica\/2023-03-28\/","title":{"rendered":"CURSO Herramientas b\u00e1sicas en inform\u00e1tica"},"content":{"rendered":"<p>El curso se centrar\u00e1 tanto en dispositivos m\u00f3viles, tablets y ordenadores, y ser\u00e1 aplicable tanto al \u00e1mbito personal como laboral.<\/p>\n<p>Formaci\u00f3n dirigida exclusivamente a colegiados del COMLL. Puede consultar el programa <a href=\"https:\/\/www.comll.cat\/wp-content\/uploads\/dossier-formacio-tic.pdf\"><strong>aqu\u00ed.<\/strong><\/a><\/p>\n<p><strong>Modalidad Curso<\/strong>: Presencial<\/p>\n<p><strong>Duraci\u00f3n<\/strong>: 8 horas<\/p>\n<p><strong>Fechas<\/strong>: 20, 21, 27 y 28 de Marzo de 2023, de 16 a 18 horas<\/p>\n<p><strong>Plazas<\/strong>: m\u00ednimo 10 asistentes, m\u00e1ximo 15. El grupo podr\u00e0 ser de m\u00e1ximo 15 personas para que el docente pueda atender todas las necesidades con la m\u00e1xima eficiencia.<\/p>\n<p><strong>Precio matr\u00edcula<\/strong>: 30 \u20ac<\/p>\n<p><strong>Fecha l\u00edmite inscripci\u00f3n<\/strong>: 17\/03\/2023<\/p>\n<p><strong>Ubicaci\u00f3n<\/strong>: Sede del COMLL<\/p>\n<p>\u2295 <a href=\"https:\/\/lleida.gescol.org\/app\/inicio\/index.aspx\">Inscripci\u00f3n Colegiados<\/a>\u00a0 (Apartado Formaci\u00f3n de la Ventanilla \u00danica)<\/p>\n","protected":false},"excerpt":{"rendered":"<p>El curso se centrar\u00e1 tanto en dispositivos m\u00f3viles, tablets y ordenadores, y ser\u00e1 aplicable tanto al \u00e1mbito personal como laboral....<\/p>\n","protected":false},"author":4,"featured_media":7095,"template":"","meta":{"_acf_changed":false,"inline_featured_image":false,"_tribe_events_status":"","_tribe_events_status_reason":"","_tribe_events_is_hybrid":"","_tribe_events_is_virtual":"","_tribe_events_virtual_video_source":"","_tribe_events_virtual_embed_video":"","_tribe_events_virtual_linked_button_text":"","_tribe_events_virtual_linked_button":"","_tribe_events_virtual_show_embed_at":"","_tribe_events_virtual_show_embed_to":[],"_tribe_events_virtual_show_on_event":"","_tribe_events_virtual_show_on_views":"","_tribe_events_virtual_url":"","footnotes":""},"tags":[],"tribe_events_cat":[152,153],"class_list":["post-10000277","tribe_events","type-tribe_events","status-publish","has-post-thumbnail","hentry","tribe_events_cat-destacado","tribe_events_cat-formacion","cat_destacado","cat_formacion","tribe-recurring-event","tribe-recurring-event-parent"],"acf":[],"yoast_head":"<!-- This site is optimized with the Yoast SEO plugin v27.5 - https:\/\/yoast.com\/product\/yoast-seo-wordpress\/ -->\n<title>CURSO Herramientas b\u00e1sicas en inform\u00e1tica - Col\u00b7legi Oficial de Metges de Lleida<\/title>\n<meta name=\"robots\" content=\"index, follow, max-snippet:-1, max-image-preview:large, max-video-preview:-1\" \/>\n<link rel=\"canonical\" href=\"https:\/\/www.comll.cat\/es\/agenda\/curso-herramientas-basicas-en-informatica\/2023-03-28\/\" \/>\n<meta property=\"og:locale\" content=\"es_ES\" \/>\n<meta property=\"og:type\" content=\"article\" \/>\n<meta property=\"og:title\" content=\"CURSO Herramientas b\u00e1sicas en inform\u00e1tica - Col\u00b7legi Oficial de Metges de Lleida\" \/>\n<meta property=\"og:description\" content=\"El curso se centrar\u00e1 tanto en dispositivos m\u00f3viles, tablets y ordenadores, y ser\u00e1 aplicable tanto al \u00e1mbito personal como laboral....\" \/>\n<meta property=\"og:url\" content=\"https:\/\/www.comll.cat\/es\/agenda\/curso-herramientas-basicas-en-informatica\/2023-03-28\/\" \/>\n<meta property=\"og:site_name\" content=\"Col\u00b7legi Oficial de Metges de Lleida\" \/>\n<meta property=\"article:modified_time\" content=\"2023-03-10T14:08:48+00:00\" \/>\n<meta property=\"og:image\" content=\"https:\/\/www.comll.cat\/es\/wp-content\/uploads\/sites\/3\/curs-tic.png\" \/>\n\t<meta property=\"og:image:width\" content=\"320\" \/>\n\t<meta property=\"og:image:height\" content=\"180\" \/>\n\t<meta property=\"og:image:type\" content=\"image\/png\" \/>\n<meta name=\"twitter:card\" content=\"summary_large_image\" \/>\n<script type=\"application\/ld+json\" class=\"yoast-schema-graph\">{\"@context\":\"https:\\\/\\\/schema.org\",\"@graph\":[{\"@type\":\"WebPage\",\"@id\":\"https:\\\/\\\/www.comll.cat\\\/es\\\/agenda\\\/curso-herramientas-basicas-en-informatica\\\/2023-03-28\\\/\",\"url\":\"https:\\\/\\\/www.comll.cat\\\/es\\\/agenda\\\/curso-herramientas-basicas-en-informatica\\\/2023-03-28\\\/\",\"name\":\"CURSO Herramientas b\u00e1sicas en inform\u00e1tica - Col\u00b7legi Oficial de Metges de Lleida\",\"isPartOf\":{\"@id\":\"https:\\\/\\\/www.comll.cat\\\/es\\\/#website\"},\"primaryImageOfPage\":{\"@id\":\"https:\\\/\\\/www.comll.cat\\\/es\\\/agenda\\\/curso-herramientas-basicas-en-informatica\\\/2023-03-28\\\/#primaryimage\"},\"image\":{\"@id\":\"https:\\\/\\\/www.comll.cat\\\/es\\\/agenda\\\/curso-herramientas-basicas-en-informatica\\\/2023-03-28\\\/#primaryimage\"},\"thumbnailUrl\":\"https:\\\/\\\/www.comll.cat\\\/es\\\/wp-content\\\/uploads\\\/sites\\\/3\\\/curs-tic.png\",\"datePublished\":\"2023-03-09T12:43:13+00:00\",\"dateModified\":\"2023-03-10T14:08:48+00:00\",\"breadcrumb\":{\"@id\":\"https:\\\/\\\/www.comll.cat\\\/es\\\/agenda\\\/curso-herramientas-basicas-en-informatica\\\/2023-03-28\\\/#breadcrumb\"},\"inLanguage\":\"es\",\"potentialAction\":[{\"@type\":\"ReadAction\",\"target\":[\"https:\\\/\\\/www.comll.cat\\\/es\\\/agenda\\\/curso-herramientas-basicas-en-informatica\\\/2023-03-28\\\/\"]}]},{\"@type\":\"ImageObject\",\"inLanguage\":\"es\",\"@id\":\"https:\\\/\\\/www.comll.cat\\\/es\\\/agenda\\\/curso-herramientas-basicas-en-informatica\\\/2023-03-28\\\/#primaryimage\",\"url\":\"https:\\\/\\\/www.comll.cat\\\/es\\\/wp-content\\\/uploads\\\/sites\\\/3\\\/curs-tic.png\",\"contentUrl\":\"https:\\\/\\\/www.comll.cat\\\/es\\\/wp-content\\\/uploads\\\/sites\\\/3\\\/curs-tic.png\",\"width\":320,\"height\":180},{\"@type\":\"BreadcrumbList\",\"@id\":\"https:\\\/\\\/www.comll.cat\\\/es\\\/agenda\\\/curso-herramientas-basicas-en-informatica\\\/2023-03-28\\\/#breadcrumb\",\"itemListElement\":[{\"@type\":\"ListItem\",\"position\":1,\"name\":\"Portada\",\"item\":\"https:\\\/\\\/www.comll.cat\\\/es\\\/\"},{\"@type\":\"ListItem\",\"position\":2,\"name\":\"Eventos\",\"item\":\"https:\\\/\\\/www.comll.cat\\\/es\\\/agenda-c\\\/\"},{\"@type\":\"ListItem\",\"position\":3,\"name\":\"CURSO Herramientas b\u00e1sicas en inform\u00e1tica\"}]},{\"@type\":\"WebSite\",\"@id\":\"https:\\\/\\\/www.comll.cat\\\/es\\\/#website\",\"url\":\"https:\\\/\\\/www.comll.cat\\\/es\\\/\",\"name\":\"Col\u00b7legi Oficial de Metges de Lleida\",\"description\":\"COMLL\",\"potentialAction\":[{\"@type\":\"SearchAction\",\"target\":{\"@type\":\"EntryPoint\",\"urlTemplate\":\"https:\\\/\\\/www.comll.cat\\\/es\\\/?s={search_term_string}\"},\"query-input\":{\"@type\":\"PropertyValueSpecification\",\"valueRequired\":true,\"valueName\":\"search_term_string\"}}],\"inLanguage\":\"es\"}]}<\/script>\n<!-- \/ Yoast SEO plugin. -->","yoast_head_json":{"title":"CURSO Herramientas b\u00e1sicas en inform\u00e1tica - Col\u00b7legi Oficial de Metges de Lleida","robots":{"index":"index","follow":"follow","max-snippet":"max-snippet:-1","max-image-preview":"max-image-preview:large","max-video-preview":"max-video-preview:-1"},"canonical":"https:\/\/www.comll.cat\/es\/agenda\/curso-herramientas-basicas-en-informatica\/2023-03-28\/","og_locale":"es_ES","og_type":"article","og_title":"CURSO Herramientas b\u00e1sicas en inform\u00e1tica - Col\u00b7legi Oficial de Metges de Lleida","og_description":"El curso se centrar\u00e1 tanto en dispositivos m\u00f3viles, tablets y ordenadores, y ser\u00e1 aplicable tanto al \u00e1mbito personal como laboral....","og_url":"https:\/\/www.comll.cat\/es\/agenda\/curso-herramientas-basicas-en-informatica\/2023-03-28\/","og_site_name":"Col\u00b7legi Oficial de Metges de Lleida","article_modified_time":"2023-03-10T14:08:48+00:00","og_image":[{"width":320,"height":180,"url":"https:\/\/www.comll.cat\/es\/wp-content\/uploads\/sites\/3\/curs-tic.png","type":"image\/png"}],"twitter_card":"summary_large_image","schema":{"@context":"https:\/\/schema.org","@graph":[{"@type":"WebPage","@id":"https:\/\/www.comll.cat\/es\/agenda\/curso-herramientas-basicas-en-informatica\/2023-03-28\/","url":"https:\/\/www.comll.cat\/es\/agenda\/curso-herramientas-basicas-en-informatica\/2023-03-28\/","name":"CURSO Herramientas b\u00e1sicas en inform\u00e1tica - Col\u00b7legi Oficial de Metges de Lleida","isPartOf":{"@id":"https:\/\/www.comll.cat\/es\/#website"},"primaryImageOfPage":{"@id":"https:\/\/www.comll.cat\/es\/agenda\/curso-herramientas-basicas-en-informatica\/2023-03-28\/#primaryimage"},"image":{"@id":"https:\/\/www.comll.cat\/es\/agenda\/curso-herramientas-basicas-en-informatica\/2023-03-28\/#primaryimage"},"thumbnailUrl":"https:\/\/www.comll.cat\/es\/wp-content\/uploads\/sites\/3\/curs-tic.png","datePublished":"2023-03-09T12:43:13+00:00","dateModified":"2023-03-10T14:08:48+00:00","breadcrumb":{"@id":"https:\/\/www.comll.cat\/es\/agenda\/curso-herramientas-basicas-en-informatica\/2023-03-28\/#breadcrumb"},"inLanguage":"es","potentialAction":[{"@type":"ReadAction","target":["https:\/\/www.comll.cat\/es\/agenda\/curso-herramientas-basicas-en-informatica\/2023-03-28\/"]}]},{"@type":"ImageObject","inLanguage":"es","@id":"https:\/\/www.comll.cat\/es\/agenda\/curso-herramientas-basicas-en-informatica\/2023-03-28\/#primaryimage","url":"https:\/\/www.comll.cat\/es\/wp-content\/uploads\/sites\/3\/curs-tic.png","contentUrl":"https:\/\/www.comll.cat\/es\/wp-content\/uploads\/sites\/3\/curs-tic.png","width":320,"height":180},{"@type":"BreadcrumbList","@id":"https:\/\/www.comll.cat\/es\/agenda\/curso-herramientas-basicas-en-informatica\/2023-03-28\/#breadcrumb","itemListElement":[{"@type":"ListItem","position":1,"name":"Portada","item":"https:\/\/www.comll.cat\/es\/"},{"@type":"ListItem","position":2,"name":"Eventos","item":"https:\/\/www.comll.cat\/es\/agenda-c\/"},{"@type":"ListItem","position":3,"name":"CURSO Herramientas b\u00e1sicas en inform\u00e1tica"}]},{"@type":"WebSite","@id":"https:\/\/www.comll.cat\/es\/#website","url":"https:\/\/www.comll.cat\/es\/","name":"Col\u00b7legi Oficial de Metges de Lleida","description":"COMLL","potentialAction":[{"@type":"SearchAction","target":{"@type":"EntryPoint","urlTemplate":"https:\/\/www.comll.cat\/es\/?s={search_term_string}"},"query-input":{"@type":"PropertyValueSpecification","valueRequired":true,"valueName":"search_term_string"}}],"inLanguage":"es"}]}},"publishpress_future_workflow_manual_trigger":{"enabledWorkflows":[]},"_links":{"self":[{"href":"https:\/\/www.comll.cat\/es\/wp-json\/wp\/v2\/tribe_events\/10000277","targetHints":{"allow":["GET"]}}],"collection":[{"href":"https:\/\/www.comll.cat\/es\/wp-json\/wp\/v2\/tribe_events"}],"about":[{"href":"https:\/\/www.comll.cat\/es\/wp-json\/wp\/v2\/types\/tribe_events"}],"author":[{"embeddable":true,"href":"https:\/\/www.comll.cat\/es\/wp-json\/wp\/v2\/users\/4"}],"version-history":[{"count":0,"href":"https:\/\/www.comll.cat\/es\/wp-json\/wp\/v2\/tribe_events\/10000277\/revisions"}],"wp:featuredmedia":[{"embeddable":true,"href":"https:\/\/www.comll.cat\/es\/wp-json\/wp\/v2\/media\/7095"}],"wp:attachment":[{"href":"https:\/\/www.comll.cat\/es\/wp-json\/wp\/v2\/media?parent=10000277"}],"wp:term":[{"taxonomy":"post_tag","embeddable":true,"href":"https:\/\/www.comll.cat\/es\/wp-json\/wp\/v2\/tags?post=10000277"},{"taxonomy":"tribe_events_cat","embeddable":true,"href":"https:\/\/www.comll.cat\/es\/wp-json\/wp\/v2\/tribe_events_cat?post=10000277"}],"curies":[{"name":"wp","href":"https:\/\/api.w.org\/{rel}","templated":true}]}}

CURSO Herramientas básicas en informática

<p>El curso se centrará tanto en dispositivos móviles, tablets y ordenadores, y será aplicable tanto al ámbito personal como laboral.</p>
<p>Formación dirigida exclusivamente a colegiados del COMLL. Puede consultar el programa <a href="https://www.comll.cat/wp-content/uploads/dossier-formacio-tic.pdf"><strong>aquí.</strong></a></p>
<p><strong>Modalidad Curso</strong>: Presencial</p>
<p><strong>Duración</strong>: 8 horas</p>
<p><strong>Fechas</strong>: 20, 21, 27 y 28 de Marzo de 2023, de 16 a 18 horas</p>
<p><strong>Plazas</strong>: mínimo 10 asistentes, máximo 15. El grupo podrà ser de máximo 15 personas para que el docente pueda atender todas las necesidades con la máxima eficiencia.</p>
<p><strong>Precio matrícula</strong>: 30 €</p>
<p><strong>Fecha límite inscripción</strong>: 17/03/2023</p>
<p><strong>Ubicación</strong>: Sede del COMLL</p>
<p>⊕ <a href="https://lleida.gescol.org/app/inicio/index.aspx">Inscripción Colegiados</a>  (Apartado Formación de la Ventanilla Única)</p>

<p>El curso se centrará tanto en dispositivos móviles, tablets y ordenadores, y será aplicable tanto al ámbito personal como laboral....</p>

<!-- This site is optimized with the Yoast SEO plugin v27.5 - https://yoast.com/product/yoast-seo-wordpress/ -->
<title>CURSO Herramientas básicas en informática - Col·legi Oficial de Metges de Lleida</title>
<meta name="robots" content="index, follow, max-snippet:-1, max-image-preview:large, max-video-preview:-1" />
<link rel="canonical" href="https://www.comll.cat/es/agenda/curso-herramientas-basicas-en-informatica/2023-03-28/" />
<meta property="og:locale" content="es_ES" />
<meta property="og:type" content="article" />
<meta property="og:title" content="CURSO Herramientas básicas en informática - Col·legi Oficial de Metges de Lleida" />
<meta property="og:description" content="El curso se centrará tanto en dispositivos móviles, tablets y ordenadores, y será aplicable tanto al ámbito personal como laboral...." />
<meta property="og:url" content="https://www.comll.cat/es/agenda/curso-herramientas-basicas-en-informatica/2023-03-28/" />
<meta property="og:site_name" content="Col·legi Oficial de Metges de Lleida" />
<meta property="article:modified_time" content="2023-03-10T14:08:48+00:00" />
<meta property="og:image" content="https://www.comll.cat/es/wp-content/uploads/sites/3/curs-tic.png" />
	<meta property="og:image:width" content="320" />
	<meta property="og:image:height" content="180" />
	<meta property="og:image:type" content="image/png" />
<meta name="twitter:card" content="summary_large_image" />
<script type="application/ld+json" class="yoast-schema-graph">{"@context":"https:\/\/schema.org","@graph":[{"@type":"WebPage","@id":"https:\/\/www.comll.cat\/es\/agenda\/curso-herramientas-basicas-en-informatica\/2023-03-28\/","url":"https:\/\/www.comll.cat\/es\/agenda\/curso-herramientas-basicas-en-informatica\/2023-03-28\/","name":"CURSO Herramientas básicas en informática - Col·legi Oficial de Metges de Lleida","isPartOf":{"@id":"https:\/\/www.comll.cat\/es\/#website"},"primaryImageOfPage":{"@id":"https:\/\/www.comll.cat\/es\/agenda\/curso-herramientas-basicas-en-informatica\/2023-03-28\/#primaryimage"},"image":{"@id":"https:\/\/www.comll.cat\/es\/agenda\/curso-herramientas-basicas-en-informatica\/2023-03-28\/#primaryimage"},"thumbnailUrl":"https:\/\/www.comll.cat\/es\/wp-content\/uploads\/sites\/3\/curs-tic.png","datePublished":"2023-03-09T12:43:13+00:00","dateModified":"2023-03-10T14:08:48+00:00","breadcrumb":{"@id":"https:\/\/www.comll.cat\/es\/agenda\/curso-herramientas-basicas-en-informatica\/2023-03-28\/#breadcrumb"},"inLanguage":"es","potentialAction":[{"@type":"ReadAction","target":["https:\/\/www.comll.cat\/es\/agenda\/curso-herramientas-basicas-en-informatica\/2023-03-28\/"]}]},{"@type":"ImageObject","inLanguage":"es","@id":"https:\/\/www.comll.cat\/es\/agenda\/curso-herramientas-basicas-en-informatica\/2023-03-28\/#primaryimage","url":"https:\/\/www.comll.cat\/es\/wp-content\/uploads\/sites\/3\/curs-tic.png","contentUrl":"https:\/\/www.comll.cat\/es\/wp-content\/uploads\/sites\/3\/curs-tic.png","width":320,"height":180},{"@type":"BreadcrumbList","@id":"https:\/\/www.comll.cat\/es\/agenda\/curso-herramientas-basicas-en-informatica\/2023-03-28\/#breadcrumb","itemListElement":[{"@type":"ListItem","position":1,"name":"Portada","item":"https:\/\/www.comll.cat\/es\/"},{"@type":"ListItem","position":2,"name":"Eventos","item":"https:\/\/www.comll.cat\/es\/agenda-c\/"},{"@type":"ListItem","position":3,"name":"CURSO Herramientas básicas en informática"}]},{"@type":"WebSite","@id":"https:\/\/www.comll.cat\/es\/#website","url":"https:\/\/www.comll.cat\/es\/","name":"Col·legi Oficial de Metges de Lleida","description":"COMLL","potentialAction":[{"@type":"SearchAction","target":{"@type":"EntryPoint","urlTemplate":"https:\/\/www.comll.cat\/es\/?s={search_term_string}"},"query-input":{"@type":"PropertyValueSpecification","valueRequired":true,"valueName":"search_term_string"}}],"inLanguage":"es"}]}</script>
<!-- / Yoast SEO plugin. -->

CURSO Herramientas básicas en informática - Col·legi Oficial de Metges de Lleida

El curso se centrará tanto en dispositivos móviles, tablets y ordenadores, y será aplicable tanto al ámbito personal como laboral....
